{"id":2597,"date":"2022-07-24T13:30:58","date_gmt":"2022-07-24T11:30:58","guid":{"rendered":"https:\/\/leaderschool.sellision.dev\/srem\/?page_id=2597"},"modified":"2023-10-06T08:05:49","modified_gmt":"2023-10-06T06:05:49","slug":"inne-jezyki","status":"publish","type":"page","link":"https:\/\/leaderschool.pl\/srem\/inne-jezyki\/","title":{"rendered":"Inne j\u0119zyki"},"content":{"rendered":"\n<p><a href=\"https:\/\/leaderschool.pl\/srem\/\">https:\/\/leaderschool.pl\/srem\/<\/a>Leader School \u015arem to nie tylko kursy j\u0119zyka angielskiego! W naszej szkole mo\u017cesz r\u00f3wnie\u017c uczestniczy\u0107 w kursach, na kt\u00f3rych poznasz inne j\u0119zyki obce na r\u00f3\u017cnych, dostosowanych do Twoich wymaga\u0144 poziomach.&nbsp;<\/p>\n\n\n\n<figure class=\"wp-block-image size-large\"><img loading=\"lazy\" width=\"1024\" height=\"682\" src=\"data:image\/gif;base64,R0lGODlhAQABAAAAACH5BAEKAAEALAAAAAABAAEAAAICTAEAOw==\" alt=\"\" class=\"wp-image-2598 lazyload\" sizes=\"(max-width: 1024px) 100vw, 1024px\" data-src=\"https:\/\/leaderschool.sellision.dev\/srem\/wp-content\/uploads\/sites\/42\/2022\/07\/2021-09-16-09-19-28-1-1024x682.jpg\" data-srcset=\"https:\/\/leaderschool.pl\/srem\/wp-content\/uploads\/sites\/42\/2022\/07\/2021-09-16-09-19-28-1-1024x682.jpg 1024w, https:\/\/leaderschool.pl\/srem\/wp-content\/uploads\/sites\/42\/2022\/07\/2021-09-16-09-19-28-1-300x200.jpg 300w, https:\/\/leaderschool.pl\/srem\/wp-content\/uploads\/sites\/42\/2022\/07\/2021-09-16-09-19-28-1-768x512.jpg 768w, https:\/\/leaderschool.pl\/srem\/wp-content\/uploads\/sites\/42\/2022\/07\/2021-09-16-09-19-28-1-1536x1024.jpg 1536w, https:\/\/leaderschool.pl\/srem\/wp-content\/uploads\/sites\/42\/2022\/07\/2021-09-16-09-19-28-1-2048x1365.jpg 2048w\"><\/figure>\n\n\n\n<h2>Jakie kursy j\u0119zykowe s\u0105 dost\u0119pne w naszej ofercie?<strong><\/strong><\/h2>\n\n\n\n<p>Wiele zaj\u0119\u0107 prowadzonych w ramach Leader School w \u015aremie to kursy angielskiego, ale w murach naszej szko\u0142y mo\u017cesz r\u00f3wnie\u017c uczy\u0107 si\u0119 innych j\u0119zyk\u00f3w. Jakich? W ramach naszych zaj\u0119\u0107 prowadzimy r\u00f3wnie\u017c lekcje z j\u0119zyk\u00f3w, takich jak:<\/p>\n\n\n\n<ul><li>niemiecki,<\/li><li>hiszpa\u0144ski,<\/li><li>rosyjski,<\/li><li>francuski,<\/li><li>polski.<\/li><\/ul>\n\n\n\n<h2>Do kogo skierowane s\u0105 nasze kursy j\u0119zykowe w \u015aremie?<\/h2>\n\n\n\n<p>Czy kursy j\u0119zykowe w Leader School w \u015aremie mog\u0105 spe\u0142ni\u0107 Twoje oczekiwania? Skontaktuj si\u0119 z nami, je\u015bli:<\/p>\n\n\n\n<ul><li>pr\u00f3bowa\u0142e\u015b ju\u017c wielu metod nauki j\u0119zyk\u00f3w, ale \u017cadna nie przynios\u0142a oczekiwanych efekt\u00f3w;<\/li><li>chcesz nauczy\u0107 si\u0119 swobodnie komunikowa\u0107 po angielsku, niemiecku, hiszpa\u0144sku, rosyjsku, francusku lub polsku, ale dotychczas brakowa\u0142o Ci systematyczno\u015bci w nauce;<\/li><li>blokada j\u0119zykowa nie pozwala Ci rozmawia\u0107 w obcym j\u0119zyku, ale czytaj\u0105c lub s\u0142uchaj\u0105c, rozumiesz bardzo du\u017co;<\/li><li>chcesz uczy\u0107 si\u0119, korzystaj\u0105c z ciekawych i inspiruj\u0105cych materia\u0142\u00f3w, kt\u00f3re zach\u0119c\u0105 Ci\u0119 do powtarzania materia\u0142u w warunkach domowych;<\/li><li>chcesz jak najlepiej zda\u0107 egzamin maturalny lub jeden z mi\u0119dzynarodowych egzaminow (TELC, FCE i CAE);<\/li><li>szukasz szko\u0142y, kt\u00f3ra metody nauczania dopasuje bezpo\u015brednio do Twoich mo\u017cliwo\u015bci i potrzeb.&nbsp;<\/li><\/ul>\n\n\n\n<h2>Dlaczego warto uczy\u0107 si\u0119 j\u0119zyk\u00f3w w Leader School \u015arem<strong><\/strong><\/h2>\n\n\n\n<p>Z oferty naszej szko\u0142y j\u0119zykowej mog\u0105 korzysta\u0107 zar\u00f3wno dzieci, jak i doro\u015bli. Prowadzimy zaj\u0119cia dostosowane do grup wiekowych oraz mo\u017cliwo\u015bci i poziomu os\u00f3b uczestnicz\u0105cych w kursach. Proponujemy zar\u00f3wno zaj\u0119cia grupowe, jak i indywidualne.<\/p>\n\n\n\n<p>Wiemy, \u017ce nauka j\u0119zyka obcego musi by\u0107 ciekawa, by by\u0142a skuteczna. W\u0142a\u015bnie dlatego korzystamy ze sprawdzonych metod nauczania opartych na zr\u00f3\u017cnicowanych materia\u0142ach dydaktycznych. Ciekawy program sprawia, \u017ce nasi kursanci, zar\u00f3wno ci m\u0142odsi, jak i starsi, ch\u0119tnie przychodz\u0105 na zaj\u0119cia z lektorem oraz utrwalaj\u0105 materia\u0142 poza lekcjami.&nbsp;<\/p>\n\n\n\n<p>Chcesz nauczy\u0107 si\u0119 zupe\u0142nie nowego j\u0119zyka obcego, ale nie wiesz, od czego zacz\u0105\u0107? Zapisz si\u0119 na kurs dla pocz\u0105tkuj\u0105cych. Na naszych zaj\u0119ciach poznasz niezb\u0119dne podstawy, kt\u00f3re pozwol\u0105 Ci na samodzielne pog\u0142\u0119bianie wiedzy lub umo\u017cliwi\u0105 przej\u015bcie do kolejnego etapu nauczania w naszej szkole. Zapisuj\u0105c si\u0119 na zaj\u0119cia grupowe, spotkasz si\u0119 z osobami, kt\u00f3re r\u00f3wnie\u017c dopiero zaczynaj\u0105 poznawa\u0107 zupe\u0142nie nowy dla siebie j\u0119zyk, dzi\u0119ki czemu pocz\u0105tki nie b\u0119d\u0105 dla Ciebie w \u017caden spos\u00f3b kr\u0119puj\u0105ce. Atmosfera podczas lekcji jest bardzo lu\u017ana i przyjazna, dzi\u0119ki czemu nauka jest przyjemniejsza i \u0142atwiejsza.<\/p>\n\n\n\n<h2>Co opr\u00f3cz kurs\u00f3w j\u0119zykowych?<strong><\/strong><\/h2>\n\n\n\n<p>Zr\u00f3\u017cnicowana oferta kurs\u00f3w j\u0119zykowych to nie wszystko. W naszej ofercie znajduj\u0105 si\u0119 r\u00f3wnie\u017c specjalne zaj\u0119cia dla dzieci w wieku szkolnym, kt\u00f3re wspomagaj\u0105 szybk\u0105 i efektywn\u0105 nauk\u0119. Wiedza zdobyta podczas tego rodzaju zaj\u0119\u0107 pomaga nie tylko podczas szkolnych lekcji, ale mo\u017ce by\u0107 r\u00f3wnie\u017c pomocna w przysz\u0142o\u015bci, gdy dziecko zdecyduje si\u0119 na nauk\u0119 nowego j\u0119zyka obcego.<\/p>\n","protected":false},"excerpt":{"rendered":"<p>https:\/\/leaderschool.pl\/srem\/Leader School \u015arem to nie tylko kursy j\u0119zyka angielskiego! W naszej szkole mo\u017cesz r\u00f3wnie\u017c uczestniczy\u0107 w kursach, na kt\u00f3rych poznasz inne j\u0119zyki obce na r\u00f3\u017cnych, dostosowanych do Twoich wymaga\u0144 poziomach.&nbsp; Jakie kursy j\u0119zykowe s\u0105 dost\u0119pne w naszej ofercie? Wiele zaj\u0119\u0107 prowadzonych w ramach Leader School w \u015aremie to kursy angielskiego, ale w murach naszej szko\u0142y [&hellip;]<\/p>\n","protected":false},"author":3,"featured_media":0,"parent":0,"menu_order":0,"comment_status":"closed","ping_status":"closed","template":"","meta":{"ngg_post_thumbnail":0},"acf":[],"yoast_head":"<!-- This site is optimized with the Yoast SEO plugin v18.9 - https:\/\/yoast.com\/wordpress\/plugins\/seo\/ -->\n<title>Inne kursy j\u0119zykowe Szko\u0142a j\u0119zykowa w \u015aremie - Leader School<\/title>\n<meta name=\"description\" content=\"Chcesz zacz\u0105\u0107 nauk\u0119 j\u0119zyka niemieckiego, hiszpa\u0144skiego, francuskiego lub innych? Wejd\u017a i sprawd\u017a ofert\u0119 szko\u0142y j\u0119zykowej Leader School \u015arem.\" \/>\n<meta name=\"robots\" content=\"index, follow, max-snippet:-1, max-image-preview:large, max-video-preview:-1\" \/>\n<link rel=\"canonical\" href=\"https:\/\/leaderschool.pl\/srem\/inne-jezyki\/\" \/>\n<meta property=\"og:locale\" content=\"pl_PL\" \/>\n<meta property=\"og:type\" content=\"article\" \/>\n<meta property=\"og:title\" content=\"Inne kursy j\u0119zykowe Szko\u0142a j\u0119zykowa w \u015aremie - Leader School\" \/>\n<meta property=\"og:description\" content=\"Chcesz zacz\u0105\u0107 nauk\u0119 j\u0119zyka niemieckiego, hiszpa\u0144skiego, francuskiego lub innych? Wejd\u017a i sprawd\u017a ofert\u0119 szko\u0142y j\u0119zykowej Leader School \u015arem.\" \/>\n<meta property=\"og:url\" content=\"https:\/\/leaderschool.pl\/srem\/inne-jezyki\/\" \/>\n<meta property=\"og:site_name\" content=\"Szko\u0142a j\u0119zykowa w \u015aremie - Leader School\" \/>\n<meta property=\"article:modified_time\" content=\"2023-10-06T06:05:49+00:00\" \/>\n<meta property=\"og:image\" content=\"https:\/\/leaderschool.sellision.dev\/srem\/wp-content\/uploads\/sites\/42\/2022\/07\/2021-09-16-09-19-28-1-1024x682.jpg\" \/>\n<meta name=\"twitter:card\" content=\"summary_large_image\" \/>\n<meta name=\"twitter:label1\" content=\"Szacowany czas czytania\" \/>\n\t<meta name=\"twitter:data1\" content=\"3 minuty\" \/>\n<script type=\"application\/ld+json\" class=\"yoast-schema-graph\">{\"@context\":\"https:\/\/schema.org\",\"@graph\":[{\"@type\":\"WebSite\",\"@id\":\"https:\/\/leaderschool.pl\/srem\/#website\",\"url\":\"https:\/\/leaderschool.pl\/srem\/\",\"name\":\"Szko\u0142a j\u0119zykowa w \u015aremie - Leader School\",\"description\":\"\",\"potentialAction\":[{\"@type\":\"SearchAction\",\"target\":{\"@type\":\"EntryPoint\",\"urlTemplate\":\"https:\/\/leaderschool.pl\/srem\/?s={search_term_string}\"},\"query-input\":\"required name=search_term_string\"}],\"inLanguage\":\"pl-PL\"},{\"@type\":\"ImageObject\",\"inLanguage\":\"pl-PL\",\"@id\":\"https:\/\/leaderschool.pl\/srem\/inne-jezyki\/#primaryimage\",\"url\":\"https:\/\/leaderschool.sellision.dev\/srem\/wp-content\/uploads\/sites\/42\/2022\/07\/2021-09-16-09-19-28-1-1024x682.jpg\",\"contentUrl\":\"https:\/\/leaderschool.sellision.dev\/srem\/wp-content\/uploads\/sites\/42\/2022\/07\/2021-09-16-09-19-28-1-1024x682.jpg\"},{\"@type\":\"WebPage\",\"@id\":\"https:\/\/leaderschool.pl\/srem\/inne-jezyki\/#webpage\",\"url\":\"https:\/\/leaderschool.pl\/srem\/inne-jezyki\/\",\"name\":\"Inne kursy j\u0119zykowe Szko\u0142a j\u0119zykowa w \u015aremie - Leader School\",\"isPartOf\":{\"@id\":\"https:\/\/leaderschool.pl\/srem\/#website\"},\"primaryImageOfPage\":{\"@id\":\"https:\/\/leaderschool.pl\/srem\/inne-jezyki\/#primaryimage\"},\"datePublished\":\"2022-07-24T11:30:58+00:00\",\"dateModified\":\"2023-10-06T06:05:49+00:00\",\"description\":\"Chcesz zacz\u0105\u0107 nauk\u0119 j\u0119zyka niemieckiego, hiszpa\u0144skiego, francuskiego lub innych? Wejd\u017a i sprawd\u017a ofert\u0119 szko\u0142y j\u0119zykowej Leader School \u015arem.\",\"breadcrumb\":{\"@id\":\"https:\/\/leaderschool.pl\/srem\/inne-jezyki\/#breadcrumb\"},\"inLanguage\":\"pl-PL\",\"potentialAction\":[{\"@type\":\"ReadAction\",\"target\":[\"https:\/\/leaderschool.pl\/srem\/inne-jezyki\/\"]}]},{\"@type\":\"BreadcrumbList\",\"@id\":\"https:\/\/leaderschool.pl\/srem\/inne-jezyki\/#breadcrumb\",\"itemListElement\":[{\"@type\":\"ListItem\",\"position\":1,\"name\":\"Home\",\"item\":\"https:\/\/leaderschool.pl\/srem\/\"},{\"@type\":\"ListItem\",\"position\":2,\"name\":\"Inne j\u0119zyki\"}]}]}<\/script>\n<!-- \/ Yoast SEO plugin. -->","yoast_head_json":{"title":"Inne kursy j\u0119zykowe Szko\u0142a j\u0119zykowa w \u015aremie - Leader School","description":"Chcesz zacz\u0105\u0107 nauk\u0119 j\u0119zyka niemieckiego, hiszpa\u0144skiego, francuskiego lub innych? Wejd\u017a i sprawd\u017a ofert\u0119 szko\u0142y j\u0119zykowej Leader School \u015arem.","robots":{"index":"index","follow":"follow","max-snippet":"max-snippet:-1","max-image-preview":"max-image-preview:large","max-video-preview":"max-video-preview:-1"},"canonical":"https:\/\/leaderschool.pl\/srem\/inne-jezyki\/","og_locale":"pl_PL","og_type":"article","og_title":"Inne kursy j\u0119zykowe Szko\u0142a j\u0119zykowa w \u015aremie - Leader School","og_description":"Chcesz zacz\u0105\u0107 nauk\u0119 j\u0119zyka niemieckiego, hiszpa\u0144skiego, francuskiego lub innych? Wejd\u017a i sprawd\u017a ofert\u0119 szko\u0142y j\u0119zykowej Leader School \u015arem.","og_url":"https:\/\/leaderschool.pl\/srem\/inne-jezyki\/","og_site_name":"Szko\u0142a j\u0119zykowa w \u015aremie - Leader School","article_modified_time":"2023-10-06T06:05:49+00:00","og_image":[{"url":"https:\/\/leaderschool.sellision.dev\/srem\/wp-content\/uploads\/sites\/42\/2022\/07\/2021-09-16-09-19-28-1-1024x682.jpg"}],"twitter_card":"summary_large_image","twitter_misc":{"Szacowany czas czytania":"3 minuty"},"schema":{"@context":"https:\/\/schema.org","@graph":[{"@type":"WebSite","@id":"https:\/\/leaderschool.pl\/srem\/#website","url":"https:\/\/leaderschool.pl\/srem\/","name":"Szko\u0142a j\u0119zykowa w \u015aremie - Leader School","description":"","potentialAction":[{"@type":"SearchAction","target":{"@type":"EntryPoint","urlTemplate":"https:\/\/leaderschool.pl\/srem\/?s={search_term_string}"},"query-input":"required name=search_term_string"}],"inLanguage":"pl-PL"},{"@type":"ImageObject","inLanguage":"pl-PL","@id":"https:\/\/leaderschool.pl\/srem\/inne-jezyki\/#primaryimage","url":"https:\/\/leaderschool.sellision.dev\/srem\/wp-content\/uploads\/sites\/42\/2022\/07\/2021-09-16-09-19-28-1-1024x682.jpg","contentUrl":"https:\/\/leaderschool.sellision.dev\/srem\/wp-content\/uploads\/sites\/42\/2022\/07\/2021-09-16-09-19-28-1-1024x682.jpg"},{"@type":"WebPage","@id":"https:\/\/leaderschool.pl\/srem\/inne-jezyki\/#webpage","url":"https:\/\/leaderschool.pl\/srem\/inne-jezyki\/","name":"Inne kursy j\u0119zykowe Szko\u0142a j\u0119zykowa w \u015aremie - Leader School","isPartOf":{"@id":"https:\/\/leaderschool.pl\/srem\/#website"},"primaryImageOfPage":{"@id":"https:\/\/leaderschool.pl\/srem\/inne-jezyki\/#primaryimage"},"datePublished":"2022-07-24T11:30:58+00:00","dateModified":"2023-10-06T06:05:49+00:00","description":"Chcesz zacz\u0105\u0107 nauk\u0119 j\u0119zyka niemieckiego, hiszpa\u0144skiego, francuskiego lub innych? Wejd\u017a i sprawd\u017a ofert\u0119 szko\u0142y j\u0119zykowej Leader School \u015arem.","breadcrumb":{"@id":"https:\/\/leaderschool.pl\/srem\/inne-jezyki\/#breadcrumb"},"inLanguage":"pl-PL","potentialAction":[{"@type":"ReadAction","target":["https:\/\/leaderschool.pl\/srem\/inne-jezyki\/"]}]},{"@type":"BreadcrumbList","@id":"https:\/\/leaderschool.pl\/srem\/inne-jezyki\/#breadcrumb","itemListElement":[{"@type":"ListItem","position":1,"name":"Home","item":"https:\/\/leaderschool.pl\/srem\/"},{"@type":"ListItem","position":2,"name":"Inne j\u0119zyki"}]}]}},"_links":{"self":[{"href":"https:\/\/leaderschool.pl\/srem\/wp-json\/wp\/v2\/pages\/2597"}],"collection":[{"href":"https:\/\/leaderschool.pl\/srem\/wp-json\/wp\/v2\/pages"}],"about":[{"href":"https:\/\/leaderschool.pl\/srem\/wp-json\/wp\/v2\/types\/page"}],"author":[{"embeddable":true,"href":"https:\/\/leaderschool.pl\/srem\/wp-json\/wp\/v2\/users\/3"}],"replies":[{"embeddable":true,"href":"https:\/\/leaderschool.pl\/srem\/wp-json\/wp\/v2\/comments?post=2597"}],"version-history":[{"count":6,"href":"https:\/\/leaderschool.pl\/srem\/wp-json\/wp\/v2\/pages\/2597\/revisions"}],"predecessor-version":[{"id":2750,"href":"https:\/\/leaderschool.pl\/srem\/wp-json\/wp\/v2\/pages\/2597\/revisions\/2750"}],"wp:attachment":[{"href":"https:\/\/leaderschool.pl\/srem\/wp-json\/wp\/v2\/media?parent=2597"}],"curies":[{"name":"wp","href":"https:\/\/api.w.org\/{rel}","templated":true}]}}