{"id":2598,"date":"2022-07-24T18:56:06","date_gmt":"2022-07-24T16:56:06","guid":{"rendered":"https:\/\/leaderschool.sellision.dev\/slomniki\/?page_id=2598"},"modified":"2022-07-24T18:56:07","modified_gmt":"2022-07-24T16:56:07","slug":"wypozyczalnia-strojow-dla-dzieci","status":"publish","type":"page","link":"https:\/\/leaderschool.pl\/slomniki\/wypozyczalnia-strojow-dla-dzieci\/","title":{"rendered":"Wypo\u017cyczalnia stroj\u00f3w dla dzieci"},"content":{"rendered":"\n<h2>Oferta wypo\u017cyczalni.<\/h2>\n\n\n\n<p>Specjalnie dla Pa\u0144stwa potrzeb przygotowali\u015bmy bogat\u0105 ofert\u0119 kostium\u00f3w dobranych tak, aby ka\u017cdy m\u00f3g\u0142 znale\u017a\u0107 przebranie idealnie dopasowane do jego gustu oraz okoliczno\u015bci. Dodatkowo nasze zasoby, stale powi\u0119kszane s\u0105 o nowe pozycje, zgodnie z oczekiwaniami i sugestiami Klient\u00f3w.<\/p>\n\n\n\n<p>Prezentowane stroje stanowi\u0105 tylko niewielk\u0105 cz\u0119\u015b\u0107 naszej oferty!<br>Skontaktuj si\u0119 z nami lub odwied\u017a nasz\u0105 wypo\u017cyczalni\u0119 aby pozna\u0107 pe\u0142n\u0105 ofert\u0119 stroj\u00f3w.<\/p>\n\n\n\n<ul><li>Serdecznie zapraszamy do naszej wypo\u017cyczalni stroj\u00f3w Dreamlandia!<br>Znajdziecie Pa\u0144stwo tu wysokiej jako\u015bci stroje (zar\u00f3wno dla doros\u0142ych, jak i dla dzieci) na wszystkie mo\u017cliwe okazje:Bale karnawa\u0142owe;<br>Imprezy tematyczne;<br>Wieczory panie\u0144skie\/kawalerskie;<br>Jase\u0142ka;<br>Halloween;<br>&#8230;i wiele, wiele innych.<\/li><\/ul>\n","protected":false},"excerpt":{"rendered":"<p>Oferta wypo\u017cyczalni. Specjalnie dla Pa\u0144stwa potrzeb przygotowali\u015bmy bogat\u0105 ofert\u0119 kostium\u00f3w dobranych tak, aby ka\u017cdy m\u00f3g\u0142 znale\u017a\u0107 przebranie idealnie dopasowane do jego gustu oraz okoliczno\u015bci. Dodatkowo nasze zasoby, stale powi\u0119kszane s\u0105 o nowe pozycje, zgodnie z oczekiwaniami i sugestiami Klient\u00f3w. Prezentowane stroje stanowi\u0105 tylko niewielk\u0105 cz\u0119\u015b\u0107 naszej oferty!Skontaktuj si\u0119 z nami lub odwied\u017a nasz\u0105 wypo\u017cyczalni\u0119 aby [&hellip;]<\/p>\n","protected":false},"author":3,"featured_media":0,"parent":0,"menu_order":0,"comment_status":"closed","ping_status":"closed","template":"","meta":{"ngg_post_thumbnail":0},"acf":[],"yoast_head":"<!-- This site is optimized with the Yoast SEO plugin v18.9 - https:\/\/yoast.com\/wordpress\/plugins\/seo\/ -->\n<title>Wypo\u017cyczalnia stroj\u00f3w dla dzieci w S\u0142omnikach, Zielonkach, Luborzycy i Iwanowicach W\u0142o\u015bcia\u0144skich - Leader School<\/title>\n<meta name=\"robots\" content=\"index, follow, max-snippet:-1, max-image-preview:large, max-video-preview:-1\" \/>\n<link rel=\"canonical\" href=\"https:\/\/leaderschool.pl\/slomniki\/wypozyczalnia-strojow-dla-dzieci\/\" \/>\n<meta property=\"og:locale\" content=\"pl_PL\" \/>\n<meta property=\"og:type\" content=\"article\" \/>\n<meta property=\"og:title\" content=\"Wypo\u017cyczalnia stroj\u00f3w dla dzieci w S\u0142omnikach, Zielonkach, Luborzycy i Iwanowicach W\u0142o\u015bcia\u0144skich - Leader School\" \/>\n<meta property=\"og:description\" content=\"Oferta wypo\u017cyczalni. Specjalnie dla Pa\u0144stwa potrzeb przygotowali\u015bmy bogat\u0105 ofert\u0119 kostium\u00f3w dobranych tak, aby ka\u017cdy m\u00f3g\u0142 znale\u017a\u0107 przebranie idealnie dopasowane do jego gustu oraz okoliczno\u015bci. Dodatkowo nasze zasoby, stale powi\u0119kszane s\u0105 o nowe pozycje, zgodnie z oczekiwaniami i sugestiami Klient\u00f3w. Prezentowane stroje stanowi\u0105 tylko niewielk\u0105 cz\u0119\u015b\u0107 naszej oferty!Skontaktuj si\u0119 z nami lub odwied\u017a nasz\u0105 wypo\u017cyczalni\u0119 aby [&hellip;]\" \/>\n<meta property=\"og:url\" content=\"https:\/\/leaderschool.pl\/slomniki\/wypozyczalnia-strojow-dla-dzieci\/\" \/>\n<meta property=\"og:site_name\" content=\"w S\u0142omnikach, Zielonkach, Luborzycy i Iwanowicach W\u0142o\u015bcia\u0144skich - Leader School\" \/>\n<meta property=\"article:modified_time\" content=\"2022-07-24T16:56:07+00:00\" \/>\n<meta name=\"twitter:card\" content=\"summary_large_image\" \/>\n<meta name=\"twitter:label1\" content=\"Szacowany czas czytania\" \/>\n\t<meta name=\"twitter:data1\" content=\"1 minuta\" \/>\n<script type=\"application\/ld+json\" class=\"yoast-schema-graph\">{\"@context\":\"https:\/\/schema.org\",\"@graph\":[{\"@type\":\"WebSite\",\"@id\":\"https:\/\/leaderschool.pl\/slomniki\/#website\",\"url\":\"https:\/\/leaderschool.pl\/slomniki\/\",\"name\":\"w S\u0142omnikach, Zielonkach, Luborzycy i Iwanowicach W\u0142o\u015bcia\u0144skich - Leader School\",\"description\":\"\",\"potentialAction\":[{\"@type\":\"SearchAction\",\"target\":{\"@type\":\"EntryPoint\",\"urlTemplate\":\"https:\/\/leaderschool.pl\/slomniki\/?s={search_term_string}\"},\"query-input\":\"required name=search_term_string\"}],\"inLanguage\":\"pl-PL\"},{\"@type\":\"WebPage\",\"@id\":\"https:\/\/leaderschool.pl\/slomniki\/wypozyczalnia-strojow-dla-dzieci\/#webpage\",\"url\":\"https:\/\/leaderschool.pl\/slomniki\/wypozyczalnia-strojow-dla-dzieci\/\",\"name\":\"Wypo\u017cyczalnia stroj\u00f3w dla dzieci w S\u0142omnikach, Zielonkach, Luborzycy i Iwanowicach W\u0142o\u015bcia\u0144skich - Leader School\",\"isPartOf\":{\"@id\":\"https:\/\/leaderschool.pl\/slomniki\/#website\"},\"datePublished\":\"2022-07-24T16:56:06+00:00\",\"dateModified\":\"2022-07-24T16:56:07+00:00\",\"breadcrumb\":{\"@id\":\"https:\/\/leaderschool.pl\/slomniki\/wypozyczalnia-strojow-dla-dzieci\/#breadcrumb\"},\"inLanguage\":\"pl-PL\",\"potentialAction\":[{\"@type\":\"ReadAction\",\"target\":[\"https:\/\/leaderschool.pl\/slomniki\/wypozyczalnia-strojow-dla-dzieci\/\"]}]},{\"@type\":\"BreadcrumbList\",\"@id\":\"https:\/\/leaderschool.pl\/slomniki\/wypozyczalnia-strojow-dla-dzieci\/#breadcrumb\",\"itemListElement\":[{\"@type\":\"ListItem\",\"position\":1,\"name\":\"Home\",\"item\":\"https:\/\/leaderschool.pl\/slomniki\/\"},{\"@type\":\"ListItem\",\"position\":2,\"name\":\"Wypo\u017cyczalnia stroj\u00f3w dla dzieci\"}]}]}<\/script>\n<!-- \/ Yoast SEO plugin. -->","yoast_head_json":{"title":"Wypo\u017cyczalnia stroj\u00f3w dla dzieci w S\u0142omnikach, Zielonkach, Luborzycy i Iwanowicach W\u0142o\u015bcia\u0144skich - Leader School","robots":{"index":"index","follow":"follow","max-snippet":"max-snippet:-1","max-image-preview":"max-image-preview:large","max-video-preview":"max-video-preview:-1"},"canonical":"https:\/\/leaderschool.pl\/slomniki\/wypozyczalnia-strojow-dla-dzieci\/","og_locale":"pl_PL","og_type":"article","og_title":"Wypo\u017cyczalnia stroj\u00f3w dla dzieci w S\u0142omnikach, Zielonkach, Luborzycy i Iwanowicach W\u0142o\u015bcia\u0144skich - Leader School","og_description":"Oferta wypo\u017cyczalni. Specjalnie dla Pa\u0144stwa potrzeb przygotowali\u015bmy bogat\u0105 ofert\u0119 kostium\u00f3w dobranych tak, aby ka\u017cdy m\u00f3g\u0142 znale\u017a\u0107 przebranie idealnie dopasowane do jego gustu oraz okoliczno\u015bci. Dodatkowo nasze zasoby, stale powi\u0119kszane s\u0105 o nowe pozycje, zgodnie z oczekiwaniami i sugestiami Klient\u00f3w. Prezentowane stroje stanowi\u0105 tylko niewielk\u0105 cz\u0119\u015b\u0107 naszej oferty!Skontaktuj si\u0119 z nami lub odwied\u017a nasz\u0105 wypo\u017cyczalni\u0119 aby [&hellip;]","og_url":"https:\/\/leaderschool.pl\/slomniki\/wypozyczalnia-strojow-dla-dzieci\/","og_site_name":"w S\u0142omnikach, Zielonkach, Luborzycy i Iwanowicach W\u0142o\u015bcia\u0144skich - Leader School","article_modified_time":"2022-07-24T16:56:07+00:00","twitter_card":"summary_large_image","twitter_misc":{"Szacowany czas czytania":"1 minuta"},"schema":{"@context":"https:\/\/schema.org","@graph":[{"@type":"WebSite","@id":"https:\/\/leaderschool.pl\/slomniki\/#website","url":"https:\/\/leaderschool.pl\/slomniki\/","name":"w S\u0142omnikach, Zielonkach, Luborzycy i Iwanowicach W\u0142o\u015bcia\u0144skich - Leader School","description":"","potentialAction":[{"@type":"SearchAction","target":{"@type":"EntryPoint","urlTemplate":"https:\/\/leaderschool.pl\/slomniki\/?s={search_term_string}"},"query-input":"required name=search_term_string"}],"inLanguage":"pl-PL"},{"@type":"WebPage","@id":"https:\/\/leaderschool.pl\/slomniki\/wypozyczalnia-strojow-dla-dzieci\/#webpage","url":"https:\/\/leaderschool.pl\/slomniki\/wypozyczalnia-strojow-dla-dzieci\/","name":"Wypo\u017cyczalnia stroj\u00f3w dla dzieci w S\u0142omnikach, Zielonkach, Luborzycy i Iwanowicach W\u0142o\u015bcia\u0144skich - Leader School","isPartOf":{"@id":"https:\/\/leaderschool.pl\/slomniki\/#website"},"datePublished":"2022-07-24T16:56:06+00:00","dateModified":"2022-07-24T16:56:07+00:00","breadcrumb":{"@id":"https:\/\/leaderschool.pl\/slomniki\/wypozyczalnia-strojow-dla-dzieci\/#breadcrumb"},"inLanguage":"pl-PL","potentialAction":[{"@type":"ReadAction","target":["https:\/\/leaderschool.pl\/slomniki\/wypozyczalnia-strojow-dla-dzieci\/"]}]},{"@type":"BreadcrumbList","@id":"https:\/\/leaderschool.pl\/slomniki\/wypozyczalnia-strojow-dla-dzieci\/#breadcrumb","itemListElement":[{"@type":"ListItem","position":1,"name":"Home","item":"https:\/\/leaderschool.pl\/slomniki\/"},{"@type":"ListItem","position":2,"name":"Wypo\u017cyczalnia stroj\u00f3w dla dzieci"}]}]}},"_links":{"self":[{"href":"https:\/\/leaderschool.pl\/slomniki\/wp-json\/wp\/v2\/pages\/2598"}],"collection":[{"href":"https:\/\/leaderschool.pl\/slomniki\/wp-json\/wp\/v2\/pages"}],"about":[{"href":"https:\/\/leaderschool.pl\/slomniki\/wp-json\/wp\/v2\/types\/page"}],"author":[{"embeddable":true,"href":"https:\/\/leaderschool.pl\/slomniki\/wp-json\/wp\/v2\/users\/3"}],"replies":[{"embeddable":true,"href":"https:\/\/leaderschool.pl\/slomniki\/wp-json\/wp\/v2\/comments?post=2598"}],"version-history":[{"count":1,"href":"https:\/\/leaderschool.pl\/slomniki\/wp-json\/wp\/v2\/pages\/2598\/revisions"}],"predecessor-version":[{"id":2599,"href":"https:\/\/leaderschool.pl\/slomniki\/wp-json\/wp\/v2\/pages\/2598\/revisions\/2599"}],"wp:attachment":[{"href":"https:\/\/leaderschool.pl\/slomniki\/wp-json\/wp\/v2\/media?parent=2598"}],"curies":[{"name":"wp","href":"https:\/\/api.w.org\/{rel}","templated":true}]}}