{"id":2596,"date":"2022-07-24T18:55:19","date_gmt":"2022-07-24T16:55:19","guid":{"rendered":"https:\/\/leaderschool.sellision.dev\/slomniki\/?page_id=2596"},"modified":"2022-07-24T18:55:20","modified_gmt":"2022-07-24T16:55:20","slug":"kursy-jezykowe-dla-firm","status":"publish","type":"page","link":"https:\/\/leaderschool.pl\/slomniki\/kursy-jezykowe-dla-firm\/","title":{"rendered":"Kursy j\u0119zykowe dla firm"},"content":{"rendered":"\n<p>Leader School prowadzi kursy j\u0119zykowe dla firm i szkolenia z zarz\u0105dzania informacj\u0105 od 1997 roku. Przeszkolili\u015bmy ju\u017c ponad 400 firm i instytucji z terenu ca\u0142ego kraju. Z my\u015bl\u0105 o Pa\u0144stwa Firmie i jej Pracownikach przygotowali\u015bmy wyj\u0105tkow\u0105 ofert\u0119 szkoleniow\u0105.<\/p>\n\n\n\n<h2>Angielski metod\u0105 BLS, niemiecki metoda BLS<\/h2>\n\n\n\n<p>Metoda BLS Communication to unikalne po\u0142\u0105czenie zaj\u0119\u0107 prowadzonych przez lektora z potencja\u0142em rozwi\u0105za\u0144 multimedialnych, kt\u00f3re sprawia, \u017ce nauka j\u0119zyka angielskiego\/niemieckiego jest wreszcie przyjemna, a przede wszystkim skuteczna.<\/p>\n\n\n\n<p>Dzi\u0119ki starannie wyselekcjonowanym materia\u0142om oraz technikom nauczania, wszyscy uczestnicy kurs\u00f3w BLS:<\/p>\n\n\n\n<p>&#8211; niezwykle szybko pozyskuj\u0105 umiej\u0119tno\u015b\u0107 swobodnej komunikacji w j\u0119zyku angielskim (zar\u00f3wno w mowie jak i w pi\u015bmie),<br>&#8211; buduj\u0105 solidne podstawy j\u0119zykowe zapewniaj\u0105ce pe\u0142n\u0105 poprawno\u015b\u0107 gramatyczn\u0105 konstruowanych wypowiedzi,<br>&#8211; ucz\u0105 si\u0119 tylko przydatnych zwrot\u00f3w oraz s\u0142ownictwa, zwi\u0105zanego z codziennym \u017cyciem,<br>otrzymuj\u0105 dost\u0119p do niezwyk\u0142ego Podr\u0119cznika Multimedialnego pozwalaj\u0105cego na samodzielne powtarzanie i utrwalanie nowego materia\u0142u,<br>&#8211; otrzymuj\u0105 mo\u017cliwo\u015b\u0107 uzyskania mi\u0119dzynarodowego certyfikatu j\u0119zykowego TELC.<\/p>\n\n\n\n<h2>Program zarz\u0105dzania informacj\u0105<\/h2>\n\n\n\n<p>Jest to autorski cykl szkole\u0144 maj\u0105cy na celu popraw\u0119 wydajno\u015bci pracownik\u00f3w w zakresie pracy z du\u017c\u0105 ilo\u015bci\u0105 tekst\u00f3w oraz wszelkiego rodzaju danych. Zosta\u0142 on stworzony przez wybitnych fachowc\u00f3w z takich dziedzin jak szybkie czytanie, techniki pami\u0119ciowe oraz mindmapping.<\/p>\n\n\n\n<h2><strong>J\u0119zyki \u015bwiata<\/strong><\/h2>\n\n\n\n<p>Szkolenia z jednego z 17 j\u0119zyk\u00f3w na dowolnym poziomie zaawansowania zar\u00f3wno w formie zaj\u0119\u0107 grupowych jak i indywidualnych.<br>Wszystkie kursy j\u0119zykowe mog\u0105 odbywa\u0107 si\u0119 w naszej plac\u00f3wce jak i w siedzibie Pa\u0144stwa Firmy w dowolnie wybranym czasie.<\/p>\n\n\n\n<p>Opr\u00f3cz zaj\u0119\u0107 stacjonarnych, Pa\u0144stwa Pracownicy b\u0119d\u0105 mieli mo\u017cliwo\u015b\u0107 korzystania z materia\u0142\u00f3w e-learningowych za po\u015brednictwem naszej platformy ESEE.<\/p>\n\n\n\n<p><strong>Ponadto, przed rozpocz\u0119ciem kursu::<\/strong><\/p>\n\n\n\n<p>&#8211; przeprowadzona zostanie analiza potrzeb Pa\u0144stwa Firmy,<br>&#8211; pracownicy uczestnicz\u0105cy w kursie zostan\u0105 poddani testom kwalifikacyjnym,<br>&#8211; wszystkie osoby zostan\u0105 wyposa\u017cone w niezb\u0119dne podr\u0119czniki oraz materia\u0142y multimedialne uzupe\u0142niaj\u0105ce kurs.<\/p>\n\n\n\n<p><strong>W trakcie szkolenia:<\/strong><\/p>\n\n\n\n<p>&#8211; optymalnie wykorzystana zostanie ka\u017cda minuta zaj\u0119\u0107 z lektorem,<br>&#8211; uczestnicy kursu otrzymaj\u0105 potrzebn\u0105 im wiedz\u0119 oraz wykszta\u0142c\u0105 przydatne umiej\u0119tno\u015bci,<br>&#8211; Pa\u0144stwa Firma b\u0119dzie otrzymywa\u0107 raporty z aktywno\u015bci i post\u0119p\u00f3w pracownik\u00f3w,<br>&#8211; po ka\u017cdej nowej partii materia\u0142u przeprowadzone zostan\u0105 testy sprawdzaj\u0105ce pozyskan\u0105 wiedz\u0119<\/p>\n\n\n\n<p><strong>Po szkoleniu::<\/strong><\/p>\n\n\n\n<p>&#8211; przygotowany zostanie indywidualny raport post\u0119p\u00f3w ka\u017cdego ucznia,<br>&#8211; Pa\u0144stwa pracownicy otrzymaj\u0105 certyfikaty potwierdzaj\u0105ce uko\u0144czenie szkolenia,<br>&#8211; ka\u017cda osoba uczestnicz\u0105ca w kursie j\u0119zykowym b\u0119dzie mog\u0142a zdoby\u0107 mi\u0119dzynarodowy certyfikat j\u0119zykowy.<\/p>\n","protected":false},"excerpt":{"rendered":"<p>Leader School prowadzi kursy j\u0119zykowe dla firm i szkolenia z zarz\u0105dzania informacj\u0105 od 1997 roku. Przeszkolili\u015bmy ju\u017c ponad 400 firm i instytucji z terenu ca\u0142ego kraju. Z my\u015bl\u0105 o Pa\u0144stwa Firmie i jej Pracownikach przygotowali\u015bmy wyj\u0105tkow\u0105 ofert\u0119 szkoleniow\u0105. Angielski metod\u0105 BLS, niemiecki metoda BLS Metoda BLS Communication to unikalne po\u0142\u0105czenie zaj\u0119\u0107 prowadzonych przez lektora z [&hellip;]<\/p>\n","protected":false},"author":3,"featured_media":0,"parent":0,"menu_order":0,"comment_status":"closed","ping_status":"closed","template":"","meta":{"ngg_post_thumbnail":0},"acf":[],"yoast_head":"<!-- This site is optimized with the Yoast SEO plugin v18.9 - https:\/\/yoast.com\/wordpress\/plugins\/seo\/ -->\n<title>Kursy j\u0119zykowe dla firm w S\u0142omnikach, Zielonkach, Luborzycy i Iwanowicach W\u0142o\u015bcia\u0144skich - Leader School<\/title>\n<meta name=\"robots\" content=\"index, follow, max-snippet:-1, max-image-preview:large, max-video-preview:-1\" \/>\n<link rel=\"canonical\" href=\"https:\/\/leaderschool.pl\/slomniki\/kursy-jezykowe-dla-firm\/\" \/>\n<meta property=\"og:locale\" content=\"pl_PL\" \/>\n<meta property=\"og:type\" content=\"article\" \/>\n<meta property=\"og:title\" content=\"Kursy j\u0119zykowe dla firm w S\u0142omnikach, Zielonkach, Luborzycy i Iwanowicach W\u0142o\u015bcia\u0144skich - Leader School\" \/>\n<meta property=\"og:description\" content=\"Leader School prowadzi kursy j\u0119zykowe dla firm i szkolenia z zarz\u0105dzania informacj\u0105 od 1997 roku. Przeszkolili\u015bmy ju\u017c ponad 400 firm i instytucji z terenu ca\u0142ego kraju. Z my\u015bl\u0105 o Pa\u0144stwa Firmie i jej Pracownikach przygotowali\u015bmy wyj\u0105tkow\u0105 ofert\u0119 szkoleniow\u0105. Angielski metod\u0105 BLS, niemiecki metoda BLS Metoda BLS Communication to unikalne po\u0142\u0105czenie zaj\u0119\u0107 prowadzonych przez lektora z [&hellip;]\" \/>\n<meta property=\"og:url\" content=\"https:\/\/leaderschool.pl\/slomniki\/kursy-jezykowe-dla-firm\/\" \/>\n<meta property=\"og:site_name\" content=\"w S\u0142omnikach, Zielonkach, Luborzycy i Iwanowicach W\u0142o\u015bcia\u0144skich - Leader School\" \/>\n<meta property=\"article:modified_time\" content=\"2022-07-24T16:55:20+00:00\" \/>\n<meta name=\"twitter:card\" content=\"summary_large_image\" \/>\n<meta name=\"twitter:label1\" content=\"Szacowany czas czytania\" \/>\n\t<meta name=\"twitter:data1\" content=\"3 minuty\" \/>\n<script type=\"application\/ld+json\" class=\"yoast-schema-graph\">{\"@context\":\"https:\/\/schema.org\",\"@graph\":[{\"@type\":\"WebSite\",\"@id\":\"https:\/\/leaderschool.pl\/slomniki\/#website\",\"url\":\"https:\/\/leaderschool.pl\/slomniki\/\",\"name\":\"w S\u0142omnikach, Zielonkach, Luborzycy i Iwanowicach W\u0142o\u015bcia\u0144skich - Leader School\",\"description\":\"\",\"potentialAction\":[{\"@type\":\"SearchAction\",\"target\":{\"@type\":\"EntryPoint\",\"urlTemplate\":\"https:\/\/leaderschool.pl\/slomniki\/?s={search_term_string}\"},\"query-input\":\"required name=search_term_string\"}],\"inLanguage\":\"pl-PL\"},{\"@type\":\"WebPage\",\"@id\":\"https:\/\/leaderschool.pl\/slomniki\/kursy-jezykowe-dla-firm\/#webpage\",\"url\":\"https:\/\/leaderschool.pl\/slomniki\/kursy-jezykowe-dla-firm\/\",\"name\":\"Kursy j\u0119zykowe dla firm w S\u0142omnikach, Zielonkach, Luborzycy i Iwanowicach W\u0142o\u015bcia\u0144skich - Leader School\",\"isPartOf\":{\"@id\":\"https:\/\/leaderschool.pl\/slomniki\/#website\"},\"datePublished\":\"2022-07-24T16:55:19+00:00\",\"dateModified\":\"2022-07-24T16:55:20+00:00\",\"breadcrumb\":{\"@id\":\"https:\/\/leaderschool.pl\/slomniki\/kursy-jezykowe-dla-firm\/#breadcrumb\"},\"inLanguage\":\"pl-PL\",\"potentialAction\":[{\"@type\":\"ReadAction\",\"target\":[\"https:\/\/leaderschool.pl\/slomniki\/kursy-jezykowe-dla-firm\/\"]}]},{\"@type\":\"BreadcrumbList\",\"@id\":\"https:\/\/leaderschool.pl\/slomniki\/kursy-jezykowe-dla-firm\/#breadcrumb\",\"itemListElement\":[{\"@type\":\"ListItem\",\"position\":1,\"name\":\"Home\",\"item\":\"https:\/\/leaderschool.pl\/slomniki\/\"},{\"@type\":\"ListItem\",\"position\":2,\"name\":\"Kursy j\u0119zykowe dla firm\"}]}]}<\/script>\n<!-- \/ Yoast SEO plugin. -->","yoast_head_json":{"title":"Kursy j\u0119zykowe dla firm w S\u0142omnikach, Zielonkach, Luborzycy i Iwanowicach W\u0142o\u015bcia\u0144skich - Leader School","robots":{"index":"index","follow":"follow","max-snippet":"max-snippet:-1","max-image-preview":"max-image-preview:large","max-video-preview":"max-video-preview:-1"},"canonical":"https:\/\/leaderschool.pl\/slomniki\/kursy-jezykowe-dla-firm\/","og_locale":"pl_PL","og_type":"article","og_title":"Kursy j\u0119zykowe dla firm w S\u0142omnikach, Zielonkach, Luborzycy i Iwanowicach W\u0142o\u015bcia\u0144skich - Leader School","og_description":"Leader School prowadzi kursy j\u0119zykowe dla firm i szkolenia z zarz\u0105dzania informacj\u0105 od 1997 roku. Przeszkolili\u015bmy ju\u017c ponad 400 firm i instytucji z terenu ca\u0142ego kraju. Z my\u015bl\u0105 o Pa\u0144stwa Firmie i jej Pracownikach przygotowali\u015bmy wyj\u0105tkow\u0105 ofert\u0119 szkoleniow\u0105. Angielski metod\u0105 BLS, niemiecki metoda BLS Metoda BLS Communication to unikalne po\u0142\u0105czenie zaj\u0119\u0107 prowadzonych przez lektora z [&hellip;]","og_url":"https:\/\/leaderschool.pl\/slomniki\/kursy-jezykowe-dla-firm\/","og_site_name":"w S\u0142omnikach, Zielonkach, Luborzycy i Iwanowicach W\u0142o\u015bcia\u0144skich - Leader School","article_modified_time":"2022-07-24T16:55:20+00:00","twitter_card":"summary_large_image","twitter_misc":{"Szacowany czas czytania":"3 minuty"},"schema":{"@context":"https:\/\/schema.org","@graph":[{"@type":"WebSite","@id":"https:\/\/leaderschool.pl\/slomniki\/#website","url":"https:\/\/leaderschool.pl\/slomniki\/","name":"w S\u0142omnikach, Zielonkach, Luborzycy i Iwanowicach W\u0142o\u015bcia\u0144skich - Leader School","description":"","potentialAction":[{"@type":"SearchAction","target":{"@type":"EntryPoint","urlTemplate":"https:\/\/leaderschool.pl\/slomniki\/?s={search_term_string}"},"query-input":"required name=search_term_string"}],"inLanguage":"pl-PL"},{"@type":"WebPage","@id":"https:\/\/leaderschool.pl\/slomniki\/kursy-jezykowe-dla-firm\/#webpage","url":"https:\/\/leaderschool.pl\/slomniki\/kursy-jezykowe-dla-firm\/","name":"Kursy j\u0119zykowe dla firm w S\u0142omnikach, Zielonkach, Luborzycy i Iwanowicach W\u0142o\u015bcia\u0144skich - Leader School","isPartOf":{"@id":"https:\/\/leaderschool.pl\/slomniki\/#website"},"datePublished":"2022-07-24T16:55:19+00:00","dateModified":"2022-07-24T16:55:20+00:00","breadcrumb":{"@id":"https:\/\/leaderschool.pl\/slomniki\/kursy-jezykowe-dla-firm\/#breadcrumb"},"inLanguage":"pl-PL","potentialAction":[{"@type":"ReadAction","target":["https:\/\/leaderschool.pl\/slomniki\/kursy-jezykowe-dla-firm\/"]}]},{"@type":"BreadcrumbList","@id":"https:\/\/leaderschool.pl\/slomniki\/kursy-jezykowe-dla-firm\/#breadcrumb","itemListElement":[{"@type":"ListItem","position":1,"name":"Home","item":"https:\/\/leaderschool.pl\/slomniki\/"},{"@type":"ListItem","position":2,"name":"Kursy j\u0119zykowe dla firm"}]}]}},"_links":{"self":[{"href":"https:\/\/leaderschool.pl\/slomniki\/wp-json\/wp\/v2\/pages\/2596"}],"collection":[{"href":"https:\/\/leaderschool.pl\/slomniki\/wp-json\/wp\/v2\/pages"}],"about":[{"href":"https:\/\/leaderschool.pl\/slomniki\/wp-json\/wp\/v2\/types\/page"}],"author":[{"embeddable":true,"href":"https:\/\/leaderschool.pl\/slomniki\/wp-json\/wp\/v2\/users\/3"}],"replies":[{"embeddable":true,"href":"https:\/\/leaderschool.pl\/slomniki\/wp-json\/wp\/v2\/comments?post=2596"}],"version-history":[{"count":1,"href":"https:\/\/leaderschool.pl\/slomniki\/wp-json\/wp\/v2\/pages\/2596\/revisions"}],"predecessor-version":[{"id":2597,"href":"https:\/\/leaderschool.pl\/slomniki\/wp-json\/wp\/v2\/pages\/2596\/revisions\/2597"}],"wp:attachment":[{"href":"https:\/\/leaderschool.pl\/slomniki\/wp-json\/wp\/v2\/media?parent=2596"}],"curies":[{"name":"wp","href":"https:\/\/api.w.org\/{rel}","templated":true}]}}