{"id":2593,"date":"2022-07-23T15:13:13","date_gmt":"2022-07-23T13:13:13","guid":{"rendered":"https:\/\/leaderschool.sellision.dev\/skawina\/?page_id=2593"},"modified":"2022-07-28T21:14:19","modified_gmt":"2022-07-28T19:14:19","slug":"hiszpanski-dla-dzieci","status":"publish","type":"page","link":"https:\/\/leaderschool.pl\/skawina\/hiszpanski-dla-dzieci\/","title":{"rendered":"Hiszpa\u0144ski dla dzieci"},"content":{"rendered":"\n<p>J\u0119zyka obcego warto uczy\u0107 si\u0119 ju\u017c od najwcze\u015bniejszych lat. \u017beby nauka charakteryzowa\u0142a si\u0119 efektywno\u015bci\u0105 i by\u0142a dopasowana do potrzeb dzieci, powinna by\u0107 realizowana przyst\u0119pnej formie. Metody wykorzystywane w naszej szkole w Skawinie odznaczaj\u0105 si\u0119&nbsp; r\u00f3\u017cnorodno\u015bci\u0105 materia\u0142\u00f3w dydaktycznych i s\u0105 dobrane do wieku pociech.<\/p>\n\n\n\n<h2>Na czym polega nauka hiszpa\u0144skiego dla dzieci w Leader School?<\/h2>\n\n\n\n<p>Nauka hiszpa\u0144skiego cieszy si\u0119 rosn\u0105cym zainteresowaniem. Komunikuje si\u0119 nim przesz\u0142o p\u00f3\u0142 miliarda os\u00f3b. To drugi najpopularniejszy j\u0119zyk na \u015bwiecie, dlatego warto zacz\u0105\u0107 si\u0119 go uczy\u0107 ju\u017c w wieku dzieci\u0119cym. W naszej szkole j\u0119zykowej prowadzimy zaj\u0119cia dla os\u00f3b powy\u017cej 5. roku \u017cycia. Staramy si\u0119, by lekcje by\u0142y atrakcyjne dla najm\u0142odszych, a jednocze\u015bnie zawiera\u0142y hiszpa\u0144skoj\u0119zyczne zwroty, sformu\u0142owania. W ten spos\u00f3b nasi podopieczni \u201ezanurzaj\u0105 si\u0119\u201d w j\u0119zyku. Z czasem staje si\u0119 on dla nich coraz bardziej zrozumia\u0142y. Maluchy oswajaj\u0105 si\u0119 te\u017c z akcentem i w spos\u00f3b naturalny powtarzaj\u0105 s\u0142\u00f3wka i struktury gramatyczne. Do g\u0142\u00f3wnych cel\u00f3w nauki hiszpa\u0144skiego w m\u0142odym wieku zaliczaj\u0105 si\u0119:<\/p>\n\n\n\n<ul><li>Kontakt z j\u0119zykiem od wczesnych lat,<\/li><li>Wzbudzenie pozytywnych skojarze\u0144 zwi\u0105zanych z hiszpa\u0144skim,<\/li><li>Prze\u0142amanie bariery j\u0119zykowej i \u0142atwiejsza nauka w p\u00f3\u017aniejszych latach.<\/li><\/ul>\n\n\n\n<h2>Nauka poprzez zabaw\u0119, czyli jak wygl\u0105da hiszpa\u0144ski dla dzieci?<\/h2>\n\n\n\n<p>Staramy si\u0119, by lekcje hiszpa\u0144skiego by\u0142y traktowane jako zabawa, a nie obowi\u0105zek. Z do\u015bwiadczenia wiemy, \u017ce tradycyjne metody nauczania nie sprawdzaj\u0105 si\u0119 w przypadku dzieci. Nasi lektorzy znaj\u0105 techniki u\u0142atwiaj\u0105ce utrzymanie koncentracji i maksymalne zaanga\u017cowania pociech. Stosuj\u0105 materia\u0142y dydaktyczne dopasowane do potrzeb, a tak\u017ce stylu uczenia si\u0119. Koncentruj\u0105 si\u0119 na absorbowaniu wszystkich zmys\u0142\u00f3w. St\u0105d w trakcie zaj\u0119\u0107 pos\u0142uguj\u0105 si\u0119:<\/p>\n\n\n\n<ul><li>Kartami pracy,<\/li><li>Kolorowymi ksi\u0105\u017ceczkami,<\/li><li>Klockami,<\/li><li>Nagraniami piosenek.<\/li><\/ul>\n\n\n\n<p>Taka forma nauki sprawia, \u017ce maluchy mi\u0142o sp\u0119dzaj\u0105 czas \u2013 \u015bpiewaj\u0105, ta\u0144cz\u0105, rysuj\u0105, zgaduj\u0105, rozwi\u0105zuj\u0105 rebusy. Przy okazji zapoznaj\u0105 si\u0119 z hiszpa\u0144sk\u0105 mow\u0105.&nbsp;<\/p>\n\n\n\n<h2>Dlaczego warto zdecydowa\u0107 si\u0119 na hiszpa\u0144ski dla dzieci?<\/h2>\n\n\n\n<p>Hiszpa\u0144ski dla dzieci w Leader School umo\u017cliwia skuteczne przyswojenie s\u0142\u00f3wek oraz prostych wyra\u017ce\u0144. W\u015br\u00f3d zalet naszej metody nale\u017cy wskaza\u0107:<\/p>\n\n\n\n<ul><li>Mnogo\u015b\u0107 narz\u0119dzi dydaktycznych \u2013 dobrze dobrane materia\u0142y pomagaj\u0105 w utrzymaniu uwagi dzieci i pozwalaj\u0105 na efektywn\u0105 nauk\u0119.<\/li><li>Cz\u0119ste utrwalanie poznanych tre\u015bci \u2013 lektorzy powtarzaj\u0105 zwroty i wyra\u017cenia, aby najm\u0142odsi dobrze je zapami\u0119tali. Pos\u0142uguj\u0105 si\u0119 w tym celu piosenkami, aktywno\u015bciami ruchowymi, grami.&nbsp;<\/li><li>Szybkie post\u0119py \u2013 nieustanne os\u0142uchiwanie si\u0119 z j\u0119zykiem i m\u00f3wienie po hiszpa\u0144sku powoduj\u0105, \u017ce dzieci ch\u0142on\u0105 przekazywan\u0105 wiedz\u0119 i w kr\u00f3tkim czasie opanowuj\u0105 podstawowe zwroty.<\/li><li>Kameralne grupy \u2013 w kursach bierze udzia\u0142 od 5 do 8 os\u00f3b.<\/li><\/ul>\n\n\n\n<h2>Zdecyduj si\u0119 na hiszpa\u0144ski dla dzieci w Skawinie!<\/h2>\n\n\n\n<p>Zach\u0119camy do nauki hiszpa\u0144skiego. Zaj\u0119cia dla dzieci odbywaj\u0105 si\u0119 raz w tygodniu i trwaj\u0105 50 minut. Je\u015bli chcesz pozna\u0107 wi\u0119cej szczeg\u00f3\u0142\u00f3w na temat naszej oferty, skontaktuj si\u0119 telefonicznie lub mailowo.<\/p>\n","protected":false},"excerpt":{"rendered":"<p>J\u0119zyka obcego warto uczy\u0107 si\u0119 ju\u017c od najwcze\u015bniejszych lat. \u017beby nauka charakteryzowa\u0142a si\u0119 efektywno\u015bci\u0105 i by\u0142a dopasowana do potrzeb dzieci, powinna by\u0107 realizowana przyst\u0119pnej formie. Metody wykorzystywane w naszej szkole w Skawinie odznaczaj\u0105 si\u0119&nbsp; r\u00f3\u017cnorodno\u015bci\u0105 materia\u0142\u00f3w dydaktycznych i s\u0105 dobrane do wieku pociech. Na czym polega nauka hiszpa\u0144skiego dla dzieci w Leader School? Nauka hiszpa\u0144skiego [&hellip;]<\/p>\n","protected":false},"author":3,"featured_media":0,"parent":0,"menu_order":0,"comment_status":"closed","ping_status":"closed","template":"","meta":{"ngg_post_thumbnail":0},"acf":[],"yoast_head":"<!-- This site is optimized with the Yoast SEO plugin v18.9 - https:\/\/yoast.com\/wordpress\/plugins\/seo\/ -->\n<title>Hiszpa\u0144ski dla dzieci w Skawinie - Leader School<\/title>\n<meta name=\"robots\" content=\"index, follow, max-snippet:-1, max-image-preview:large, max-video-preview:-1\" \/>\n<link rel=\"canonical\" href=\"https:\/\/leaderschool.pl\/skawina\/hiszpanski-dla-dzieci\/\" \/>\n<meta property=\"og:locale\" content=\"pl_PL\" \/>\n<meta property=\"og:type\" content=\"article\" \/>\n<meta property=\"og:title\" content=\"Hiszpa\u0144ski dla dzieci w Skawinie - Leader School\" \/>\n<meta property=\"og:description\" content=\"J\u0119zyka obcego warto uczy\u0107 si\u0119 ju\u017c od najwcze\u015bniejszych lat. \u017beby nauka charakteryzowa\u0142a si\u0119 efektywno\u015bci\u0105 i by\u0142a dopasowana do potrzeb dzieci, powinna by\u0107 realizowana przyst\u0119pnej formie. Metody wykorzystywane w naszej szkole w Skawinie odznaczaj\u0105 si\u0119&nbsp; r\u00f3\u017cnorodno\u015bci\u0105 materia\u0142\u00f3w dydaktycznych i s\u0105 dobrane do wieku pociech. Na czym polega nauka hiszpa\u0144skiego dla dzieci w Leader School? Nauka hiszpa\u0144skiego [&hellip;]\" \/>\n<meta property=\"og:url\" content=\"https:\/\/leaderschool.pl\/skawina\/hiszpanski-dla-dzieci\/\" \/>\n<meta property=\"og:site_name\" content=\"w Skawinie - Leader School\" \/>\n<meta property=\"article:modified_time\" content=\"2022-07-28T19:14:19+00:00\" \/>\n<meta name=\"twitter:card\" content=\"summary_large_image\" \/>\n<meta name=\"twitter:label1\" content=\"Szacowany czas czytania\" \/>\n\t<meta name=\"twitter:data1\" content=\"3 minuty\" \/>\n<script type=\"application\/ld+json\" class=\"yoast-schema-graph\">{\"@context\":\"https:\/\/schema.org\",\"@graph\":[{\"@type\":\"WebSite\",\"@id\":\"https:\/\/leaderschool.pl\/skawina\/#website\",\"url\":\"https:\/\/leaderschool.pl\/skawina\/\",\"name\":\"w Skawinie - Leader School\",\"description\":\"\",\"potentialAction\":[{\"@type\":\"SearchAction\",\"target\":{\"@type\":\"EntryPoint\",\"urlTemplate\":\"https:\/\/leaderschool.pl\/skawina\/?s={search_term_string}\"},\"query-input\":\"required name=search_term_string\"}],\"inLanguage\":\"pl-PL\"},{\"@type\":\"WebPage\",\"@id\":\"https:\/\/leaderschool.pl\/skawina\/hiszpanski-dla-dzieci\/#webpage\",\"url\":\"https:\/\/leaderschool.pl\/skawina\/hiszpanski-dla-dzieci\/\",\"name\":\"Hiszpa\u0144ski dla dzieci w Skawinie - Leader School\",\"isPartOf\":{\"@id\":\"https:\/\/leaderschool.pl\/skawina\/#website\"},\"datePublished\":\"2022-07-23T13:13:13+00:00\",\"dateModified\":\"2022-07-28T19:14:19+00:00\",\"breadcrumb\":{\"@id\":\"https:\/\/leaderschool.pl\/skawina\/hiszpanski-dla-dzieci\/#breadcrumb\"},\"inLanguage\":\"pl-PL\",\"potentialAction\":[{\"@type\":\"ReadAction\",\"target\":[\"https:\/\/leaderschool.pl\/skawina\/hiszpanski-dla-dzieci\/\"]}]},{\"@type\":\"BreadcrumbList\",\"@id\":\"https:\/\/leaderschool.pl\/skawina\/hiszpanski-dla-dzieci\/#breadcrumb\",\"itemListElement\":[{\"@type\":\"ListItem\",\"position\":1,\"name\":\"Home\",\"item\":\"https:\/\/leaderschool.pl\/skawina\/\"},{\"@type\":\"ListItem\",\"position\":2,\"name\":\"Hiszpa\u0144ski dla dzieci\"}]}]}<\/script>\n<!-- \/ Yoast SEO plugin. -->","yoast_head_json":{"title":"Hiszpa\u0144ski dla dzieci w Skawinie - Leader School","robots":{"index":"index","follow":"follow","max-snippet":"max-snippet:-1","max-image-preview":"max-image-preview:large","max-video-preview":"max-video-preview:-1"},"canonical":"https:\/\/leaderschool.pl\/skawina\/hiszpanski-dla-dzieci\/","og_locale":"pl_PL","og_type":"article","og_title":"Hiszpa\u0144ski dla dzieci w Skawinie - Leader School","og_description":"J\u0119zyka obcego warto uczy\u0107 si\u0119 ju\u017c od najwcze\u015bniejszych lat. \u017beby nauka charakteryzowa\u0142a si\u0119 efektywno\u015bci\u0105 i by\u0142a dopasowana do potrzeb dzieci, powinna by\u0107 realizowana przyst\u0119pnej formie. Metody wykorzystywane w naszej szkole w Skawinie odznaczaj\u0105 si\u0119&nbsp; r\u00f3\u017cnorodno\u015bci\u0105 materia\u0142\u00f3w dydaktycznych i s\u0105 dobrane do wieku pociech. Na czym polega nauka hiszpa\u0144skiego dla dzieci w Leader School? Nauka hiszpa\u0144skiego [&hellip;]","og_url":"https:\/\/leaderschool.pl\/skawina\/hiszpanski-dla-dzieci\/","og_site_name":"w Skawinie - Leader School","article_modified_time":"2022-07-28T19:14:19+00:00","twitter_card":"summary_large_image","twitter_misc":{"Szacowany czas czytania":"3 minuty"},"schema":{"@context":"https:\/\/schema.org","@graph":[{"@type":"WebSite","@id":"https:\/\/leaderschool.pl\/skawina\/#website","url":"https:\/\/leaderschool.pl\/skawina\/","name":"w Skawinie - Leader School","description":"","potentialAction":[{"@type":"SearchAction","target":{"@type":"EntryPoint","urlTemplate":"https:\/\/leaderschool.pl\/skawina\/?s={search_term_string}"},"query-input":"required name=search_term_string"}],"inLanguage":"pl-PL"},{"@type":"WebPage","@id":"https:\/\/leaderschool.pl\/skawina\/hiszpanski-dla-dzieci\/#webpage","url":"https:\/\/leaderschool.pl\/skawina\/hiszpanski-dla-dzieci\/","name":"Hiszpa\u0144ski dla dzieci w Skawinie - Leader School","isPartOf":{"@id":"https:\/\/leaderschool.pl\/skawina\/#website"},"datePublished":"2022-07-23T13:13:13+00:00","dateModified":"2022-07-28T19:14:19+00:00","breadcrumb":{"@id":"https:\/\/leaderschool.pl\/skawina\/hiszpanski-dla-dzieci\/#breadcrumb"},"inLanguage":"pl-PL","potentialAction":[{"@type":"ReadAction","target":["https:\/\/leaderschool.pl\/skawina\/hiszpanski-dla-dzieci\/"]}]},{"@type":"BreadcrumbList","@id":"https:\/\/leaderschool.pl\/skawina\/hiszpanski-dla-dzieci\/#breadcrumb","itemListElement":[{"@type":"ListItem","position":1,"name":"Home","item":"https:\/\/leaderschool.pl\/skawina\/"},{"@type":"ListItem","position":2,"name":"Hiszpa\u0144ski dla dzieci"}]}]}},"_links":{"self":[{"href":"https:\/\/leaderschool.pl\/skawina\/wp-json\/wp\/v2\/pages\/2593"}],"collection":[{"href":"https:\/\/leaderschool.pl\/skawina\/wp-json\/wp\/v2\/pages"}],"about":[{"href":"https:\/\/leaderschool.pl\/skawina\/wp-json\/wp\/v2\/types\/page"}],"author":[{"embeddable":true,"href":"https:\/\/leaderschool.pl\/skawina\/wp-json\/wp\/v2\/users\/3"}],"replies":[{"embeddable":true,"href":"https:\/\/leaderschool.pl\/skawina\/wp-json\/wp\/v2\/comments?post=2593"}],"version-history":[{"count":2,"href":"https:\/\/leaderschool.pl\/skawina\/wp-json\/wp\/v2\/pages\/2593\/revisions"}],"predecessor-version":[{"id":2606,"href":"https:\/\/leaderschool.pl\/skawina\/wp-json\/wp\/v2\/pages\/2593\/revisions\/2606"}],"wp:attachment":[{"href":"https:\/\/leaderschool.pl\/skawina\/wp-json\/wp\/v2\/media?parent=2593"}],"curies":[{"name":"wp","href":"https:\/\/api.w.org\/{rel}","templated":true}]}}