{"id":3551,"date":"2026-01-19T14:14:21","date_gmt":"2026-01-19T13:14:21","guid":{"rendered":"https:\/\/leaderschool.pl\/poznan-winogrady\/?page_id=3551"},"modified":"2026-01-19T16:34:45","modified_gmt":"2026-01-19T15:34:45","slug":"polkolonie-dla-dzieci","status":"publish","type":"page","link":"https:\/\/leaderschool.pl\/poznan-winogrady\/kursy\/zajecia-dla-dzieci\/polkolonie-dla-dzieci\/","title":{"rendered":"P\u00f3\u0142kolonie dla dzieci"},"content":{"rendered":"\n<p>Je\u015bli chcesz zapisa\u0107 swoje dziecko na&nbsp;niezapomniane p\u00f3\u0142kolonie, to&nbsp;dobrze trafi\u0142e\u015b!<\/p>\n\n\n\n<p><strong>Organizujemy p\u00f3\u0142kolonie letnie oraz&nbsp;zimowe.<\/strong><\/p>\n\n\n\n<p>Zapewniamy nie&nbsp;tylko&nbsp;opiek\u0119 wykwalifikowanych lektor\u00f3w, ale&nbsp;r\u00f3wnie\u017c wy\u017cywienie, zaj\u0119cia j\u0119zykowe, oraz&nbsp;du\u017co wycieczek, zabawy i&nbsp;czasu na&nbsp;\u015bwie\u017cym powietrzu. Ka\u017cdy dzie\u0144 rozpoczynamy od&nbsp;zaj\u0119\u0107 j\u0119zykowych i&nbsp;rekreacyjnych, po&nbsp;kt\u00f3rych&nbsp;jest drugie&nbsp;\u015bniadanie. Nast\u0119pnie odbywaj\u0105 si\u0119 pozosta\u0142e zaj\u0119cia&nbsp;zgodnie z&nbsp;ofert\u0105 Leader School.<\/p>\n\n\n\n<p>Co&nbsp;roku staramy si\u0119 urozmaica\u0107 program p\u00f3\u0142kolonii, aby nasi stali uczestnicy z&nbsp;ch\u0119ci\u0105 i&nbsp;bez&nbsp;poczucia znudzenia brali w&nbsp;nich udzia\u0142! Wyj\u015bcia poza szko\u0142\u0119 planujemy ka\u017cdego dnia! W&nbsp;naszej ofercie organizowali\u015bmy dotychczas warsztaty kulinarne, wyj\u015bcia do&nbsp;Fabryki \u015amiechu Micha\u0142ek, do&nbsp;ZOO, ogniska, zabawy w&nbsp;escape room, laserowy paintball, zaj\u0119cia sportowe, rejsy statkiem po&nbsp;Warcie, wizyty w&nbsp;Parku Linowym lub na&nbsp;kr\u0119gielni.<\/p>\n\n\n\n<p>Dok\u0142adamy wszelkich stara\u0144, aby dzieci sp\u0119dza\u0142y czas\u00a0w\u00a0Leader School Pozna\u0144 Winogrady ciekawie, przyjemnie, rado\u015bnie, efektywnie i\u00a0bezpiecznie.<\/p>\n\n\n\n<div class=\"wp-container-1 wp-block-buttons alignwide\">\n<div class=\"wp-block-button aligncenter has-custom-width wp-block-button__width-75 has-custom-font-size is-style-fill has-large-font-size\"><a class=\"wp-block-button__link has-white-color has-midnight-gradient-background has-text-color has-background\" href=\"https:\/\/leaderschool.pl\/poznan-winogrady\/category\/dla-najmlodszych\/\">Poznaj aktualn\u0105 ofert\u0119<\/a><\/div>\n<\/div>\n\n\n\n<p><\/p>\n\n\n\n<figure class=\"wp-block-image size-large\"><img loading=\"lazy\" width=\"1024\" height=\"577\" src=\"data:image\/gif;base64,R0lGODlhAQABAAAAACH5BAEKAAEALAAAAAABAAEAAAICTAEAOw==\" alt=\"\" class=\"wp-image-3156 lazyload\" sizes=\"(max-width: 1024px) 100vw, 1024px\" data-src=\"https:\/\/leaderschool.pl\/poznan-winogrady\/wp-content\/uploads\/sites\/49\/2023\/04\/POLKOLONIE-LETNIE-2023-z-angielskim-9-1024x577.png\" data-srcset=\"https:\/\/leaderschool.pl\/poznan-winogrady\/wp-content\/uploads\/sites\/49\/2023\/04\/POLKOLONIE-LETNIE-2023-z-angielskim-9-1024x577.png 1024w, https:\/\/leaderschool.pl\/poznan-winogrady\/wp-content\/uploads\/sites\/49\/2023\/04\/POLKOLONIE-LETNIE-2023-z-angielskim-9-300x169.png 300w, https:\/\/leaderschool.pl\/poznan-winogrady\/wp-content\/uploads\/sites\/49\/2023\/04\/POLKOLONIE-LETNIE-2023-z-angielskim-9-768x433.png 768w, https:\/\/leaderschool.pl\/poznan-winogrady\/wp-content\/uploads\/sites\/49\/2023\/04\/POLKOLONIE-LETNIE-2023-z-angielskim-9-1536x865.png 1536w, https:\/\/leaderschool.pl\/poznan-winogrady\/wp-content\/uploads\/sites\/49\/2023\/04\/POLKOLONIE-LETNIE-2023-z-angielskim-9.png 1640w\"><\/figure>\n\n\n\n<figure class=\"wp-block-image size-large\"><img loading=\"lazy\" width=\"1024\" height=\"577\" src=\"data:image\/gif;base64,R0lGODlhAQABAAAAACH5BAEKAAEALAAAAAABAAEAAAICTAEAOw==\" alt=\"\" class=\"wp-image-3304 lazyload\" sizes=\"(max-width: 1024px) 100vw, 1024px\" data-src=\"https:\/\/leaderschool.pl\/poznan-winogrady\/wp-content\/uploads\/sites\/49\/2024\/05\/POLKOLONIE-LETNIE-2024-z-angielskim-2-1024x577.png\" data-srcset=\"https:\/\/leaderschool.pl\/poznan-winogrady\/wp-content\/uploads\/sites\/49\/2024\/05\/POLKOLONIE-LETNIE-2024-z-angielskim-2-1024x577.png 1024w, https:\/\/leaderschool.pl\/poznan-winogrady\/wp-content\/uploads\/sites\/49\/2024\/05\/POLKOLONIE-LETNIE-2024-z-angielskim-2-300x169.png 300w, https:\/\/leaderschool.pl\/poznan-winogrady\/wp-content\/uploads\/sites\/49\/2024\/05\/POLKOLONIE-LETNIE-2024-z-angielskim-2-768x433.png 768w, https:\/\/leaderschool.pl\/poznan-winogrady\/wp-content\/uploads\/sites\/49\/2024\/05\/POLKOLONIE-LETNIE-2024-z-angielskim-2-1536x865.png 1536w, https:\/\/leaderschool.pl\/poznan-winogrady\/wp-content\/uploads\/sites\/49\/2024\/05\/POLKOLONIE-LETNIE-2024-z-angielskim-2.png 1640w\"><\/figure>\n\n\n\n<figure class=\"wp-block-image size-large\"><img loading=\"lazy\" width=\"1024\" height=\"577\" src=\"data:image\/gif;base64,R0lGODlhAQABAAAAACH5BAEKAAEALAAAAAABAAEAAAICTAEAOw==\" alt=\"\" class=\"wp-image-3144 lazyload\" sizes=\"(max-width: 1024px) 100vw, 1024px\" data-src=\"https:\/\/leaderschool.pl\/poznan-winogrady\/wp-content\/uploads\/sites\/49\/2023\/04\/POLKOLONIE-LETNIE-2023-z-angielskim-6-3-1024x577.png\" data-srcset=\"https:\/\/leaderschool.pl\/poznan-winogrady\/wp-content\/uploads\/sites\/49\/2023\/04\/POLKOLONIE-LETNIE-2023-z-angielskim-6-3-1024x577.png 1024w, https:\/\/leaderschool.pl\/poznan-winogrady\/wp-content\/uploads\/sites\/49\/2023\/04\/POLKOLONIE-LETNIE-2023-z-angielskim-6-3-300x169.png 300w, https:\/\/leaderschool.pl\/poznan-winogrady\/wp-content\/uploads\/sites\/49\/2023\/04\/POLKOLONIE-LETNIE-2023-z-angielskim-6-3-768x433.png 768w, https:\/\/leaderschool.pl\/poznan-winogrady\/wp-content\/uploads\/sites\/49\/2023\/04\/POLKOLONIE-LETNIE-2023-z-angielskim-6-3-1536x865.png 1536w, https:\/\/leaderschool.pl\/poznan-winogrady\/wp-content\/uploads\/sites\/49\/2023\/04\/POLKOLONIE-LETNIE-2023-z-angielskim-6-3.png 1640w\"><\/figure>\n","protected":false},"excerpt":{"rendered":"<p>Je\u015bli chcesz zapisa\u0107 swoje dziecko na&nbsp;niezapomniane p\u00f3\u0142kolonie, to&nbsp;dobrze trafi\u0142e\u015b! Organizujemy p\u00f3\u0142kolonie letnie oraz&nbsp;zimowe. Zapewniamy nie&nbsp;tylko&nbsp;opiek\u0119 wykwalifikowanych lektor\u00f3w, ale&nbsp;r\u00f3wnie\u017c wy\u017cywienie, zaj\u0119cia j\u0119zykowe, oraz&nbsp;du\u017co wycieczek, zabawy i&nbsp;czasu na&nbsp;\u015bwie\u017cym powietrzu. Ka\u017cdy dzie\u0144 rozpoczynamy od&nbsp;zaj\u0119\u0107 j\u0119zykowych i&nbsp;rekreacyjnych, po&nbsp;kt\u00f3rych&nbsp;jest drugie&nbsp;\u015bniadanie. Nast\u0119pnie odbywaj\u0105 si\u0119 pozosta\u0142e zaj\u0119cia&nbsp;zgodnie z&nbsp;ofert\u0105 Leader School. Co&nbsp;roku staramy si\u0119 urozmaica\u0107 program p\u00f3\u0142kolonii, aby nasi stali uczestnicy z&nbsp;ch\u0119ci\u0105 i&nbsp;bez&nbsp;poczucia [&hellip;]<\/p>\n","protected":false},"author":13,"featured_media":0,"parent":1178,"menu_order":0,"comment_status":"closed","ping_status":"closed","template":"","meta":{"ngg_post_thumbnail":0},"acf":[],"yoast_head":"<!-- This site is optimized with the Yoast SEO plugin v18.9 - https:\/\/yoast.com\/wordpress\/plugins\/seo\/ -->\n<title>P\u00f3\u0142kolonie dla dzieci Leader School Pozna\u0144-Winogrady<\/title>\n<meta name=\"robots\" content=\"index, follow, max-snippet:-1, max-image-preview:large, max-video-preview:-1\" \/>\n<link rel=\"canonical\" href=\"https:\/\/leaderschool.pl\/poznan-winogrady\/kursy\/zajecia-dla-dzieci\/polkolonie-dla-dzieci\/\" \/>\n<meta property=\"og:locale\" content=\"pl_PL\" \/>\n<meta property=\"og:type\" content=\"article\" \/>\n<meta property=\"og:title\" content=\"P\u00f3\u0142kolonie dla dzieci Leader School Pozna\u0144-Winogrady\" \/>\n<meta property=\"og:description\" content=\"Je\u015bli chcesz zapisa\u0107 swoje dziecko na&nbsp;niezapomniane p\u00f3\u0142kolonie, to&nbsp;dobrze trafi\u0142e\u015b! Organizujemy p\u00f3\u0142kolonie letnie oraz&nbsp;zimowe. Zapewniamy nie&nbsp;tylko&nbsp;opiek\u0119 wykwalifikowanych lektor\u00f3w, ale&nbsp;r\u00f3wnie\u017c wy\u017cywienie, zaj\u0119cia j\u0119zykowe, oraz&nbsp;du\u017co wycieczek, zabawy i&nbsp;czasu na&nbsp;\u015bwie\u017cym powietrzu. Ka\u017cdy dzie\u0144 rozpoczynamy od&nbsp;zaj\u0119\u0107 j\u0119zykowych i&nbsp;rekreacyjnych, po&nbsp;kt\u00f3rych&nbsp;jest drugie&nbsp;\u015bniadanie. Nast\u0119pnie odbywaj\u0105 si\u0119 pozosta\u0142e zaj\u0119cia&nbsp;zgodnie z&nbsp;ofert\u0105 Leader School. Co&nbsp;roku staramy si\u0119 urozmaica\u0107 program p\u00f3\u0142kolonii, aby nasi stali uczestnicy z&nbsp;ch\u0119ci\u0105 i&nbsp;bez&nbsp;poczucia [&hellip;]\" \/>\n<meta property=\"og:url\" content=\"https:\/\/leaderschool.pl\/poznan-winogrady\/kursy\/zajecia-dla-dzieci\/polkolonie-dla-dzieci\/\" \/>\n<meta property=\"og:site_name\" content=\"Leader School Pozna\u0144-Winogrady\" \/>\n<meta property=\"article:modified_time\" content=\"2026-01-19T15:34:45+00:00\" \/>\n<meta property=\"og:image\" content=\"https:\/\/leaderschool.pl\/poznan-winogrady\/wp-content\/uploads\/sites\/49\/2023\/04\/POLKOLONIE-LETNIE-2023-z-angielskim-9-1024x577.png\" \/>\n<meta name=\"twitter:card\" content=\"summary_large_image\" \/>\n<meta name=\"twitter:label1\" content=\"Szacowany czas czytania\" \/>\n\t<meta name=\"twitter:data1\" content=\"2 minuty\" \/>\n<script type=\"application\/ld+json\" class=\"yoast-schema-graph\">{\"@context\":\"https:\/\/schema.org\",\"@graph\":[{\"@type\":\"WebSite\",\"@id\":\"https:\/\/leaderschool.pl\/poznan-winogrady\/#website\",\"url\":\"https:\/\/leaderschool.pl\/poznan-winogrady\/\",\"name\":\"Leader School Pozna\u0144-Winogrady\",\"description\":\"\",\"potentialAction\":[{\"@type\":\"SearchAction\",\"target\":{\"@type\":\"EntryPoint\",\"urlTemplate\":\"https:\/\/leaderschool.pl\/poznan-winogrady\/?s={search_term_string}\"},\"query-input\":\"required name=search_term_string\"}],\"inLanguage\":\"pl-PL\"},{\"@type\":\"ImageObject\",\"inLanguage\":\"pl-PL\",\"@id\":\"https:\/\/leaderschool.pl\/poznan-winogrady\/kursy\/zajecia-dla-dzieci\/polkolonie-dla-dzieci\/#primaryimage\",\"url\":\"https:\/\/leaderschool.pl\/poznan-winogrady\/wp-content\/uploads\/sites\/49\/2023\/04\/POLKOLONIE-LETNIE-2023-z-angielskim-9.png\",\"contentUrl\":\"https:\/\/leaderschool.pl\/poznan-winogrady\/wp-content\/uploads\/sites\/49\/2023\/04\/POLKOLONIE-LETNIE-2023-z-angielskim-9.png\",\"width\":1640,\"height\":924},{\"@type\":\"WebPage\",\"@id\":\"https:\/\/leaderschool.pl\/poznan-winogrady\/kursy\/zajecia-dla-dzieci\/polkolonie-dla-dzieci\/#webpage\",\"url\":\"https:\/\/leaderschool.pl\/poznan-winogrady\/kursy\/zajecia-dla-dzieci\/polkolonie-dla-dzieci\/\",\"name\":\"P\u00f3\u0142kolonie dla dzieci Leader School Pozna\u0144-Winogrady\",\"isPartOf\":{\"@id\":\"https:\/\/leaderschool.pl\/poznan-winogrady\/#website\"},\"primaryImageOfPage\":{\"@id\":\"https:\/\/leaderschool.pl\/poznan-winogrady\/kursy\/zajecia-dla-dzieci\/polkolonie-dla-dzieci\/#primaryimage\"},\"datePublished\":\"2026-01-19T13:14:21+00:00\",\"dateModified\":\"2026-01-19T15:34:45+00:00\",\"breadcrumb\":{\"@id\":\"https:\/\/leaderschool.pl\/poznan-winogrady\/kursy\/zajecia-dla-dzieci\/polkolonie-dla-dzieci\/#breadcrumb\"},\"inLanguage\":\"pl-PL\",\"potentialAction\":[{\"@type\":\"ReadAction\",\"target\":[\"https:\/\/leaderschool.pl\/poznan-winogrady\/kursy\/zajecia-dla-dzieci\/polkolonie-dla-dzieci\/\"]}]},{\"@type\":\"BreadcrumbList\",\"@id\":\"https:\/\/leaderschool.pl\/poznan-winogrady\/kursy\/zajecia-dla-dzieci\/polkolonie-dla-dzieci\/#breadcrumb\",\"itemListElement\":[{\"@type\":\"ListItem\",\"position\":1,\"name\":\"Home\",\"item\":\"https:\/\/leaderschool.pl\/poznan-winogrady\/\"},{\"@type\":\"ListItem\",\"position\":2,\"name\":\"Kursy\",\"item\":\"https:\/\/leaderschool.pl\/poznan-winogrady\/kursy\/\"},{\"@type\":\"ListItem\",\"position\":3,\"name\":\"Zaj\u0119cia dla dzieci\",\"item\":\"https:\/\/leaderschool.pl\/poznan-winogrady\/kursy\/zajecia-dla-dzieci\/\"},{\"@type\":\"ListItem\",\"position\":4,\"name\":\"P\u00f3\u0142kolonie dla dzieci\"}]}]}<\/script>\n<!-- \/ Yoast SEO plugin. -->","yoast_head_json":{"title":"P\u00f3\u0142kolonie dla dzieci Leader School Pozna\u0144-Winogrady","robots":{"index":"index","follow":"follow","max-snippet":"max-snippet:-1","max-image-preview":"max-image-preview:large","max-video-preview":"max-video-preview:-1"},"canonical":"https:\/\/leaderschool.pl\/poznan-winogrady\/kursy\/zajecia-dla-dzieci\/polkolonie-dla-dzieci\/","og_locale":"pl_PL","og_type":"article","og_title":"P\u00f3\u0142kolonie dla dzieci Leader School Pozna\u0144-Winogrady","og_description":"Je\u015bli chcesz zapisa\u0107 swoje dziecko na&nbsp;niezapomniane p\u00f3\u0142kolonie, to&nbsp;dobrze trafi\u0142e\u015b! Organizujemy p\u00f3\u0142kolonie letnie oraz&nbsp;zimowe. Zapewniamy nie&nbsp;tylko&nbsp;opiek\u0119 wykwalifikowanych lektor\u00f3w, ale&nbsp;r\u00f3wnie\u017c wy\u017cywienie, zaj\u0119cia j\u0119zykowe, oraz&nbsp;du\u017co wycieczek, zabawy i&nbsp;czasu na&nbsp;\u015bwie\u017cym powietrzu. Ka\u017cdy dzie\u0144 rozpoczynamy od&nbsp;zaj\u0119\u0107 j\u0119zykowych i&nbsp;rekreacyjnych, po&nbsp;kt\u00f3rych&nbsp;jest drugie&nbsp;\u015bniadanie. Nast\u0119pnie odbywaj\u0105 si\u0119 pozosta\u0142e zaj\u0119cia&nbsp;zgodnie z&nbsp;ofert\u0105 Leader School. Co&nbsp;roku staramy si\u0119 urozmaica\u0107 program p\u00f3\u0142kolonii, aby nasi stali uczestnicy z&nbsp;ch\u0119ci\u0105 i&nbsp;bez&nbsp;poczucia [&hellip;]","og_url":"https:\/\/leaderschool.pl\/poznan-winogrady\/kursy\/zajecia-dla-dzieci\/polkolonie-dla-dzieci\/","og_site_name":"Leader School Pozna\u0144-Winogrady","article_modified_time":"2026-01-19T15:34:45+00:00","og_image":[{"url":"https:\/\/leaderschool.pl\/poznan-winogrady\/wp-content\/uploads\/sites\/49\/2023\/04\/POLKOLONIE-LETNIE-2023-z-angielskim-9-1024x577.png"}],"twitter_card":"summary_large_image","twitter_misc":{"Szacowany czas czytania":"2 minuty"},"schema":{"@context":"https:\/\/schema.org","@graph":[{"@type":"WebSite","@id":"https:\/\/leaderschool.pl\/poznan-winogrady\/#website","url":"https:\/\/leaderschool.pl\/poznan-winogrady\/","name":"Leader School Pozna\u0144-Winogrady","description":"","potentialAction":[{"@type":"SearchAction","target":{"@type":"EntryPoint","urlTemplate":"https:\/\/leaderschool.pl\/poznan-winogrady\/?s={search_term_string}"},"query-input":"required name=search_term_string"}],"inLanguage":"pl-PL"},{"@type":"ImageObject","inLanguage":"pl-PL","@id":"https:\/\/leaderschool.pl\/poznan-winogrady\/kursy\/zajecia-dla-dzieci\/polkolonie-dla-dzieci\/#primaryimage","url":"https:\/\/leaderschool.pl\/poznan-winogrady\/wp-content\/uploads\/sites\/49\/2023\/04\/POLKOLONIE-LETNIE-2023-z-angielskim-9.png","contentUrl":"https:\/\/leaderschool.pl\/poznan-winogrady\/wp-content\/uploads\/sites\/49\/2023\/04\/POLKOLONIE-LETNIE-2023-z-angielskim-9.png","width":1640,"height":924},{"@type":"WebPage","@id":"https:\/\/leaderschool.pl\/poznan-winogrady\/kursy\/zajecia-dla-dzieci\/polkolonie-dla-dzieci\/#webpage","url":"https:\/\/leaderschool.pl\/poznan-winogrady\/kursy\/zajecia-dla-dzieci\/polkolonie-dla-dzieci\/","name":"P\u00f3\u0142kolonie dla dzieci Leader School Pozna\u0144-Winogrady","isPartOf":{"@id":"https:\/\/leaderschool.pl\/poznan-winogrady\/#website"},"primaryImageOfPage":{"@id":"https:\/\/leaderschool.pl\/poznan-winogrady\/kursy\/zajecia-dla-dzieci\/polkolonie-dla-dzieci\/#primaryimage"},"datePublished":"2026-01-19T13:14:21+00:00","dateModified":"2026-01-19T15:34:45+00:00","breadcrumb":{"@id":"https:\/\/leaderschool.pl\/poznan-winogrady\/kursy\/zajecia-dla-dzieci\/polkolonie-dla-dzieci\/#breadcrumb"},"inLanguage":"pl-PL","potentialAction":[{"@type":"ReadAction","target":["https:\/\/leaderschool.pl\/poznan-winogrady\/kursy\/zajecia-dla-dzieci\/polkolonie-dla-dzieci\/"]}]},{"@type":"BreadcrumbList","@id":"https:\/\/leaderschool.pl\/poznan-winogrady\/kursy\/zajecia-dla-dzieci\/polkolonie-dla-dzieci\/#breadcrumb","itemListElement":[{"@type":"ListItem","position":1,"name":"Home","item":"https:\/\/leaderschool.pl\/poznan-winogrady\/"},{"@type":"ListItem","position":2,"name":"Kursy","item":"https:\/\/leaderschool.pl\/poznan-winogrady\/kursy\/"},{"@type":"ListItem","position":3,"name":"Zaj\u0119cia dla dzieci","item":"https:\/\/leaderschool.pl\/poznan-winogrady\/kursy\/zajecia-dla-dzieci\/"},{"@type":"ListItem","position":4,"name":"P\u00f3\u0142kolonie dla dzieci"}]}]}},"_links":{"self":[{"href":"https:\/\/leaderschool.pl\/poznan-winogrady\/wp-json\/wp\/v2\/pages\/3551"}],"collection":[{"href":"https:\/\/leaderschool.pl\/poznan-winogrady\/wp-json\/wp\/v2\/pages"}],"about":[{"href":"https:\/\/leaderschool.pl\/poznan-winogrady\/wp-json\/wp\/v2\/types\/page"}],"author":[{"embeddable":true,"href":"https:\/\/leaderschool.pl\/poznan-winogrady\/wp-json\/wp\/v2\/users\/13"}],"replies":[{"embeddable":true,"href":"https:\/\/leaderschool.pl\/poznan-winogrady\/wp-json\/wp\/v2\/comments?post=3551"}],"version-history":[{"count":6,"href":"https:\/\/leaderschool.pl\/poznan-winogrady\/wp-json\/wp\/v2\/pages\/3551\/revisions"}],"predecessor-version":[{"id":3576,"href":"https:\/\/leaderschool.pl\/poznan-winogrady\/wp-json\/wp\/v2\/pages\/3551\/revisions\/3576"}],"up":[{"embeddable":true,"href":"https:\/\/leaderschool.pl\/poznan-winogrady\/wp-json\/wp\/v2\/pages\/1178"}],"wp:attachment":[{"href":"https:\/\/leaderschool.pl\/poznan-winogrady\/wp-json\/wp\/v2\/media?parent=3551"}],"curies":[{"name":"wp","href":"https:\/\/api.w.org\/{rel}","templated":true}]}}