{"id":2694,"date":"2022-09-28T11:27:51","date_gmt":"2022-09-28T09:27:51","guid":{"rendered":"https:\/\/leaderschool.pl\/poznan-winogrady\/?page_id=2694"},"modified":"2023-08-28T18:02:20","modified_gmt":"2023-08-28T16:02:20","slug":"egzamin-osmoklasisty","status":"publish","type":"page","link":"https:\/\/leaderschool.pl\/poznan-winogrady\/egzamin-osmoklasisty\/","title":{"rendered":"Egzamin \u00f3smoklasisty"},"content":{"rendered":"\n<p>Ko\u0144czysz szko\u0142\u0119 podstawow\u0105? Chcesz zda\u0107 egzamin z\u00a0j\u0119zyka angielskiego z\u00a0jak najlepszym wynikiem? Teraz mo\u017cesz <strong>przygotowa\u0107 si\u0119 do\u00a0egzaminu \u00f3smoklasisty z\u00a0angielskiego<\/strong>\u00a0w\u00a0Leader School Winogrady.<\/p>\n\n\n\n<p>Lekcje j\u0119zyka obcego w&nbsp;szkole cz\u0119sto nie&nbsp;wystarcz\u0105, aby umo\u017cliwi\u0107 jego opanowanie na&nbsp;takim poziomie, jak chcia\u0142by tego ucze\u0144.&nbsp;<strong>Zaj\u0119cia dodatkowe z&nbsp;j\u0119zyka angielskiego<\/strong>&nbsp;pozwalaj\u0105 na&nbsp;rozszerzenie og\u00f3lnej wiedzy oraz&nbsp;nadrobienie ewentualnych zaleg\u0142o\u015bci.<\/p>\n\n\n\n<p>Pracujemy metod\u0105 komunikacyjn\u0105. Z&nbsp;nami opanujesz prawid\u0142ow\u0105 wymow\u0119 i&nbsp;poprawisz umiej\u0119tno\u015bci konwersacji. Szybciej zrozumiesz kierowane do&nbsp;Ciebie wypowiedzi w&nbsp;j\u0119zyku angielskim i&nbsp;zaczniesz sprawnie odpowiada\u0107 na&nbsp;pytania.<\/p>\n\n\n\n<h3>Przygotowanie do&nbsp;egzaminu \u00f3smoklasisty- jakich umiej\u0119tno\u015bci potrzebujesz?<\/h3>\n\n\n\n<p>Egzamin \u00f3smoklasisty trwa 90 minut i sk\u0142ada si\u0119 z 45-55 zada\u0144 uj\u0119tych w 12-15 wi\u0105zek.  W arkuszu egzaminacyjnym znajduj\u0105 si\u0119 zadania zamkni\u0119te, w kt\u00f3rych ucze\u0144 wybiera odpowied\u017a spo\u015br\u00f3d podanych, i zadania otwarte, w kt\u00f3rych ucze\u0144 samodzielnie j\u0105 formu\u0142uje.<\/p>\n\n\n\n<p>Arkusz egzaminacyjny z j\u0119zyka obcego nowo\u017cytnego obejmuje nast\u0119puj\u0105ce cz\u0119\u015bci:<br>\u2022 Rozumienie ze s\u0142uchu<br>\u2022 Znajomo\u015b\u0107 funkcji j\u0119zykowych<br>\u2022 Rozumienie tekst\u00f3w pisanych<br>\u2022 Znajomo\u015b\u0107 \u015brodk\u00f3w j\u0119zykowych<br>\u2022 Wypowied\u017a pisemna.<\/p>\n\n\n\n<p>Czujesz, \u017ce\u00a0kt\u00f3ry\u015b z\u00a0tych aspekt\u00f3w budzi Tw\u00f3j\u00a0niepok\u00f3j? Zaufaj nam. Wszystkie umiej\u0119tno\u015bci potrzebne na\u00a0egzaminie \u00f3smoklasisty, mo\u017cesz prze\u0107wiczy\u0107 i\u00a0utrwali\u0107\u00a0<strong>w\u00a0szkole j\u0119zykowej<\/strong> Leader School Winogrady.<\/p>\n\n\n\n<p>Uczniowie potwierdzaj\u0105, \u017ce&nbsp;nauka w&nbsp;naszej szkole jest nie&nbsp;tylko&nbsp;przyjemna, ale&nbsp;i&nbsp;efektywna. Wida\u0107 to&nbsp;najlepiej po&nbsp;wynikach egzamin\u00f3w i&nbsp;po&nbsp;tym, \u017ce&nbsp;po&nbsp;roku czy&nbsp;dw\u00f3ch latach przychodzi do&nbsp;nas m\u0142odsze rodze\u0144stwo kursant\u00f3w.<\/p>\n\n\n\n<h3>Egzamin \u00f3smoklasisty &#8211; jak uczymy?<\/h3>\n\n\n\n<p>W\u00a0ramach\u00a0<strong>kursu przygotowuj\u0105cego do\u00a0egzaminu \u00f3smoklasisty w\u00a0Leader School<\/strong>\u00a0proponujemy zaj\u0119cia w\u00a0niewielkich grupach. Specyfika grupy pozwala uczniom na\u00a0efektywne przyswajanie wiedzy. Je\u017celi jednak uwa\u017casz, \u017ce\u00a0lepsza jest dla Ciebie praca samodzielna, dobierzemy dla Ciebie zaj\u0119cia indywidualne.\u00a0<\/p>\n\n\n\n<p>Pracujemy zgodnie z&nbsp;wytycznymi Centralnej Komisji Egzaminacyjnej przewidzianymi na&nbsp;dany rok. Wed\u0142ug tego klucza uczymy naszych kursant\u00f3w. Lekcje przeprowadzaj\u0105&nbsp;<strong>do\u015bwiadczeni nauczyciele<\/strong>, kt\u00f3rzy&nbsp;s\u0105&nbsp;egzaminatorami. Program jest dostosowany do&nbsp;stopnia zaawansowania ucznia.&nbsp;<\/p>\n\n\n\n<p>Pracujemy w&nbsp;ma\u0142ych grupach. Mamy&nbsp;<strong>elastyczny grafik<\/strong>&nbsp;zaj\u0119\u0107. Mo\u017cemy dostosowa\u0107 go&nbsp;do&nbsp;mo\u017cliwo\u015bci ucznia. Podczas trwania kursu uczniowie korzystaj\u0105 z&nbsp;bogatych&nbsp;<strong>materia\u0142\u00f3w dydaktycznych<\/strong>. Kurs trwa rok lub 2 lata. D\u0142ugo\u015b\u0107 kursu zale\u017cy od&nbsp;tego, w&nbsp;kt\u00f3rej&nbsp;klasie go&nbsp;rozpoczniesz.<\/p>\n\n\n\n<h3>Egzamin \u00f3smoklasisty-co zyskasz na&nbsp;zaj\u0119ciach dodatkowych z&nbsp;angielskiego?<\/h3>\n\n\n\n<p>Przede wszystkim uporz\u0105dkujesz swoj\u0105 wiedz\u0119 i&nbsp;prze\u0107wiczysz to, co&nbsp;sprawia Ci&nbsp;trudno\u015b\u0107. Dodatkowo:<\/p>\n\n\n\n<ul><li>prze\u0142amiesz barier\u0119 j\u0119zykow\u0105 i&nbsp;zaczniesz swobodnie m\u00f3wi\u0107<\/li><li>poszerzysz sw\u00f3j zas\u00f3b s\u0142\u00f3w i&nbsp;zwrot\u00f3w<\/li><li>os\u0142uchasz si\u0119 z&nbsp;j\u0119zykiem angielskim<\/li><li>nauczysz si\u0119 uczy\u0107- poznasz nasze sposoby na&nbsp;skuteczn\u0105 nauk\u0119<\/li><li>umiej\u0119tno\u015bci j\u0119zykowe wykorzystasz r\u00f3wnie\u017c na&nbsp;wakacjach czy&nbsp;podczas dalszej edukacji.<\/li><\/ul>\n\n\n\n<p>Wci\u0105\u017c nie\u00a0masz pewno\u015bci, czy\u00a0poradzisz sobie na\u00a0egzaminie? Chcesz mie\u0107 gwarancj\u0119 \u015bwietnego przygotowania, zanim przyst\u0105pisz do\u00a0testu? Zapraszamy do\u00a0Leader School Winogrady ul. Prze\u0142ajowa 2.<\/p>\n\n\n\n<p><\/p>\n\n\n\n<p><\/p>\n","protected":false},"excerpt":{"rendered":"<p>Ko\u0144czysz szko\u0142\u0119 podstawow\u0105? Chcesz zda\u0107 egzamin z\u00a0j\u0119zyka angielskiego z\u00a0jak najlepszym wynikiem? Teraz mo\u017cesz przygotowa\u0107 si\u0119 do\u00a0egzaminu \u00f3smoklasisty z\u00a0angielskiego\u00a0w\u00a0Leader School Winogrady. Lekcje j\u0119zyka obcego w&nbsp;szkole cz\u0119sto nie&nbsp;wystarcz\u0105, aby umo\u017cliwi\u0107 jego opanowanie na&nbsp;takim poziomie, jak chcia\u0142by tego ucze\u0144.&nbsp;Zaj\u0119cia dodatkowe z&nbsp;j\u0119zyka angielskiego&nbsp;pozwalaj\u0105 na&nbsp;rozszerzenie og\u00f3lnej wiedzy oraz&nbsp;nadrobienie ewentualnych zaleg\u0142o\u015bci. Pracujemy metod\u0105 komunikacyjn\u0105. Z&nbsp;nami opanujesz prawid\u0142ow\u0105 wymow\u0119 i&nbsp;poprawisz umiej\u0119tno\u015bci konwersacji. [&hellip;]<\/p>\n","protected":false},"author":3,"featured_media":0,"parent":0,"menu_order":0,"comment_status":"closed","ping_status":"closed","template":"","meta":{"ngg_post_thumbnail":0},"acf":[],"yoast_head":"<!-- This site is optimized with the Yoast SEO plugin v18.9 - https:\/\/yoast.com\/wordpress\/plugins\/seo\/ -->\n<title>Egzamin \u00f3smoklasisty Leader School Pozna\u0144-Winogrady<\/title>\n<meta name=\"robots\" content=\"index, follow, max-snippet:-1, max-image-preview:large, max-video-preview:-1\" \/>\n<link rel=\"canonical\" href=\"https:\/\/leaderschool.pl\/poznan-winogrady\/egzamin-osmoklasisty\/\" \/>\n<meta property=\"og:locale\" content=\"pl_PL\" \/>\n<meta property=\"og:type\" content=\"article\" \/>\n<meta property=\"og:title\" content=\"Egzamin \u00f3smoklasisty Leader School Pozna\u0144-Winogrady\" \/>\n<meta property=\"og:description\" content=\"Ko\u0144czysz szko\u0142\u0119 podstawow\u0105? Chcesz zda\u0107 egzamin z\u00a0j\u0119zyka angielskiego z\u00a0jak najlepszym wynikiem? Teraz mo\u017cesz przygotowa\u0107 si\u0119 do\u00a0egzaminu \u00f3smoklasisty z\u00a0angielskiego\u00a0w\u00a0Leader School Winogrady. Lekcje j\u0119zyka obcego w&nbsp;szkole cz\u0119sto nie&nbsp;wystarcz\u0105, aby umo\u017cliwi\u0107 jego opanowanie na&nbsp;takim poziomie, jak chcia\u0142by tego ucze\u0144.&nbsp;Zaj\u0119cia dodatkowe z&nbsp;j\u0119zyka angielskiego&nbsp;pozwalaj\u0105 na&nbsp;rozszerzenie og\u00f3lnej wiedzy oraz&nbsp;nadrobienie ewentualnych zaleg\u0142o\u015bci. Pracujemy metod\u0105 komunikacyjn\u0105. Z&nbsp;nami opanujesz prawid\u0142ow\u0105 wymow\u0119 i&nbsp;poprawisz umiej\u0119tno\u015bci konwersacji. [&hellip;]\" \/>\n<meta property=\"og:url\" content=\"https:\/\/leaderschool.pl\/poznan-winogrady\/egzamin-osmoklasisty\/\" \/>\n<meta property=\"og:site_name\" content=\"Leader School Pozna\u0144-Winogrady\" \/>\n<meta property=\"article:modified_time\" content=\"2023-08-28T16:02:20+00:00\" \/>\n<meta name=\"twitter:card\" content=\"summary_large_image\" \/>\n<meta name=\"twitter:label1\" content=\"Szacowany czas czytania\" \/>\n\t<meta name=\"twitter:data1\" content=\"3 minuty\" \/>\n<script type=\"application\/ld+json\" class=\"yoast-schema-graph\">{\"@context\":\"https:\/\/schema.org\",\"@graph\":[{\"@type\":\"WebSite\",\"@id\":\"https:\/\/leaderschool.pl\/poznan-winogrady\/#website\",\"url\":\"https:\/\/leaderschool.pl\/poznan-winogrady\/\",\"name\":\"Leader School Pozna\u0144-Winogrady\",\"description\":\"\",\"potentialAction\":[{\"@type\":\"SearchAction\",\"target\":{\"@type\":\"EntryPoint\",\"urlTemplate\":\"https:\/\/leaderschool.pl\/poznan-winogrady\/?s={search_term_string}\"},\"query-input\":\"required name=search_term_string\"}],\"inLanguage\":\"pl-PL\"},{\"@type\":\"WebPage\",\"@id\":\"https:\/\/leaderschool.pl\/poznan-winogrady\/egzamin-osmoklasisty\/#webpage\",\"url\":\"https:\/\/leaderschool.pl\/poznan-winogrady\/egzamin-osmoklasisty\/\",\"name\":\"Egzamin \u00f3smoklasisty Leader School Pozna\u0144-Winogrady\",\"isPartOf\":{\"@id\":\"https:\/\/leaderschool.pl\/poznan-winogrady\/#website\"},\"datePublished\":\"2022-09-28T09:27:51+00:00\",\"dateModified\":\"2023-08-28T16:02:20+00:00\",\"breadcrumb\":{\"@id\":\"https:\/\/leaderschool.pl\/poznan-winogrady\/egzamin-osmoklasisty\/#breadcrumb\"},\"inLanguage\":\"pl-PL\",\"potentialAction\":[{\"@type\":\"ReadAction\",\"target\":[\"https:\/\/leaderschool.pl\/poznan-winogrady\/egzamin-osmoklasisty\/\"]}]},{\"@type\":\"BreadcrumbList\",\"@id\":\"https:\/\/leaderschool.pl\/poznan-winogrady\/egzamin-osmoklasisty\/#breadcrumb\",\"itemListElement\":[{\"@type\":\"ListItem\",\"position\":1,\"name\":\"Home\",\"item\":\"https:\/\/leaderschool.pl\/poznan-winogrady\/\"},{\"@type\":\"ListItem\",\"position\":2,\"name\":\"Egzamin \u00f3smoklasisty\"}]}]}<\/script>\n<!-- \/ Yoast SEO plugin. -->","yoast_head_json":{"title":"Egzamin \u00f3smoklasisty Leader School Pozna\u0144-Winogrady","robots":{"index":"index","follow":"follow","max-snippet":"max-snippet:-1","max-image-preview":"max-image-preview:large","max-video-preview":"max-video-preview:-1"},"canonical":"https:\/\/leaderschool.pl\/poznan-winogrady\/egzamin-osmoklasisty\/","og_locale":"pl_PL","og_type":"article","og_title":"Egzamin \u00f3smoklasisty Leader School Pozna\u0144-Winogrady","og_description":"Ko\u0144czysz szko\u0142\u0119 podstawow\u0105? Chcesz zda\u0107 egzamin z\u00a0j\u0119zyka angielskiego z\u00a0jak najlepszym wynikiem? Teraz mo\u017cesz przygotowa\u0107 si\u0119 do\u00a0egzaminu \u00f3smoklasisty z\u00a0angielskiego\u00a0w\u00a0Leader School Winogrady. Lekcje j\u0119zyka obcego w&nbsp;szkole cz\u0119sto nie&nbsp;wystarcz\u0105, aby umo\u017cliwi\u0107 jego opanowanie na&nbsp;takim poziomie, jak chcia\u0142by tego ucze\u0144.&nbsp;Zaj\u0119cia dodatkowe z&nbsp;j\u0119zyka angielskiego&nbsp;pozwalaj\u0105 na&nbsp;rozszerzenie og\u00f3lnej wiedzy oraz&nbsp;nadrobienie ewentualnych zaleg\u0142o\u015bci. Pracujemy metod\u0105 komunikacyjn\u0105. Z&nbsp;nami opanujesz prawid\u0142ow\u0105 wymow\u0119 i&nbsp;poprawisz umiej\u0119tno\u015bci konwersacji. [&hellip;]","og_url":"https:\/\/leaderschool.pl\/poznan-winogrady\/egzamin-osmoklasisty\/","og_site_name":"Leader School Pozna\u0144-Winogrady","article_modified_time":"2023-08-28T16:02:20+00:00","twitter_card":"summary_large_image","twitter_misc":{"Szacowany czas czytania":"3 minuty"},"schema":{"@context":"https:\/\/schema.org","@graph":[{"@type":"WebSite","@id":"https:\/\/leaderschool.pl\/poznan-winogrady\/#website","url":"https:\/\/leaderschool.pl\/poznan-winogrady\/","name":"Leader School Pozna\u0144-Winogrady","description":"","potentialAction":[{"@type":"SearchAction","target":{"@type":"EntryPoint","urlTemplate":"https:\/\/leaderschool.pl\/poznan-winogrady\/?s={search_term_string}"},"query-input":"required name=search_term_string"}],"inLanguage":"pl-PL"},{"@type":"WebPage","@id":"https:\/\/leaderschool.pl\/poznan-winogrady\/egzamin-osmoklasisty\/#webpage","url":"https:\/\/leaderschool.pl\/poznan-winogrady\/egzamin-osmoklasisty\/","name":"Egzamin \u00f3smoklasisty Leader School Pozna\u0144-Winogrady","isPartOf":{"@id":"https:\/\/leaderschool.pl\/poznan-winogrady\/#website"},"datePublished":"2022-09-28T09:27:51+00:00","dateModified":"2023-08-28T16:02:20+00:00","breadcrumb":{"@id":"https:\/\/leaderschool.pl\/poznan-winogrady\/egzamin-osmoklasisty\/#breadcrumb"},"inLanguage":"pl-PL","potentialAction":[{"@type":"ReadAction","target":["https:\/\/leaderschool.pl\/poznan-winogrady\/egzamin-osmoklasisty\/"]}]},{"@type":"BreadcrumbList","@id":"https:\/\/leaderschool.pl\/poznan-winogrady\/egzamin-osmoklasisty\/#breadcrumb","itemListElement":[{"@type":"ListItem","position":1,"name":"Home","item":"https:\/\/leaderschool.pl\/poznan-winogrady\/"},{"@type":"ListItem","position":2,"name":"Egzamin \u00f3smoklasisty"}]}]}},"_links":{"self":[{"href":"https:\/\/leaderschool.pl\/poznan-winogrady\/wp-json\/wp\/v2\/pages\/2694"}],"collection":[{"href":"https:\/\/leaderschool.pl\/poznan-winogrady\/wp-json\/wp\/v2\/pages"}],"about":[{"href":"https:\/\/leaderschool.pl\/poznan-winogrady\/wp-json\/wp\/v2\/types\/page"}],"author":[{"embeddable":true,"href":"https:\/\/leaderschool.pl\/poznan-winogrady\/wp-json\/wp\/v2\/users\/3"}],"replies":[{"embeddable":true,"href":"https:\/\/leaderschool.pl\/poznan-winogrady\/wp-json\/wp\/v2\/comments?post=2694"}],"version-history":[{"count":2,"href":"https:\/\/leaderschool.pl\/poznan-winogrady\/wp-json\/wp\/v2\/pages\/2694\/revisions"}],"predecessor-version":[{"id":3227,"href":"https:\/\/leaderschool.pl\/poznan-winogrady\/wp-json\/wp\/v2\/pages\/2694\/revisions\/3227"}],"wp:attachment":[{"href":"https:\/\/leaderschool.pl\/poznan-winogrady\/wp-json\/wp\/v2\/media?parent=2694"}],"curies":[{"name":"wp","href":"https:\/\/api.w.org\/{rel}","templated":true}]}}