{"id":2693,"date":"2022-09-28T11:29:48","date_gmt":"2022-09-28T09:29:48","guid":{"rendered":"https:\/\/leaderschool.pl\/poznan-winogrady\/?page_id=2693"},"modified":"2022-09-28T11:29:48","modified_gmt":"2022-09-28T09:29:48","slug":"kursy-maturalne","status":"publish","type":"page","link":"https:\/\/leaderschool.pl\/poznan-winogrady\/kursy-maturalne\/","title":{"rendered":"Kursy maturalne"},"content":{"rendered":"\n<p>Chcesz, \u017ceby\u00a0Twoje\u00a0dziecko przygotowa\u0142o si\u0119 lepiej do\u00a0matury z\u00a0j\u0119zyka angielskiego? Prowadzimy zaj\u0119cia przygotowawcze do\u00a0matury z\u00a0angielskiego na\u00a0poziomie podstawowym i\u00a0rozszerzonym.<\/p>\n\n\n\n<p><strong>Nauczymy Twoje\u00a0dziecko:<\/strong><\/p>\n\n\n\n<ul><li>s\u0142ownictwa wymaganego na\u00a0egzaminie<\/li><li>wszystkich obowi\u0105zkowych form pisemnych<\/li><li>technik u\u0142atwiaj\u0105cych rozumienie tekstu s\u0142uchanego i\u00a0czytanego.<\/li><\/ul>\n\n\n\n<p>Lekcje angielskiego przeprowadzaj\u0105<strong> nauczyciele, kt\u00f3rzy posiadaj\u0105 wieloletnie do\u015bwiadczenie w prowadzeniu kurs\u00f3w przygotowuj\u0105cych do egzamin\u00f3w maturalnych oraz mi\u0119dzynarodowych.<\/strong> Pracujemy zgodnie wed\u0142ug wytycznych Centralnej Komisji Egzaminacyjnej, na bazie repetytori\u00f3w oraz materia\u0142\u00f3w dedykowanych dla maturzyst\u00f3w.<\/p>\n","protected":false},"excerpt":{"rendered":"<p>Chcesz, \u017ceby\u00a0Twoje\u00a0dziecko przygotowa\u0142o si\u0119 lepiej do\u00a0matury z\u00a0j\u0119zyka angielskiego? Prowadzimy zaj\u0119cia przygotowawcze do\u00a0matury z\u00a0angielskiego na\u00a0poziomie podstawowym i\u00a0rozszerzonym. Nauczymy Twoje\u00a0dziecko: s\u0142ownictwa wymaganego na\u00a0egzaminie wszystkich obowi\u0105zkowych form pisemnych technik u\u0142atwiaj\u0105cych rozumienie tekstu s\u0142uchanego i\u00a0czytanego. Lekcje angielskiego przeprowadzaj\u0105 nauczyciele, kt\u00f3rzy posiadaj\u0105 wieloletnie do\u015bwiadczenie w prowadzeniu kurs\u00f3w przygotowuj\u0105cych do egzamin\u00f3w maturalnych oraz mi\u0119dzynarodowych. Pracujemy zgodnie wed\u0142ug wytycznych Centralnej Komisji Egzaminacyjnej, [&hellip;]<\/p>\n","protected":false},"author":3,"featured_media":0,"parent":0,"menu_order":0,"comment_status":"closed","ping_status":"closed","template":"","meta":{"ngg_post_thumbnail":0},"acf":[],"yoast_head":"<!-- This site is optimized with the Yoast SEO plugin v18.9 - https:\/\/yoast.com\/wordpress\/plugins\/seo\/ -->\n<title>Kursy maturalne Leader School Pozna\u0144-Winogrady<\/title>\n<meta name=\"robots\" content=\"index, follow, max-snippet:-1, max-image-preview:large, max-video-preview:-1\" \/>\n<link rel=\"canonical\" href=\"https:\/\/leaderschool.pl\/poznan-winogrady\/kursy-maturalne\/\" \/>\n<meta property=\"og:locale\" content=\"pl_PL\" \/>\n<meta property=\"og:type\" content=\"article\" \/>\n<meta property=\"og:title\" content=\"Kursy maturalne Leader School Pozna\u0144-Winogrady\" \/>\n<meta property=\"og:description\" content=\"Chcesz, \u017ceby\u00a0Twoje\u00a0dziecko przygotowa\u0142o si\u0119 lepiej do\u00a0matury z\u00a0j\u0119zyka angielskiego? Prowadzimy zaj\u0119cia przygotowawcze do\u00a0matury z\u00a0angielskiego na\u00a0poziomie podstawowym i\u00a0rozszerzonym. Nauczymy Twoje\u00a0dziecko: s\u0142ownictwa wymaganego na\u00a0egzaminie wszystkich obowi\u0105zkowych form pisemnych technik u\u0142atwiaj\u0105cych rozumienie tekstu s\u0142uchanego i\u00a0czytanego. Lekcje angielskiego przeprowadzaj\u0105 nauczyciele, kt\u00f3rzy posiadaj\u0105 wieloletnie do\u015bwiadczenie w prowadzeniu kurs\u00f3w przygotowuj\u0105cych do egzamin\u00f3w maturalnych oraz mi\u0119dzynarodowych. Pracujemy zgodnie wed\u0142ug wytycznych Centralnej Komisji Egzaminacyjnej, [&hellip;]\" \/>\n<meta property=\"og:url\" content=\"https:\/\/leaderschool.pl\/poznan-winogrady\/kursy-maturalne\/\" \/>\n<meta property=\"og:site_name\" content=\"Leader School Pozna\u0144-Winogrady\" \/>\n<meta name=\"twitter:card\" content=\"summary_large_image\" \/>\n<meta name=\"twitter:label1\" content=\"Szacowany czas czytania\" \/>\n\t<meta name=\"twitter:data1\" content=\"1 minuta\" \/>\n<script type=\"application\/ld+json\" class=\"yoast-schema-graph\">{\"@context\":\"https:\/\/schema.org\",\"@graph\":[{\"@type\":\"WebSite\",\"@id\":\"https:\/\/leaderschool.pl\/poznan-winogrady\/#website\",\"url\":\"https:\/\/leaderschool.pl\/poznan-winogrady\/\",\"name\":\"Leader School Pozna\u0144-Winogrady\",\"description\":\"\",\"potentialAction\":[{\"@type\":\"SearchAction\",\"target\":{\"@type\":\"EntryPoint\",\"urlTemplate\":\"https:\/\/leaderschool.pl\/poznan-winogrady\/?s={search_term_string}\"},\"query-input\":\"required name=search_term_string\"}],\"inLanguage\":\"pl-PL\"},{\"@type\":\"WebPage\",\"@id\":\"https:\/\/leaderschool.pl\/poznan-winogrady\/kursy-maturalne\/#webpage\",\"url\":\"https:\/\/leaderschool.pl\/poznan-winogrady\/kursy-maturalne\/\",\"name\":\"Kursy maturalne Leader School Pozna\u0144-Winogrady\",\"isPartOf\":{\"@id\":\"https:\/\/leaderschool.pl\/poznan-winogrady\/#website\"},\"datePublished\":\"2022-09-28T09:29:48+00:00\",\"dateModified\":\"2022-09-28T09:29:48+00:00\",\"breadcrumb\":{\"@id\":\"https:\/\/leaderschool.pl\/poznan-winogrady\/kursy-maturalne\/#breadcrumb\"},\"inLanguage\":\"pl-PL\",\"potentialAction\":[{\"@type\":\"ReadAction\",\"target\":[\"https:\/\/leaderschool.pl\/poznan-winogrady\/kursy-maturalne\/\"]}]},{\"@type\":\"BreadcrumbList\",\"@id\":\"https:\/\/leaderschool.pl\/poznan-winogrady\/kursy-maturalne\/#breadcrumb\",\"itemListElement\":[{\"@type\":\"ListItem\",\"position\":1,\"name\":\"Home\",\"item\":\"https:\/\/leaderschool.pl\/poznan-winogrady\/\"},{\"@type\":\"ListItem\",\"position\":2,\"name\":\"Kursy maturalne\"}]}]}<\/script>\n<!-- \/ Yoast SEO plugin. -->","yoast_head_json":{"title":"Kursy maturalne Leader School Pozna\u0144-Winogrady","robots":{"index":"index","follow":"follow","max-snippet":"max-snippet:-1","max-image-preview":"max-image-preview:large","max-video-preview":"max-video-preview:-1"},"canonical":"https:\/\/leaderschool.pl\/poznan-winogrady\/kursy-maturalne\/","og_locale":"pl_PL","og_type":"article","og_title":"Kursy maturalne Leader School Pozna\u0144-Winogrady","og_description":"Chcesz, \u017ceby\u00a0Twoje\u00a0dziecko przygotowa\u0142o si\u0119 lepiej do\u00a0matury z\u00a0j\u0119zyka angielskiego? Prowadzimy zaj\u0119cia przygotowawcze do\u00a0matury z\u00a0angielskiego na\u00a0poziomie podstawowym i\u00a0rozszerzonym. Nauczymy Twoje\u00a0dziecko: s\u0142ownictwa wymaganego na\u00a0egzaminie wszystkich obowi\u0105zkowych form pisemnych technik u\u0142atwiaj\u0105cych rozumienie tekstu s\u0142uchanego i\u00a0czytanego. Lekcje angielskiego przeprowadzaj\u0105 nauczyciele, kt\u00f3rzy posiadaj\u0105 wieloletnie do\u015bwiadczenie w prowadzeniu kurs\u00f3w przygotowuj\u0105cych do egzamin\u00f3w maturalnych oraz mi\u0119dzynarodowych. Pracujemy zgodnie wed\u0142ug wytycznych Centralnej Komisji Egzaminacyjnej, [&hellip;]","og_url":"https:\/\/leaderschool.pl\/poznan-winogrady\/kursy-maturalne\/","og_site_name":"Leader School Pozna\u0144-Winogrady","twitter_card":"summary_large_image","twitter_misc":{"Szacowany czas czytania":"1 minuta"},"schema":{"@context":"https:\/\/schema.org","@graph":[{"@type":"WebSite","@id":"https:\/\/leaderschool.pl\/poznan-winogrady\/#website","url":"https:\/\/leaderschool.pl\/poznan-winogrady\/","name":"Leader School Pozna\u0144-Winogrady","description":"","potentialAction":[{"@type":"SearchAction","target":{"@type":"EntryPoint","urlTemplate":"https:\/\/leaderschool.pl\/poznan-winogrady\/?s={search_term_string}"},"query-input":"required name=search_term_string"}],"inLanguage":"pl-PL"},{"@type":"WebPage","@id":"https:\/\/leaderschool.pl\/poznan-winogrady\/kursy-maturalne\/#webpage","url":"https:\/\/leaderschool.pl\/poznan-winogrady\/kursy-maturalne\/","name":"Kursy maturalne Leader School Pozna\u0144-Winogrady","isPartOf":{"@id":"https:\/\/leaderschool.pl\/poznan-winogrady\/#website"},"datePublished":"2022-09-28T09:29:48+00:00","dateModified":"2022-09-28T09:29:48+00:00","breadcrumb":{"@id":"https:\/\/leaderschool.pl\/poznan-winogrady\/kursy-maturalne\/#breadcrumb"},"inLanguage":"pl-PL","potentialAction":[{"@type":"ReadAction","target":["https:\/\/leaderschool.pl\/poznan-winogrady\/kursy-maturalne\/"]}]},{"@type":"BreadcrumbList","@id":"https:\/\/leaderschool.pl\/poznan-winogrady\/kursy-maturalne\/#breadcrumb","itemListElement":[{"@type":"ListItem","position":1,"name":"Home","item":"https:\/\/leaderschool.pl\/poznan-winogrady\/"},{"@type":"ListItem","position":2,"name":"Kursy maturalne"}]}]}},"_links":{"self":[{"href":"https:\/\/leaderschool.pl\/poznan-winogrady\/wp-json\/wp\/v2\/pages\/2693"}],"collection":[{"href":"https:\/\/leaderschool.pl\/poznan-winogrady\/wp-json\/wp\/v2\/pages"}],"about":[{"href":"https:\/\/leaderschool.pl\/poznan-winogrady\/wp-json\/wp\/v2\/types\/page"}],"author":[{"embeddable":true,"href":"https:\/\/leaderschool.pl\/poznan-winogrady\/wp-json\/wp\/v2\/users\/3"}],"replies":[{"embeddable":true,"href":"https:\/\/leaderschool.pl\/poznan-winogrady\/wp-json\/wp\/v2\/comments?post=2693"}],"version-history":[{"count":1,"href":"https:\/\/leaderschool.pl\/poznan-winogrady\/wp-json\/wp\/v2\/pages\/2693\/revisions"}],"predecessor-version":[{"id":2702,"href":"https:\/\/leaderschool.pl\/poznan-winogrady\/wp-json\/wp\/v2\/pages\/2693\/revisions\/2702"}],"wp:attachment":[{"href":"https:\/\/leaderschool.pl\/poznan-winogrady\/wp-json\/wp\/v2\/media?parent=2693"}],"curies":[{"name":"wp","href":"https:\/\/api.w.org\/{rel}","templated":true}]}}