{"id":2692,"date":"2022-09-28T11:30:27","date_gmt":"2022-09-28T09:30:27","guid":{"rendered":"https:\/\/leaderschool.pl\/poznan-winogrady\/?page_id=2692"},"modified":"2022-09-28T11:30:28","modified_gmt":"2022-09-28T09:30:28","slug":"bezplatny-dyzur-lektorski-2","status":"publish","type":"page","link":"https:\/\/leaderschool.pl\/poznan-winogrady\/bezplatny-dyzur-lektorski-2\/","title":{"rendered":"Bezp\u0142atny dy\u017cur lektorski"},"content":{"rendered":"\n<p>M\u0142odzie\u017c nieobecna na ostatnich zaj\u0119ciach oraz rodzic\u00f3w, kt\u00f3rzy chcieliby zasi\u0119gn\u0105\u0107 dodatkowej porady w sprawie anga\u017cowania dziecka do nauki j\u0119zyka serdecznie zapraszamy na bezp\u0142atne dy\u017cury lektorskie w naszej szkole!<\/p>\n\n\n\n<p>Metodyk bardzo ch\u0119tnie udzieli Pa\u0144stwu wskaz\u00f3wek lub pomo\u017ce z nadrobieniem zaleg\u0142ego materia\u0142u.<\/p>\n\n\n\n<p>W celu um\u00f3wienia si\u0119 na dy\u017cur, prosimy o kontakt z sekretariatem szko\u0142y.<\/p>\n","protected":false},"excerpt":{"rendered":"<p>M\u0142odzie\u017c nieobecna na ostatnich zaj\u0119ciach oraz rodzic\u00f3w, kt\u00f3rzy chcieliby zasi\u0119gn\u0105\u0107 dodatkowej porady w sprawie anga\u017cowania dziecka do nauki j\u0119zyka serdecznie zapraszamy na bezp\u0142atne dy\u017cury lektorskie w naszej szkole! Metodyk bardzo ch\u0119tnie udzieli Pa\u0144stwu wskaz\u00f3wek lub pomo\u017ce z nadrobieniem zaleg\u0142ego materia\u0142u. W celu um\u00f3wienia si\u0119 na dy\u017cur, prosimy o kontakt z sekretariatem szko\u0142y.<\/p>\n","protected":false},"author":3,"featured_media":0,"parent":0,"menu_order":0,"comment_status":"closed","ping_status":"closed","template":"","meta":{"ngg_post_thumbnail":0},"acf":[],"yoast_head":"<!-- This site is optimized with the Yoast SEO plugin v18.9 - https:\/\/yoast.com\/wordpress\/plugins\/seo\/ -->\n<title>Bezp\u0142atny dy\u017cur lektorski Leader School Pozna\u0144-Winogrady<\/title>\n<meta name=\"robots\" content=\"index, follow, max-snippet:-1, max-image-preview:large, max-video-preview:-1\" \/>\n<link rel=\"canonical\" href=\"https:\/\/leaderschool.pl\/poznan-winogrady\/bezplatny-dyzur-lektorski-2\/\" \/>\n<meta property=\"og:locale\" content=\"pl_PL\" \/>\n<meta property=\"og:type\" content=\"article\" \/>\n<meta property=\"og:title\" content=\"Bezp\u0142atny dy\u017cur lektorski Leader School Pozna\u0144-Winogrady\" \/>\n<meta property=\"og:description\" content=\"M\u0142odzie\u017c nieobecna na ostatnich zaj\u0119ciach oraz rodzic\u00f3w, kt\u00f3rzy chcieliby zasi\u0119gn\u0105\u0107 dodatkowej porady w sprawie anga\u017cowania dziecka do nauki j\u0119zyka serdecznie zapraszamy na bezp\u0142atne dy\u017cury lektorskie w naszej szkole! Metodyk bardzo ch\u0119tnie udzieli Pa\u0144stwu wskaz\u00f3wek lub pomo\u017ce z nadrobieniem zaleg\u0142ego materia\u0142u. W celu um\u00f3wienia si\u0119 na dy\u017cur, prosimy o kontakt z sekretariatem szko\u0142y.\" \/>\n<meta property=\"og:url\" content=\"https:\/\/leaderschool.pl\/poznan-winogrady\/bezplatny-dyzur-lektorski-2\/\" \/>\n<meta property=\"og:site_name\" content=\"Leader School Pozna\u0144-Winogrady\" \/>\n<meta property=\"article:modified_time\" content=\"2022-09-28T09:30:28+00:00\" \/>\n<meta name=\"twitter:card\" content=\"summary_large_image\" \/>\n<meta name=\"twitter:label1\" content=\"Szacowany czas czytania\" \/>\n\t<meta name=\"twitter:data1\" content=\"1 minuta\" \/>\n<script type=\"application\/ld+json\" class=\"yoast-schema-graph\">{\"@context\":\"https:\/\/schema.org\",\"@graph\":[{\"@type\":\"WebSite\",\"@id\":\"https:\/\/leaderschool.pl\/poznan-winogrady\/#website\",\"url\":\"https:\/\/leaderschool.pl\/poznan-winogrady\/\",\"name\":\"Leader School Pozna\u0144-Winogrady\",\"description\":\"\",\"potentialAction\":[{\"@type\":\"SearchAction\",\"target\":{\"@type\":\"EntryPoint\",\"urlTemplate\":\"https:\/\/leaderschool.pl\/poznan-winogrady\/?s={search_term_string}\"},\"query-input\":\"required name=search_term_string\"}],\"inLanguage\":\"pl-PL\"},{\"@type\":\"WebPage\",\"@id\":\"https:\/\/leaderschool.pl\/poznan-winogrady\/bezplatny-dyzur-lektorski-2\/#webpage\",\"url\":\"https:\/\/leaderschool.pl\/poznan-winogrady\/bezplatny-dyzur-lektorski-2\/\",\"name\":\"Bezp\u0142atny dy\u017cur lektorski Leader School Pozna\u0144-Winogrady\",\"isPartOf\":{\"@id\":\"https:\/\/leaderschool.pl\/poznan-winogrady\/#website\"},\"datePublished\":\"2022-09-28T09:30:27+00:00\",\"dateModified\":\"2022-09-28T09:30:28+00:00\",\"breadcrumb\":{\"@id\":\"https:\/\/leaderschool.pl\/poznan-winogrady\/bezplatny-dyzur-lektorski-2\/#breadcrumb\"},\"inLanguage\":\"pl-PL\",\"potentialAction\":[{\"@type\":\"ReadAction\",\"target\":[\"https:\/\/leaderschool.pl\/poznan-winogrady\/bezplatny-dyzur-lektorski-2\/\"]}]},{\"@type\":\"BreadcrumbList\",\"@id\":\"https:\/\/leaderschool.pl\/poznan-winogrady\/bezplatny-dyzur-lektorski-2\/#breadcrumb\",\"itemListElement\":[{\"@type\":\"ListItem\",\"position\":1,\"name\":\"Home\",\"item\":\"https:\/\/leaderschool.pl\/poznan-winogrady\/\"},{\"@type\":\"ListItem\",\"position\":2,\"name\":\"Bezp\u0142atny dy\u017cur lektorski\"}]}]}<\/script>\n<!-- \/ Yoast SEO plugin. -->","yoast_head_json":{"title":"Bezp\u0142atny dy\u017cur lektorski Leader School Pozna\u0144-Winogrady","robots":{"index":"index","follow":"follow","max-snippet":"max-snippet:-1","max-image-preview":"max-image-preview:large","max-video-preview":"max-video-preview:-1"},"canonical":"https:\/\/leaderschool.pl\/poznan-winogrady\/bezplatny-dyzur-lektorski-2\/","og_locale":"pl_PL","og_type":"article","og_title":"Bezp\u0142atny dy\u017cur lektorski Leader School Pozna\u0144-Winogrady","og_description":"M\u0142odzie\u017c nieobecna na ostatnich zaj\u0119ciach oraz rodzic\u00f3w, kt\u00f3rzy chcieliby zasi\u0119gn\u0105\u0107 dodatkowej porady w sprawie anga\u017cowania dziecka do nauki j\u0119zyka serdecznie zapraszamy na bezp\u0142atne dy\u017cury lektorskie w naszej szkole! Metodyk bardzo ch\u0119tnie udzieli Pa\u0144stwu wskaz\u00f3wek lub pomo\u017ce z nadrobieniem zaleg\u0142ego materia\u0142u. W celu um\u00f3wienia si\u0119 na dy\u017cur, prosimy o kontakt z sekretariatem szko\u0142y.","og_url":"https:\/\/leaderschool.pl\/poznan-winogrady\/bezplatny-dyzur-lektorski-2\/","og_site_name":"Leader School Pozna\u0144-Winogrady","article_modified_time":"2022-09-28T09:30:28+00:00","twitter_card":"summary_large_image","twitter_misc":{"Szacowany czas czytania":"1 minuta"},"schema":{"@context":"https:\/\/schema.org","@graph":[{"@type":"WebSite","@id":"https:\/\/leaderschool.pl\/poznan-winogrady\/#website","url":"https:\/\/leaderschool.pl\/poznan-winogrady\/","name":"Leader School Pozna\u0144-Winogrady","description":"","potentialAction":[{"@type":"SearchAction","target":{"@type":"EntryPoint","urlTemplate":"https:\/\/leaderschool.pl\/poznan-winogrady\/?s={search_term_string}"},"query-input":"required name=search_term_string"}],"inLanguage":"pl-PL"},{"@type":"WebPage","@id":"https:\/\/leaderschool.pl\/poznan-winogrady\/bezplatny-dyzur-lektorski-2\/#webpage","url":"https:\/\/leaderschool.pl\/poznan-winogrady\/bezplatny-dyzur-lektorski-2\/","name":"Bezp\u0142atny dy\u017cur lektorski Leader School Pozna\u0144-Winogrady","isPartOf":{"@id":"https:\/\/leaderschool.pl\/poznan-winogrady\/#website"},"datePublished":"2022-09-28T09:30:27+00:00","dateModified":"2022-09-28T09:30:28+00:00","breadcrumb":{"@id":"https:\/\/leaderschool.pl\/poznan-winogrady\/bezplatny-dyzur-lektorski-2\/#breadcrumb"},"inLanguage":"pl-PL","potentialAction":[{"@type":"ReadAction","target":["https:\/\/leaderschool.pl\/poznan-winogrady\/bezplatny-dyzur-lektorski-2\/"]}]},{"@type":"BreadcrumbList","@id":"https:\/\/leaderschool.pl\/poznan-winogrady\/bezplatny-dyzur-lektorski-2\/#breadcrumb","itemListElement":[{"@type":"ListItem","position":1,"name":"Home","item":"https:\/\/leaderschool.pl\/poznan-winogrady\/"},{"@type":"ListItem","position":2,"name":"Bezp\u0142atny dy\u017cur lektorski"}]}]}},"_links":{"self":[{"href":"https:\/\/leaderschool.pl\/poznan-winogrady\/wp-json\/wp\/v2\/pages\/2692"}],"collection":[{"href":"https:\/\/leaderschool.pl\/poznan-winogrady\/wp-json\/wp\/v2\/pages"}],"about":[{"href":"https:\/\/leaderschool.pl\/poznan-winogrady\/wp-json\/wp\/v2\/types\/page"}],"author":[{"embeddable":true,"href":"https:\/\/leaderschool.pl\/poznan-winogrady\/wp-json\/wp\/v2\/users\/3"}],"replies":[{"embeddable":true,"href":"https:\/\/leaderschool.pl\/poznan-winogrady\/wp-json\/wp\/v2\/comments?post=2692"}],"version-history":[{"count":1,"href":"https:\/\/leaderschool.pl\/poznan-winogrady\/wp-json\/wp\/v2\/pages\/2692\/revisions"}],"predecessor-version":[{"id":2703,"href":"https:\/\/leaderschool.pl\/poznan-winogrady\/wp-json\/wp\/v2\/pages\/2692\/revisions\/2703"}],"wp:attachment":[{"href":"https:\/\/leaderschool.pl\/poznan-winogrady\/wp-json\/wp\/v2\/media?parent=2692"}],"curies":[{"name":"wp","href":"https:\/\/api.w.org\/{rel}","templated":true}]}}