{"id":2690,"date":"2022-09-28T12:06:23","date_gmt":"2022-09-28T10:06:23","guid":{"rendered":"https:\/\/leaderschool.pl\/poznan-winogrady\/?page_id=2690"},"modified":"2026-03-11T17:20:59","modified_gmt":"2026-03-11T16:20:59","slug":"egzaminy-i-certyfikaty-jezykowe","status":"publish","type":"page","link":"https:\/\/leaderschool.pl\/poznan-winogrady\/egzaminy-i-certyfikaty-jezykowe\/","title":{"rendered":"Egzaminy i certyfikaty j\u0119zykowe"},"content":{"rendered":"\n<p>Szko\u0142a Leader School Winogrady posiada certyfikat jako\u015bci <strong>TGLS Quality Alliance<\/strong>. Jeste\u015bmy uznanym o\u015brodkiem certyfikuj\u0105cym Fundacji The Global Language System Polska. <\/p>\n\n\n\n<div class=\"wp-block-image\"><figure class=\"aligncenter size-full is-resized\"><img loading=\"lazy\" src=\"data:image\/gif;base64,R0lGODlhAQABAAAAACH5BAEKAAEALAAAAAABAAEAAAICTAEAOw==\" alt=\"\" class=\"wp-image-3638 lazyload\" width=\"511\" height=\"272\" sizes=\"(max-width: 511px) 100vw, 511px\" data-src=\"https:\/\/leaderschool.pl\/poznan-winogrady\/wp-content\/uploads\/sites\/49\/2026\/03\/tgls-quality-alliance.jpg.webp\" data-srcset=\"https:\/\/leaderschool.pl\/poznan-winogrady\/wp-content\/uploads\/sites\/49\/2026\/03\/tgls-quality-alliance.jpg.webp 530w, https:\/\/leaderschool.pl\/poznan-winogrady\/wp-content\/uploads\/sites\/49\/2026\/03\/tgls-quality-alliance.jpg-300x160.webp 300w\"><\/figure><\/div>\n\n\n\n<p>W naszej szkole mo\u017cesz wykona\u0107 certyfikaty, kt\u00f3re:<\/p>\n\n\n\n<ul><li>s\u0105\u00a0uznawane w\u00a0krajach nale\u017c\u0105cych do\u00a0Unii Europejskiej (wynik okre\u015blany jest w\u00a0postaci aktualnego poziomu wiedzy w\u00a0skali CEFR)<\/li><li>zaliczone na\u00a0okre\u015blon\u0105 liczb\u0119 punkt\u00f3w s\u0105\u00a0traktowane r\u00f3wnowa\u017cnie z\u00a0zaliczeniem egzaminu z\u00a0lektoratu przez\u00a0niekt\u00f3re polskie i\u00a0zagraniczne uczelnie<\/li><li>s\u0105\u00a0honorowane przez\u00a0mi\u0119dzynarodowe korporacje jako skuteczne narz\u0119dzie do\u00a0weryfikacji znajomo\u015bci j\u0119zyka obcego pracownik\u00f3w<\/li><\/ul>\n\n\n\n<p>Prowadzone przez\u00a0nas kursy egzaminacyjne zapewniaj\u0105 gruntowne przygotowanie <strong>do\u00a0mi\u0119dzynarodowych egzamin\u00f3w j\u0119zykowych<\/strong>. S\u0105\u00a0nastawione na\u00a0dalsze rozwijanie umiej\u0119tno\u015bci j\u0119zykowych z\u00a0jednoczesnym \u0107wiczeniem technik egzaminacyjnych, rozwi\u0105zywaniem test\u00f3w i\u00a0systematyzowaniem wiedzy. Podczas kursu \u0107wiczone s\u0105 wszystkie umiej\u0119tno\u015bci, w tym m\u00f3wienie, pisanie, rozumienie ze\u00a0s\u0142uchu, rozumienie  tekstu czytanego oraz\u00a0umiej\u0119tno\u015b\u0107 zastosowania j\u0119zyka w\u00a0praktyce, kt\u00f3re s\u0105 elementami egzaminu.<\/p>\n\n\n\n<p>Mo\u017cesz skorzysta\u0107 z jednego z dw\u00f3ch certyfikat\u00f3w. <\/p>\n\n\n\n<figure class=\"wp-block-gallery has-nested-images columns-default is-cropped\">\n<figure class=\"wp-block-image size-large\"><img loading=\"lazy\" width=\"558\" height=\"250\" data-id=\"3639\" src=\"data:image\/gif;base64,R0lGODlhAQABAAAAACH5BAEKAAEALAAAAAABAAEAAAICTAEAOw==\" alt=\"\" class=\"wp-image-3639 lazyload\" sizes=\"(max-width: 558px) 100vw, 558px\" data-src=\"https:\/\/leaderschool.pl\/poznan-winogrady\/wp-content\/uploads\/sites\/49\/2026\/03\/cropped-TGLS_logo-nowe-1024x458-1.jpg\" data-srcset=\"https:\/\/leaderschool.pl\/poznan-winogrady\/wp-content\/uploads\/sites\/49\/2026\/03\/cropped-TGLS_logo-nowe-1024x458-1.jpg 558w, https:\/\/leaderschool.pl\/poznan-winogrady\/wp-content\/uploads\/sites\/49\/2026\/03\/cropped-TGLS_logo-nowe-1024x458-1-300x134.jpg 300w\"><\/figure>\n\n\n\n<figure class=\"wp-block-image size-large\"><img loading=\"lazy\" width=\"428\" height=\"246\" data-id=\"3640\" src=\"data:image\/gif;base64,R0lGODlhAQABAAAAACH5BAEKAAEALAAAAAABAAEAAAICTAEAOw==\" alt=\"\" class=\"wp-image-3640 lazyload\" sizes=\"(max-width: 428px) 100vw, 428px\" data-src=\"https:\/\/leaderschool.pl\/poznan-winogrady\/wp-content\/uploads\/sites\/49\/2026\/03\/telc-logo.jpg\" data-srcset=\"https:\/\/leaderschool.pl\/poznan-winogrady\/wp-content\/uploads\/sites\/49\/2026\/03\/telc-logo.jpg 428w, https:\/\/leaderschool.pl\/poznan-winogrady\/wp-content\/uploads\/sites\/49\/2026\/03\/telc-logo-300x172.jpg 300w\"><\/figure>\n<\/figure>\n","protected":false},"excerpt":{"rendered":"<p>Szko\u0142a Leader School Winogrady posiada certyfikat jako\u015bci TGLS Quality Alliance. Jeste\u015bmy uznanym o\u015brodkiem certyfikuj\u0105cym Fundacji The Global Language System Polska. W naszej szkole mo\u017cesz wykona\u0107 certyfikaty, kt\u00f3re: s\u0105\u00a0uznawane w\u00a0krajach nale\u017c\u0105cych do\u00a0Unii Europejskiej (wynik okre\u015blany jest w\u00a0postaci aktualnego poziomu wiedzy w\u00a0skali CEFR) zaliczone na\u00a0okre\u015blon\u0105 liczb\u0119 punkt\u00f3w s\u0105\u00a0traktowane r\u00f3wnowa\u017cnie z\u00a0zaliczeniem egzaminu z\u00a0lektoratu przez\u00a0niekt\u00f3re polskie i\u00a0zagraniczne uczelnie s\u0105\u00a0honorowane [&hellip;]<\/p>\n","protected":false},"author":3,"featured_media":0,"parent":0,"menu_order":0,"comment_status":"closed","ping_status":"closed","template":"","meta":{"ngg_post_thumbnail":0},"acf":[],"yoast_head":"<!-- This site is optimized with the Yoast SEO plugin v18.9 - https:\/\/yoast.com\/wordpress\/plugins\/seo\/ -->\n<title>Egzaminy i certyfikaty j\u0119zykowe Leader School Pozna\u0144-Winogrady<\/title>\n<meta name=\"robots\" content=\"index, follow, max-snippet:-1, max-image-preview:large, max-video-preview:-1\" \/>\n<link rel=\"canonical\" href=\"https:\/\/leaderschool.pl\/poznan-winogrady\/egzaminy-i-certyfikaty-jezykowe\/\" \/>\n<meta property=\"og:locale\" content=\"pl_PL\" \/>\n<meta property=\"og:type\" content=\"article\" \/>\n<meta property=\"og:title\" content=\"Egzaminy i certyfikaty j\u0119zykowe Leader School Pozna\u0144-Winogrady\" \/>\n<meta property=\"og:description\" content=\"Szko\u0142a Leader School Winogrady posiada certyfikat jako\u015bci TGLS Quality Alliance. Jeste\u015bmy uznanym o\u015brodkiem certyfikuj\u0105cym Fundacji The Global Language System Polska. W naszej szkole mo\u017cesz wykona\u0107 certyfikaty, kt\u00f3re: s\u0105\u00a0uznawane w\u00a0krajach nale\u017c\u0105cych do\u00a0Unii Europejskiej (wynik okre\u015blany jest w\u00a0postaci aktualnego poziomu wiedzy w\u00a0skali CEFR) zaliczone na\u00a0okre\u015blon\u0105 liczb\u0119 punkt\u00f3w s\u0105\u00a0traktowane r\u00f3wnowa\u017cnie z\u00a0zaliczeniem egzaminu z\u00a0lektoratu przez\u00a0niekt\u00f3re polskie i\u00a0zagraniczne uczelnie s\u0105\u00a0honorowane [&hellip;]\" \/>\n<meta property=\"og:url\" content=\"https:\/\/leaderschool.pl\/poznan-winogrady\/egzaminy-i-certyfikaty-jezykowe\/\" \/>\n<meta property=\"og:site_name\" content=\"Leader School Pozna\u0144-Winogrady\" \/>\n<meta property=\"article:modified_time\" content=\"2026-03-11T16:20:59+00:00\" \/>\n<meta property=\"og:image\" content=\"https:\/\/leaderschool.pl\/poznan-winogrady\/wp-content\/uploads\/sites\/49\/2026\/03\/tgls-quality-alliance.jpg.webp\" \/>\n<meta name=\"twitter:card\" content=\"summary_large_image\" \/>\n<meta name=\"twitter:label1\" content=\"Szacowany czas czytania\" \/>\n\t<meta name=\"twitter:data1\" content=\"2 minuty\" \/>\n<script type=\"application\/ld+json\" class=\"yoast-schema-graph\">{\"@context\":\"https:\/\/schema.org\",\"@graph\":[{\"@type\":\"WebSite\",\"@id\":\"https:\/\/leaderschool.pl\/poznan-winogrady\/#website\",\"url\":\"https:\/\/leaderschool.pl\/poznan-winogrady\/\",\"name\":\"Leader School Pozna\u0144-Winogrady\",\"description\":\"\",\"potentialAction\":[{\"@type\":\"SearchAction\",\"target\":{\"@type\":\"EntryPoint\",\"urlTemplate\":\"https:\/\/leaderschool.pl\/poznan-winogrady\/?s={search_term_string}\"},\"query-input\":\"required name=search_term_string\"}],\"inLanguage\":\"pl-PL\"},{\"@type\":\"ImageObject\",\"inLanguage\":\"pl-PL\",\"@id\":\"https:\/\/leaderschool.pl\/poznan-winogrady\/egzaminy-i-certyfikaty-jezykowe\/#primaryimage\",\"url\":\"https:\/\/leaderschool.pl\/poznan-winogrady\/wp-content\/uploads\/sites\/49\/2026\/03\/tgls-quality-alliance.jpg.webp\",\"contentUrl\":\"https:\/\/leaderschool.pl\/poznan-winogrady\/wp-content\/uploads\/sites\/49\/2026\/03\/tgls-quality-alliance.jpg.webp\",\"width\":530,\"height\":282},{\"@type\":\"WebPage\",\"@id\":\"https:\/\/leaderschool.pl\/poznan-winogrady\/egzaminy-i-certyfikaty-jezykowe\/#webpage\",\"url\":\"https:\/\/leaderschool.pl\/poznan-winogrady\/egzaminy-i-certyfikaty-jezykowe\/\",\"name\":\"Egzaminy i certyfikaty j\u0119zykowe Leader School Pozna\u0144-Winogrady\",\"isPartOf\":{\"@id\":\"https:\/\/leaderschool.pl\/poznan-winogrady\/#website\"},\"primaryImageOfPage\":{\"@id\":\"https:\/\/leaderschool.pl\/poznan-winogrady\/egzaminy-i-certyfikaty-jezykowe\/#primaryimage\"},\"datePublished\":\"2022-09-28T10:06:23+00:00\",\"dateModified\":\"2026-03-11T16:20:59+00:00\",\"breadcrumb\":{\"@id\":\"https:\/\/leaderschool.pl\/poznan-winogrady\/egzaminy-i-certyfikaty-jezykowe\/#breadcrumb\"},\"inLanguage\":\"pl-PL\",\"potentialAction\":[{\"@type\":\"ReadAction\",\"target\":[\"https:\/\/leaderschool.pl\/poznan-winogrady\/egzaminy-i-certyfikaty-jezykowe\/\"]}]},{\"@type\":\"BreadcrumbList\",\"@id\":\"https:\/\/leaderschool.pl\/poznan-winogrady\/egzaminy-i-certyfikaty-jezykowe\/#breadcrumb\",\"itemListElement\":[{\"@type\":\"ListItem\",\"position\":1,\"name\":\"Home\",\"item\":\"https:\/\/leaderschool.pl\/poznan-winogrady\/\"},{\"@type\":\"ListItem\",\"position\":2,\"name\":\"Egzaminy i certyfikaty j\u0119zykowe\"}]}]}<\/script>\n<!-- \/ Yoast SEO plugin. -->","yoast_head_json":{"title":"Egzaminy i certyfikaty j\u0119zykowe Leader School Pozna\u0144-Winogrady","robots":{"index":"index","follow":"follow","max-snippet":"max-snippet:-1","max-image-preview":"max-image-preview:large","max-video-preview":"max-video-preview:-1"},"canonical":"https:\/\/leaderschool.pl\/poznan-winogrady\/egzaminy-i-certyfikaty-jezykowe\/","og_locale":"pl_PL","og_type":"article","og_title":"Egzaminy i certyfikaty j\u0119zykowe Leader School Pozna\u0144-Winogrady","og_description":"Szko\u0142a Leader School Winogrady posiada certyfikat jako\u015bci TGLS Quality Alliance. Jeste\u015bmy uznanym o\u015brodkiem certyfikuj\u0105cym Fundacji The Global Language System Polska. W naszej szkole mo\u017cesz wykona\u0107 certyfikaty, kt\u00f3re: s\u0105\u00a0uznawane w\u00a0krajach nale\u017c\u0105cych do\u00a0Unii Europejskiej (wynik okre\u015blany jest w\u00a0postaci aktualnego poziomu wiedzy w\u00a0skali CEFR) zaliczone na\u00a0okre\u015blon\u0105 liczb\u0119 punkt\u00f3w s\u0105\u00a0traktowane r\u00f3wnowa\u017cnie z\u00a0zaliczeniem egzaminu z\u00a0lektoratu przez\u00a0niekt\u00f3re polskie i\u00a0zagraniczne uczelnie s\u0105\u00a0honorowane [&hellip;]","og_url":"https:\/\/leaderschool.pl\/poznan-winogrady\/egzaminy-i-certyfikaty-jezykowe\/","og_site_name":"Leader School Pozna\u0144-Winogrady","article_modified_time":"2026-03-11T16:20:59+00:00","og_image":[{"url":"https:\/\/leaderschool.pl\/poznan-winogrady\/wp-content\/uploads\/sites\/49\/2026\/03\/tgls-quality-alliance.jpg.webp"}],"twitter_card":"summary_large_image","twitter_misc":{"Szacowany czas czytania":"2 minuty"},"schema":{"@context":"https:\/\/schema.org","@graph":[{"@type":"WebSite","@id":"https:\/\/leaderschool.pl\/poznan-winogrady\/#website","url":"https:\/\/leaderschool.pl\/poznan-winogrady\/","name":"Leader School Pozna\u0144-Winogrady","description":"","potentialAction":[{"@type":"SearchAction","target":{"@type":"EntryPoint","urlTemplate":"https:\/\/leaderschool.pl\/poznan-winogrady\/?s={search_term_string}"},"query-input":"required name=search_term_string"}],"inLanguage":"pl-PL"},{"@type":"ImageObject","inLanguage":"pl-PL","@id":"https:\/\/leaderschool.pl\/poznan-winogrady\/egzaminy-i-certyfikaty-jezykowe\/#primaryimage","url":"https:\/\/leaderschool.pl\/poznan-winogrady\/wp-content\/uploads\/sites\/49\/2026\/03\/tgls-quality-alliance.jpg.webp","contentUrl":"https:\/\/leaderschool.pl\/poznan-winogrady\/wp-content\/uploads\/sites\/49\/2026\/03\/tgls-quality-alliance.jpg.webp","width":530,"height":282},{"@type":"WebPage","@id":"https:\/\/leaderschool.pl\/poznan-winogrady\/egzaminy-i-certyfikaty-jezykowe\/#webpage","url":"https:\/\/leaderschool.pl\/poznan-winogrady\/egzaminy-i-certyfikaty-jezykowe\/","name":"Egzaminy i certyfikaty j\u0119zykowe Leader School Pozna\u0144-Winogrady","isPartOf":{"@id":"https:\/\/leaderschool.pl\/poznan-winogrady\/#website"},"primaryImageOfPage":{"@id":"https:\/\/leaderschool.pl\/poznan-winogrady\/egzaminy-i-certyfikaty-jezykowe\/#primaryimage"},"datePublished":"2022-09-28T10:06:23+00:00","dateModified":"2026-03-11T16:20:59+00:00","breadcrumb":{"@id":"https:\/\/leaderschool.pl\/poznan-winogrady\/egzaminy-i-certyfikaty-jezykowe\/#breadcrumb"},"inLanguage":"pl-PL","potentialAction":[{"@type":"ReadAction","target":["https:\/\/leaderschool.pl\/poznan-winogrady\/egzaminy-i-certyfikaty-jezykowe\/"]}]},{"@type":"BreadcrumbList","@id":"https:\/\/leaderschool.pl\/poznan-winogrady\/egzaminy-i-certyfikaty-jezykowe\/#breadcrumb","itemListElement":[{"@type":"ListItem","position":1,"name":"Home","item":"https:\/\/leaderschool.pl\/poznan-winogrady\/"},{"@type":"ListItem","position":2,"name":"Egzaminy i certyfikaty j\u0119zykowe"}]}]}},"_links":{"self":[{"href":"https:\/\/leaderschool.pl\/poznan-winogrady\/wp-json\/wp\/v2\/pages\/2690"}],"collection":[{"href":"https:\/\/leaderschool.pl\/poznan-winogrady\/wp-json\/wp\/v2\/pages"}],"about":[{"href":"https:\/\/leaderschool.pl\/poznan-winogrady\/wp-json\/wp\/v2\/types\/page"}],"author":[{"embeddable":true,"href":"https:\/\/leaderschool.pl\/poznan-winogrady\/wp-json\/wp\/v2\/users\/3"}],"replies":[{"embeddable":true,"href":"https:\/\/leaderschool.pl\/poznan-winogrady\/wp-json\/wp\/v2\/comments?post=2690"}],"version-history":[{"count":4,"href":"https:\/\/leaderschool.pl\/poznan-winogrady\/wp-json\/wp\/v2\/pages\/2690\/revisions"}],"predecessor-version":[{"id":3641,"href":"https:\/\/leaderschool.pl\/poznan-winogrady\/wp-json\/wp\/v2\/pages\/2690\/revisions\/3641"}],"wp:attachment":[{"href":"https:\/\/leaderschool.pl\/poznan-winogrady\/wp-json\/wp\/v2\/media?parent=2690"}],"curies":[{"name":"wp","href":"https:\/\/api.w.org\/{rel}","templated":true}]}}