{"id":2688,"date":"2022-09-28T12:13:58","date_gmt":"2022-09-28T10:13:58","guid":{"rendered":"https:\/\/leaderschool.pl\/poznan-winogrady\/?page_id=2688"},"modified":"2022-09-28T12:13:59","modified_gmt":"2022-09-28T10:13:59","slug":"business-english","status":"publish","type":"page","link":"https:\/\/leaderschool.pl\/poznan-winogrady\/business-english\/","title":{"rendered":"Business English"},"content":{"rendered":"\n<p>Je\u015bli interesuje Ci\u0119 konkretna tematyka zaj\u0119\u0107 \u2013 nie ma problemu! Poinformuj nas o tym, a my dobierzemy odpowiedniego lektora. Szkolenia j\u0119zykowe s\u0105 prowadzone przez wykwalifikowanych lektor\u00f3w, kt\u00f3rzy prowadz\u0105 lekcje ciekawie, efektywnie, a swoim zaanga\u017cowaniem jak i ogromn\u0105 wiedz\u0105 potrafi\u0105 inspirowa\u0107 i przekazywa\u0107 wiedz\u0119 w taki spos\u00f3b, aby kursant czu\u0142 si\u0119 zadowolony i mia\u0142 poczucie dobrze zainwestowanego czasu i pieni\u0119dzy. Leader School Pozna\u0144 Winogrady oferuje kursy prowadzone unikalnymi metodami nauczania, kt\u00f3re dodatkowo opatrzone s\u0105 profesjonalnymi materia\u0142ami dydaktycznymi, jak podr\u0119czniki multimedialne czy audiobooki.\u00a0<\/p>\n\n\n\n<p><strong>Cel edukacyjny:<br><\/strong>Celem us\u0142ugi jest zwi\u0119kszenie kompetencji j\u0119zykowej kursanta. Podczas kursu s\u0142uchacz utrwali i poprawi swoj\u0105 znajomo\u015b\u0107 j\u0119zyka angielskiego, zdob\u0119dzie nowe umiej\u0119tno\u015bci z zakresu m\u00f3wienia, czytania, pisania i s\u0142uchania. Celem kursu jest przygotowanie s\u0142uchacza do swobodnego porozumiewania si\u0119 j\u0119zykiem obcym w \u017cyciu codziennym oraz w czynno\u015bciach zawodowych. Kursant b\u0119dzie gotowy do pracy w \u015brodowisku mi\u0119dzynarodowym. <\/p>\n\n\n\n<p>Uczestnik po zako\u0144czonym szkoleniu prowadzi swobodn\u0105 konwersacj\u0119 z kontrahentami zagranicznymi oraz pisze\u00a0r\u00f3\u017cnego rodzaju teksty z u\u017cyciem poznanego s\u0142ownictwa i form gramatycznych, odpowiednio do osi\u0105gni\u0119tego poziomu zaawansowania znajomo\u015bci j\u0119zyka obcego, <\/p>\n\n\n\n<p>Swobodnie udziela informacji o sobie, swojej pracy, a tak\u017ce prowadzi konwersacje, pertraktacje czy negocjacje. Uczestniczy oraz prowadzi narady, prezentacje oraz konferencje biznesowe\u00a0w j\u0119zyku angielskim. Prowadzi dyskusje na r\u00f3\u017cne tematy i p\u0142ynnie porozumiewa si\u0119 w kontaktach spo\u0142ecznych i zawodowych. <\/p>\n\n\n\n<p>Doskonal\u0105c znajomo\u015b\u0107 zagadnie\u0144 gramatycznych oraz zwi\u0119kszaj\u0105c zas\u00f3b s\u0142ownictwa w odniesieniu do r\u00f3\u017cnych aspekt\u00f3w \u017cycia spo\u0142ecznego s\u0142uchacz lepiej odnajduje si\u0119\u00a0w kontek\u015bcie kultury i zwyczaj\u00f3w kraj\u00f3w angloj\u0119zycznych. Uczestnik nabywa\u00a0umiej\u0119tno\u015bci\u00a0komunikowania si\u0119 w sytuacjach biznesowych.\u00a0Jest te\u017c gotowy do pracy w \u015brodowisku mi\u0119dzynarodowym.\u00a0Uczestnik\u00a0stosuje angielskie zwyczaje i zasady savoir-vivre w biznesie.<\/p>\n","protected":false},"excerpt":{"rendered":"<p>Je\u015bli interesuje Ci\u0119 konkretna tematyka zaj\u0119\u0107 \u2013 nie ma problemu! Poinformuj nas o tym, a my dobierzemy odpowiedniego lektora. Szkolenia j\u0119zykowe s\u0105 prowadzone przez wykwalifikowanych lektor\u00f3w, kt\u00f3rzy prowadz\u0105 lekcje ciekawie, efektywnie, a swoim zaanga\u017cowaniem jak i ogromn\u0105 wiedz\u0105 potrafi\u0105 inspirowa\u0107 i przekazywa\u0107 wiedz\u0119 w taki spos\u00f3b, aby kursant czu\u0142 si\u0119 zadowolony i mia\u0142 poczucie dobrze [&hellip;]<\/p>\n","protected":false},"author":3,"featured_media":0,"parent":0,"menu_order":0,"comment_status":"closed","ping_status":"closed","template":"","meta":{"ngg_post_thumbnail":0},"acf":[],"yoast_head":"<!-- This site is optimized with the Yoast SEO plugin v18.9 - https:\/\/yoast.com\/wordpress\/plugins\/seo\/ -->\n<title>Business English Leader School Pozna\u0144-Winogrady<\/title>\n<meta name=\"robots\" content=\"index, follow, max-snippet:-1, max-image-preview:large, max-video-preview:-1\" \/>\n<link rel=\"canonical\" href=\"https:\/\/leaderschool.pl\/poznan-winogrady\/business-english\/\" \/>\n<meta property=\"og:locale\" content=\"pl_PL\" \/>\n<meta property=\"og:type\" content=\"article\" \/>\n<meta property=\"og:title\" content=\"Business English Leader School Pozna\u0144-Winogrady\" \/>\n<meta property=\"og:description\" content=\"Je\u015bli interesuje Ci\u0119 konkretna tematyka zaj\u0119\u0107 \u2013 nie ma problemu! Poinformuj nas o tym, a my dobierzemy odpowiedniego lektora. Szkolenia j\u0119zykowe s\u0105 prowadzone przez wykwalifikowanych lektor\u00f3w, kt\u00f3rzy prowadz\u0105 lekcje ciekawie, efektywnie, a swoim zaanga\u017cowaniem jak i ogromn\u0105 wiedz\u0105 potrafi\u0105 inspirowa\u0107 i przekazywa\u0107 wiedz\u0119 w taki spos\u00f3b, aby kursant czu\u0142 si\u0119 zadowolony i mia\u0142 poczucie dobrze [&hellip;]\" \/>\n<meta property=\"og:url\" content=\"https:\/\/leaderschool.pl\/poznan-winogrady\/business-english\/\" \/>\n<meta property=\"og:site_name\" content=\"Leader School Pozna\u0144-Winogrady\" \/>\n<meta property=\"article:modified_time\" content=\"2022-09-28T10:13:59+00:00\" \/>\n<meta name=\"twitter:card\" content=\"summary_large_image\" \/>\n<meta name=\"twitter:label1\" content=\"Szacowany czas czytania\" \/>\n\t<meta name=\"twitter:data1\" content=\"2 minuty\" \/>\n<script type=\"application\/ld+json\" class=\"yoast-schema-graph\">{\"@context\":\"https:\/\/schema.org\",\"@graph\":[{\"@type\":\"WebSite\",\"@id\":\"https:\/\/leaderschool.pl\/poznan-winogrady\/#website\",\"url\":\"https:\/\/leaderschool.pl\/poznan-winogrady\/\",\"name\":\"Leader School Pozna\u0144-Winogrady\",\"description\":\"\",\"potentialAction\":[{\"@type\":\"SearchAction\",\"target\":{\"@type\":\"EntryPoint\",\"urlTemplate\":\"https:\/\/leaderschool.pl\/poznan-winogrady\/?s={search_term_string}\"},\"query-input\":\"required name=search_term_string\"}],\"inLanguage\":\"pl-PL\"},{\"@type\":\"WebPage\",\"@id\":\"https:\/\/leaderschool.pl\/poznan-winogrady\/business-english\/#webpage\",\"url\":\"https:\/\/leaderschool.pl\/poznan-winogrady\/business-english\/\",\"name\":\"Business English Leader School Pozna\u0144-Winogrady\",\"isPartOf\":{\"@id\":\"https:\/\/leaderschool.pl\/poznan-winogrady\/#website\"},\"datePublished\":\"2022-09-28T10:13:58+00:00\",\"dateModified\":\"2022-09-28T10:13:59+00:00\",\"breadcrumb\":{\"@id\":\"https:\/\/leaderschool.pl\/poznan-winogrady\/business-english\/#breadcrumb\"},\"inLanguage\":\"pl-PL\",\"potentialAction\":[{\"@type\":\"ReadAction\",\"target\":[\"https:\/\/leaderschool.pl\/poznan-winogrady\/business-english\/\"]}]},{\"@type\":\"BreadcrumbList\",\"@id\":\"https:\/\/leaderschool.pl\/poznan-winogrady\/business-english\/#breadcrumb\",\"itemListElement\":[{\"@type\":\"ListItem\",\"position\":1,\"name\":\"Home\",\"item\":\"https:\/\/leaderschool.pl\/poznan-winogrady\/\"},{\"@type\":\"ListItem\",\"position\":2,\"name\":\"Business English\"}]}]}<\/script>\n<!-- \/ Yoast SEO plugin. -->","yoast_head_json":{"title":"Business English Leader School Pozna\u0144-Winogrady","robots":{"index":"index","follow":"follow","max-snippet":"max-snippet:-1","max-image-preview":"max-image-preview:large","max-video-preview":"max-video-preview:-1"},"canonical":"https:\/\/leaderschool.pl\/poznan-winogrady\/business-english\/","og_locale":"pl_PL","og_type":"article","og_title":"Business English Leader School Pozna\u0144-Winogrady","og_description":"Je\u015bli interesuje Ci\u0119 konkretna tematyka zaj\u0119\u0107 \u2013 nie ma problemu! Poinformuj nas o tym, a my dobierzemy odpowiedniego lektora. Szkolenia j\u0119zykowe s\u0105 prowadzone przez wykwalifikowanych lektor\u00f3w, kt\u00f3rzy prowadz\u0105 lekcje ciekawie, efektywnie, a swoim zaanga\u017cowaniem jak i ogromn\u0105 wiedz\u0105 potrafi\u0105 inspirowa\u0107 i przekazywa\u0107 wiedz\u0119 w taki spos\u00f3b, aby kursant czu\u0142 si\u0119 zadowolony i mia\u0142 poczucie dobrze [&hellip;]","og_url":"https:\/\/leaderschool.pl\/poznan-winogrady\/business-english\/","og_site_name":"Leader School Pozna\u0144-Winogrady","article_modified_time":"2022-09-28T10:13:59+00:00","twitter_card":"summary_large_image","twitter_misc":{"Szacowany czas czytania":"2 minuty"},"schema":{"@context":"https:\/\/schema.org","@graph":[{"@type":"WebSite","@id":"https:\/\/leaderschool.pl\/poznan-winogrady\/#website","url":"https:\/\/leaderschool.pl\/poznan-winogrady\/","name":"Leader School Pozna\u0144-Winogrady","description":"","potentialAction":[{"@type":"SearchAction","target":{"@type":"EntryPoint","urlTemplate":"https:\/\/leaderschool.pl\/poznan-winogrady\/?s={search_term_string}"},"query-input":"required name=search_term_string"}],"inLanguage":"pl-PL"},{"@type":"WebPage","@id":"https:\/\/leaderschool.pl\/poznan-winogrady\/business-english\/#webpage","url":"https:\/\/leaderschool.pl\/poznan-winogrady\/business-english\/","name":"Business English Leader School Pozna\u0144-Winogrady","isPartOf":{"@id":"https:\/\/leaderschool.pl\/poznan-winogrady\/#website"},"datePublished":"2022-09-28T10:13:58+00:00","dateModified":"2022-09-28T10:13:59+00:00","breadcrumb":{"@id":"https:\/\/leaderschool.pl\/poznan-winogrady\/business-english\/#breadcrumb"},"inLanguage":"pl-PL","potentialAction":[{"@type":"ReadAction","target":["https:\/\/leaderschool.pl\/poznan-winogrady\/business-english\/"]}]},{"@type":"BreadcrumbList","@id":"https:\/\/leaderschool.pl\/poznan-winogrady\/business-english\/#breadcrumb","itemListElement":[{"@type":"ListItem","position":1,"name":"Home","item":"https:\/\/leaderschool.pl\/poznan-winogrady\/"},{"@type":"ListItem","position":2,"name":"Business English"}]}]}},"_links":{"self":[{"href":"https:\/\/leaderschool.pl\/poznan-winogrady\/wp-json\/wp\/v2\/pages\/2688"}],"collection":[{"href":"https:\/\/leaderschool.pl\/poznan-winogrady\/wp-json\/wp\/v2\/pages"}],"about":[{"href":"https:\/\/leaderschool.pl\/poznan-winogrady\/wp-json\/wp\/v2\/types\/page"}],"author":[{"embeddable":true,"href":"https:\/\/leaderschool.pl\/poznan-winogrady\/wp-json\/wp\/v2\/users\/3"}],"replies":[{"embeddable":true,"href":"https:\/\/leaderschool.pl\/poznan-winogrady\/wp-json\/wp\/v2\/comments?post=2688"}],"version-history":[{"count":1,"href":"https:\/\/leaderschool.pl\/poznan-winogrady\/wp-json\/wp\/v2\/pages\/2688\/revisions"}],"predecessor-version":[{"id":2708,"href":"https:\/\/leaderschool.pl\/poznan-winogrady\/wp-json\/wp\/v2\/pages\/2688\/revisions\/2708"}],"wp:attachment":[{"href":"https:\/\/leaderschool.pl\/poznan-winogrady\/wp-json\/wp\/v2\/media?parent=2688"}],"curies":[{"name":"wp","href":"https:\/\/api.w.org\/{rel}","templated":true}]}}