{"id":2620,"date":"2022-07-23T15:35:52","date_gmt":"2022-07-23T13:35:52","guid":{"rendered":"https:\/\/leaderschool.sellision.dev\/pila\/?page_id=2620"},"modified":"2022-07-23T15:35:53","modified_gmt":"2022-07-23T13:35:53","slug":"tlumaczenia%ef%bf%bc","status":"publish","type":"page","link":"https:\/\/leaderschool.pl\/pila\/tlumaczenia%ef%bf%bc\/","title":{"rendered":"T\u0142umaczenia\ufffc"},"content":{"rendered":"\n<p>T\u0142umaczymy wszelkiego rodzaju teksty i dokumenty: umowy, pisma, korespondencj\u0119 handlow\u0105, instrukcje obs\u0142ugi, dokumentacje techniczne, CV, podania, materia\u0142y reklamowe, prace naukowe, strony www, bazy danych, itp.<br>Mamy r\u00f3wnie\u017c do\u015bwiadczenie w t\u0142umaczeniach ustnych: obs\u0142uga szkole\u0144, konferencji, zagraniczne rozmowy telefoniczne.<br>Nasza oferta obejmuje:<br>J\u0118ZYK ANGIELSKI<br>J\u0118ZYK NIEMIECKI<br>J\u0118ZYK HISZPA\u0143SKI<br>J\u0118ZYK FRANCUSKI<br>i inne<\/p>\n","protected":false},"excerpt":{"rendered":"<p>T\u0142umaczymy wszelkiego rodzaju teksty i dokumenty: umowy, pisma, korespondencj\u0119 handlow\u0105, instrukcje obs\u0142ugi, dokumentacje techniczne, CV, podania, materia\u0142y reklamowe, prace naukowe, strony www, bazy danych, itp.Mamy r\u00f3wnie\u017c do\u015bwiadczenie w t\u0142umaczeniach ustnych: obs\u0142uga szkole\u0144, konferencji, zagraniczne rozmowy telefoniczne.Nasza oferta obejmuje:J\u0118ZYK ANGIELSKIJ\u0118ZYK NIEMIECKIJ\u0118ZYK HISZPA\u0143SKIJ\u0118ZYK FRANCUSKIi inne<\/p>\n","protected":false},"author":3,"featured_media":0,"parent":0,"menu_order":0,"comment_status":"closed","ping_status":"closed","template":"","meta":{"ngg_post_thumbnail":0},"acf":[],"yoast_head":"<!-- This site is optimized with the Yoast SEO plugin v18.9 - https:\/\/yoast.com\/wordpress\/plugins\/seo\/ -->\n<title>T\u0142umaczenia\ufffc w Pile - Leader School<\/title>\n<meta name=\"robots\" content=\"index, follow, max-snippet:-1, max-image-preview:large, max-video-preview:-1\" \/>\n<link rel=\"canonical\" href=\"https:\/\/leaderschool.pl\/pila\/tlumaczenia\ufffc\/\" \/>\n<meta property=\"og:locale\" content=\"pl_PL\" \/>\n<meta property=\"og:type\" content=\"article\" \/>\n<meta property=\"og:title\" content=\"T\u0142umaczenia\ufffc w Pile - Leader School\" \/>\n<meta property=\"og:description\" content=\"T\u0142umaczymy wszelkiego rodzaju teksty i dokumenty: umowy, pisma, korespondencj\u0119 handlow\u0105, instrukcje obs\u0142ugi, dokumentacje techniczne, CV, podania, materia\u0142y reklamowe, prace naukowe, strony www, bazy danych, itp.Mamy r\u00f3wnie\u017c do\u015bwiadczenie w t\u0142umaczeniach ustnych: obs\u0142uga szkole\u0144, konferencji, zagraniczne rozmowy telefoniczne.Nasza oferta obejmuje:J\u0118ZYK ANGIELSKIJ\u0118ZYK NIEMIECKIJ\u0118ZYK HISZPA\u0143SKIJ\u0118ZYK FRANCUSKIi inne\" \/>\n<meta property=\"og:url\" content=\"https:\/\/leaderschool.pl\/pila\/tlumaczenia\ufffc\/\" \/>\n<meta property=\"og:site_name\" content=\"w Pile - Leader School\" \/>\n<meta property=\"article:modified_time\" content=\"2022-07-23T13:35:53+00:00\" \/>\n<meta name=\"twitter:card\" content=\"summary_large_image\" \/>\n<meta name=\"twitter:label1\" content=\"Szacowany czas czytania\" \/>\n\t<meta name=\"twitter:data1\" content=\"1 minuta\" \/>\n<script type=\"application\/ld+json\" class=\"yoast-schema-graph\">{\"@context\":\"https:\/\/schema.org\",\"@graph\":[{\"@type\":\"WebSite\",\"@id\":\"https:\/\/leaderschool.pl\/pila\/#website\",\"url\":\"https:\/\/leaderschool.pl\/pila\/\",\"name\":\"w Pile - Leader School\",\"description\":\"\",\"potentialAction\":[{\"@type\":\"SearchAction\",\"target\":{\"@type\":\"EntryPoint\",\"urlTemplate\":\"https:\/\/leaderschool.pl\/pila\/?s={search_term_string}\"},\"query-input\":\"required name=search_term_string\"}],\"inLanguage\":\"pl-PL\"},{\"@type\":\"WebPage\",\"@id\":\"https:\/\/leaderschool.pl\/pila\/tlumaczenia%ef%bf%bc\/#webpage\",\"url\":\"https:\/\/leaderschool.pl\/pila\/tlumaczenia%ef%bf%bc\/\",\"name\":\"T\u0142umaczenia\ufffc w Pile - Leader School\",\"isPartOf\":{\"@id\":\"https:\/\/leaderschool.pl\/pila\/#website\"},\"datePublished\":\"2022-07-23T13:35:52+00:00\",\"dateModified\":\"2022-07-23T13:35:53+00:00\",\"breadcrumb\":{\"@id\":\"https:\/\/leaderschool.pl\/pila\/tlumaczenia%ef%bf%bc\/#breadcrumb\"},\"inLanguage\":\"pl-PL\",\"potentialAction\":[{\"@type\":\"ReadAction\",\"target\":[\"https:\/\/leaderschool.pl\/pila\/tlumaczenia%ef%bf%bc\/\"]}]},{\"@type\":\"BreadcrumbList\",\"@id\":\"https:\/\/leaderschool.pl\/pila\/tlumaczenia%ef%bf%bc\/#breadcrumb\",\"itemListElement\":[{\"@type\":\"ListItem\",\"position\":1,\"name\":\"Home\",\"item\":\"https:\/\/leaderschool.pl\/pila\/\"},{\"@type\":\"ListItem\",\"position\":2,\"name\":\"T\u0142umaczenia\ufffc\"}]}]}<\/script>\n<!-- \/ Yoast SEO plugin. -->","yoast_head_json":{"title":"T\u0142umaczenia\ufffc w Pile - Leader School","robots":{"index":"index","follow":"follow","max-snippet":"max-snippet:-1","max-image-preview":"max-image-preview:large","max-video-preview":"max-video-preview:-1"},"canonical":"https:\/\/leaderschool.pl\/pila\/tlumaczenia\ufffc\/","og_locale":"pl_PL","og_type":"article","og_title":"T\u0142umaczenia\ufffc w Pile - Leader School","og_description":"T\u0142umaczymy wszelkiego rodzaju teksty i dokumenty: umowy, pisma, korespondencj\u0119 handlow\u0105, instrukcje obs\u0142ugi, dokumentacje techniczne, CV, podania, materia\u0142y reklamowe, prace naukowe, strony www, bazy danych, itp.Mamy r\u00f3wnie\u017c do\u015bwiadczenie w t\u0142umaczeniach ustnych: obs\u0142uga szkole\u0144, konferencji, zagraniczne rozmowy telefoniczne.Nasza oferta obejmuje:J\u0118ZYK ANGIELSKIJ\u0118ZYK NIEMIECKIJ\u0118ZYK HISZPA\u0143SKIJ\u0118ZYK FRANCUSKIi inne","og_url":"https:\/\/leaderschool.pl\/pila\/tlumaczenia\ufffc\/","og_site_name":"w Pile - Leader School","article_modified_time":"2022-07-23T13:35:53+00:00","twitter_card":"summary_large_image","twitter_misc":{"Szacowany czas czytania":"1 minuta"},"schema":{"@context":"https:\/\/schema.org","@graph":[{"@type":"WebSite","@id":"https:\/\/leaderschool.pl\/pila\/#website","url":"https:\/\/leaderschool.pl\/pila\/","name":"w Pile - Leader School","description":"","potentialAction":[{"@type":"SearchAction","target":{"@type":"EntryPoint","urlTemplate":"https:\/\/leaderschool.pl\/pila\/?s={search_term_string}"},"query-input":"required name=search_term_string"}],"inLanguage":"pl-PL"},{"@type":"WebPage","@id":"https:\/\/leaderschool.pl\/pila\/tlumaczenia%ef%bf%bc\/#webpage","url":"https:\/\/leaderschool.pl\/pila\/tlumaczenia%ef%bf%bc\/","name":"T\u0142umaczenia\ufffc w Pile - Leader School","isPartOf":{"@id":"https:\/\/leaderschool.pl\/pila\/#website"},"datePublished":"2022-07-23T13:35:52+00:00","dateModified":"2022-07-23T13:35:53+00:00","breadcrumb":{"@id":"https:\/\/leaderschool.pl\/pila\/tlumaczenia%ef%bf%bc\/#breadcrumb"},"inLanguage":"pl-PL","potentialAction":[{"@type":"ReadAction","target":["https:\/\/leaderschool.pl\/pila\/tlumaczenia%ef%bf%bc\/"]}]},{"@type":"BreadcrumbList","@id":"https:\/\/leaderschool.pl\/pila\/tlumaczenia%ef%bf%bc\/#breadcrumb","itemListElement":[{"@type":"ListItem","position":1,"name":"Home","item":"https:\/\/leaderschool.pl\/pila\/"},{"@type":"ListItem","position":2,"name":"T\u0142umaczenia\ufffc"}]}]}},"_links":{"self":[{"href":"https:\/\/leaderschool.pl\/pila\/wp-json\/wp\/v2\/pages\/2620"}],"collection":[{"href":"https:\/\/leaderschool.pl\/pila\/wp-json\/wp\/v2\/pages"}],"about":[{"href":"https:\/\/leaderschool.pl\/pila\/wp-json\/wp\/v2\/types\/page"}],"author":[{"embeddable":true,"href":"https:\/\/leaderschool.pl\/pila\/wp-json\/wp\/v2\/users\/3"}],"replies":[{"embeddable":true,"href":"https:\/\/leaderschool.pl\/pila\/wp-json\/wp\/v2\/comments?post=2620"}],"version-history":[{"count":1,"href":"https:\/\/leaderschool.pl\/pila\/wp-json\/wp\/v2\/pages\/2620\/revisions"}],"predecessor-version":[{"id":2621,"href":"https:\/\/leaderschool.pl\/pila\/wp-json\/wp\/v2\/pages\/2620\/revisions\/2621"}],"wp:attachment":[{"href":"https:\/\/leaderschool.pl\/pila\/wp-json\/wp\/v2\/media?parent=2620"}],"curies":[{"name":"wp","href":"https:\/\/api.w.org\/{rel}","templated":true}]}}