{"id":2612,"date":"2022-07-23T15:33:23","date_gmt":"2022-07-23T13:33:23","guid":{"rendered":"https:\/\/leaderschool.sellision.dev\/pila\/?page_id=2612"},"modified":"2022-07-23T15:33:24","modified_gmt":"2022-07-23T13:33:24","slug":"wakacje-2022-warsztaty-marzen%ef%bf%bc","status":"publish","type":"page","link":"https:\/\/leaderschool.pl\/pila\/wakacje-2022-warsztaty-marzen%ef%bf%bc\/","title":{"rendered":"Wakacje 2022 \u2013 WARSZTATY MARZE\u0143\ufffc"},"content":{"rendered":"\n<p>Leader School w Pile zaprasza na wakacyjne warsztaty dla dzieci w wieku od 7 do 11 lat. Codziennie w LEADER SCHOOL dzieci b\u0119d\u0105 prze\u017cywa\u0107 niezapomniane przygody i uczy\u0107 si\u0119 angielskiego. Ka\u017cdy dzie\u0144 b\u0119dzie pe\u0142en \u015bmiechu i dobrej zabawy, a do tego wype\u0142niony wspania\u0142ymi atrakcjami!<\/p>\n\n\n\n<p>Wakacje 2022:<br>I Termin warsztat\u00f3w: 04.07.2022-08.07.2022<br>II Termin warsztat\u00f3w: 11.07.2022-15.07.2022<br>III Termin warsztat\u00f3w: 18.07.2022-22.07.2022<br>IV Termin warsztat\u00f3w: 25.07.2022-29.07.2022<\/p>\n\n\n\n<h2>Zapewniamy:<\/h2>\n\n\n\n<ul><li>wykwalifikowan\u0105 kadr\u0119 wychowawc\u00f3w oraz lektor\u00f3w<\/li><li>codziennie nowe atrakcje i tematy zabaw<\/li><li>ciep\u0142y posi\u0142ek (obiad jednodaniowy)<\/li><li>du\u017co u\u015bmiechu i moc niezapomnianych wra\u017ce\u0144<\/li><\/ul>\n\n\n\n<h2>Rozwijamy:<\/h2>\n\n\n\n<ul><li>aktywno\u015b\u0107 fizyczn\u0105 i umys\u0142ow\u0105<\/li><li>umiej\u0119tno\u015b\u0107 pracy w zespole<\/li><li>kompetencje j\u0119zykowe<\/li><li>kreatywno\u015b\u0107 i ciekawo\u015b\u0107 \u015bwiata<\/li><\/ul>\n\n\n\n<h2>W programie m.in.:<\/h2>\n\n\n\n<ul><li>&#8222;Kosmiczna Przygoda&#8221;<\/li><li>&#8222;Warsztaty Smerfa \u0141asucha&#8221;<\/li><li>&#8222;Afryka\u0144ska przygoda&#8221;<\/li><li>&#8222;Magiczna Przygoda z Harrym Potterem&#8221;<\/li><li>&#8222;Warsztaty majsterkowicza&#8221;<\/li><\/ul>\n\n\n\n<h2>Ramowy plan dnia:<\/h2>\n\n\n\n<p>9.00 &#8211; 10.30 \u2013 wprowadzenie do tematu dnia, zabawy wprowadzaj\u0105ce<br>10.30- 13.00 \u2013 zabawy zgodne z tematem dnia<br>13.00 -13.30 \u2013 obiad<br>13.30 -15.00 \u2013 zabawy zgodne z tematem dnia<\/p>\n\n\n\n<p>Zapewniamy \u015bwietlic\u0119: od godz. 8.00-9.00 oraz od 15.00 do 16.00.<\/p>\n","protected":false},"excerpt":{"rendered":"<p>Leader School w Pile zaprasza na wakacyjne warsztaty dla dzieci w wieku od 7 do 11 lat. Codziennie w LEADER SCHOOL dzieci b\u0119d\u0105 prze\u017cywa\u0107 niezapomniane przygody i uczy\u0107 si\u0119 angielskiego. Ka\u017cdy dzie\u0144 b\u0119dzie pe\u0142en \u015bmiechu i dobrej zabawy, a do tego wype\u0142niony wspania\u0142ymi atrakcjami! Wakacje 2022:I Termin warsztat\u00f3w: 04.07.2022-08.07.2022II Termin warsztat\u00f3w: 11.07.2022-15.07.2022III Termin warsztat\u00f3w: 18.07.2022-22.07.2022IV [&hellip;]<\/p>\n","protected":false},"author":3,"featured_media":0,"parent":0,"menu_order":0,"comment_status":"closed","ping_status":"closed","template":"","meta":{"ngg_post_thumbnail":0},"acf":[],"yoast_head":"<!-- This site is optimized with the Yoast SEO plugin v18.9 - https:\/\/yoast.com\/wordpress\/plugins\/seo\/ -->\n<title>Wakacje 2022 \u2013 WARSZTATY MARZE\u0143\ufffc w Pile - Leader School<\/title>\n<meta name=\"robots\" content=\"index, follow, max-snippet:-1, max-image-preview:large, max-video-preview:-1\" \/>\n<link rel=\"canonical\" href=\"https:\/\/leaderschool.pl\/pila\/wakacje-2022-warsztaty-marzen\ufffc\/\" \/>\n<meta property=\"og:locale\" content=\"pl_PL\" \/>\n<meta property=\"og:type\" content=\"article\" \/>\n<meta property=\"og:title\" content=\"Wakacje 2022 \u2013 WARSZTATY MARZE\u0143\ufffc w Pile - Leader School\" \/>\n<meta property=\"og:description\" content=\"Leader School w Pile zaprasza na wakacyjne warsztaty dla dzieci w wieku od 7 do 11 lat. Codziennie w LEADER SCHOOL dzieci b\u0119d\u0105 prze\u017cywa\u0107 niezapomniane przygody i uczy\u0107 si\u0119 angielskiego. Ka\u017cdy dzie\u0144 b\u0119dzie pe\u0142en \u015bmiechu i dobrej zabawy, a do tego wype\u0142niony wspania\u0142ymi atrakcjami! Wakacje 2022:I Termin warsztat\u00f3w: 04.07.2022-08.07.2022II Termin warsztat\u00f3w: 11.07.2022-15.07.2022III Termin warsztat\u00f3w: 18.07.2022-22.07.2022IV [&hellip;]\" \/>\n<meta property=\"og:url\" content=\"https:\/\/leaderschool.pl\/pila\/wakacje-2022-warsztaty-marzen\ufffc\/\" \/>\n<meta property=\"og:site_name\" content=\"w Pile - Leader School\" \/>\n<meta property=\"article:modified_time\" content=\"2022-07-23T13:33:24+00:00\" \/>\n<meta name=\"twitter:card\" content=\"summary_large_image\" \/>\n<meta name=\"twitter:label1\" content=\"Szacowany czas czytania\" \/>\n\t<meta name=\"twitter:data1\" content=\"1 minuta\" \/>\n<script type=\"application\/ld+json\" class=\"yoast-schema-graph\">{\"@context\":\"https:\/\/schema.org\",\"@graph\":[{\"@type\":\"WebSite\",\"@id\":\"https:\/\/leaderschool.pl\/pila\/#website\",\"url\":\"https:\/\/leaderschool.pl\/pila\/\",\"name\":\"w Pile - Leader School\",\"description\":\"\",\"potentialAction\":[{\"@type\":\"SearchAction\",\"target\":{\"@type\":\"EntryPoint\",\"urlTemplate\":\"https:\/\/leaderschool.pl\/pila\/?s={search_term_string}\"},\"query-input\":\"required name=search_term_string\"}],\"inLanguage\":\"pl-PL\"},{\"@type\":\"WebPage\",\"@id\":\"https:\/\/leaderschool.pl\/pila\/wakacje-2022-warsztaty-marzen%ef%bf%bc\/#webpage\",\"url\":\"https:\/\/leaderschool.pl\/pila\/wakacje-2022-warsztaty-marzen%ef%bf%bc\/\",\"name\":\"Wakacje 2022 \u2013 WARSZTATY MARZE\u0143\ufffc w Pile - Leader School\",\"isPartOf\":{\"@id\":\"https:\/\/leaderschool.pl\/pila\/#website\"},\"datePublished\":\"2022-07-23T13:33:23+00:00\",\"dateModified\":\"2022-07-23T13:33:24+00:00\",\"breadcrumb\":{\"@id\":\"https:\/\/leaderschool.pl\/pila\/wakacje-2022-warsztaty-marzen%ef%bf%bc\/#breadcrumb\"},\"inLanguage\":\"pl-PL\",\"potentialAction\":[{\"@type\":\"ReadAction\",\"target\":[\"https:\/\/leaderschool.pl\/pila\/wakacje-2022-warsztaty-marzen%ef%bf%bc\/\"]}]},{\"@type\":\"BreadcrumbList\",\"@id\":\"https:\/\/leaderschool.pl\/pila\/wakacje-2022-warsztaty-marzen%ef%bf%bc\/#breadcrumb\",\"itemListElement\":[{\"@type\":\"ListItem\",\"position\":1,\"name\":\"Home\",\"item\":\"https:\/\/leaderschool.pl\/pila\/\"},{\"@type\":\"ListItem\",\"position\":2,\"name\":\"Wakacje 2022 \u2013 WARSZTATY MARZE\u0143\ufffc\"}]}]}<\/script>\n<!-- \/ Yoast SEO plugin. -->","yoast_head_json":{"title":"Wakacje 2022 \u2013 WARSZTATY MARZE\u0143\ufffc w Pile - Leader School","robots":{"index":"index","follow":"follow","max-snippet":"max-snippet:-1","max-image-preview":"max-image-preview:large","max-video-preview":"max-video-preview:-1"},"canonical":"https:\/\/leaderschool.pl\/pila\/wakacje-2022-warsztaty-marzen\ufffc\/","og_locale":"pl_PL","og_type":"article","og_title":"Wakacje 2022 \u2013 WARSZTATY MARZE\u0143\ufffc w Pile - Leader School","og_description":"Leader School w Pile zaprasza na wakacyjne warsztaty dla dzieci w wieku od 7 do 11 lat. Codziennie w LEADER SCHOOL dzieci b\u0119d\u0105 prze\u017cywa\u0107 niezapomniane przygody i uczy\u0107 si\u0119 angielskiego. Ka\u017cdy dzie\u0144 b\u0119dzie pe\u0142en \u015bmiechu i dobrej zabawy, a do tego wype\u0142niony wspania\u0142ymi atrakcjami! Wakacje 2022:I Termin warsztat\u00f3w: 04.07.2022-08.07.2022II Termin warsztat\u00f3w: 11.07.2022-15.07.2022III Termin warsztat\u00f3w: 18.07.2022-22.07.2022IV [&hellip;]","og_url":"https:\/\/leaderschool.pl\/pila\/wakacje-2022-warsztaty-marzen\ufffc\/","og_site_name":"w Pile - Leader School","article_modified_time":"2022-07-23T13:33:24+00:00","twitter_card":"summary_large_image","twitter_misc":{"Szacowany czas czytania":"1 minuta"},"schema":{"@context":"https:\/\/schema.org","@graph":[{"@type":"WebSite","@id":"https:\/\/leaderschool.pl\/pila\/#website","url":"https:\/\/leaderschool.pl\/pila\/","name":"w Pile - Leader School","description":"","potentialAction":[{"@type":"SearchAction","target":{"@type":"EntryPoint","urlTemplate":"https:\/\/leaderschool.pl\/pila\/?s={search_term_string}"},"query-input":"required name=search_term_string"}],"inLanguage":"pl-PL"},{"@type":"WebPage","@id":"https:\/\/leaderschool.pl\/pila\/wakacje-2022-warsztaty-marzen%ef%bf%bc\/#webpage","url":"https:\/\/leaderschool.pl\/pila\/wakacje-2022-warsztaty-marzen%ef%bf%bc\/","name":"Wakacje 2022 \u2013 WARSZTATY MARZE\u0143\ufffc w Pile - Leader School","isPartOf":{"@id":"https:\/\/leaderschool.pl\/pila\/#website"},"datePublished":"2022-07-23T13:33:23+00:00","dateModified":"2022-07-23T13:33:24+00:00","breadcrumb":{"@id":"https:\/\/leaderschool.pl\/pila\/wakacje-2022-warsztaty-marzen%ef%bf%bc\/#breadcrumb"},"inLanguage":"pl-PL","potentialAction":[{"@type":"ReadAction","target":["https:\/\/leaderschool.pl\/pila\/wakacje-2022-warsztaty-marzen%ef%bf%bc\/"]}]},{"@type":"BreadcrumbList","@id":"https:\/\/leaderschool.pl\/pila\/wakacje-2022-warsztaty-marzen%ef%bf%bc\/#breadcrumb","itemListElement":[{"@type":"ListItem","position":1,"name":"Home","item":"https:\/\/leaderschool.pl\/pila\/"},{"@type":"ListItem","position":2,"name":"Wakacje 2022 \u2013 WARSZTATY MARZE\u0143\ufffc"}]}]}},"_links":{"self":[{"href":"https:\/\/leaderschool.pl\/pila\/wp-json\/wp\/v2\/pages\/2612"}],"collection":[{"href":"https:\/\/leaderschool.pl\/pila\/wp-json\/wp\/v2\/pages"}],"about":[{"href":"https:\/\/leaderschool.pl\/pila\/wp-json\/wp\/v2\/types\/page"}],"author":[{"embeddable":true,"href":"https:\/\/leaderschool.pl\/pila\/wp-json\/wp\/v2\/users\/3"}],"replies":[{"embeddable":true,"href":"https:\/\/leaderschool.pl\/pila\/wp-json\/wp\/v2\/comments?post=2612"}],"version-history":[{"count":1,"href":"https:\/\/leaderschool.pl\/pila\/wp-json\/wp\/v2\/pages\/2612\/revisions"}],"predecessor-version":[{"id":2613,"href":"https:\/\/leaderschool.pl\/pila\/wp-json\/wp\/v2\/pages\/2612\/revisions\/2613"}],"wp:attachment":[{"href":"https:\/\/leaderschool.pl\/pila\/wp-json\/wp\/v2\/media?parent=2612"}],"curies":[{"name":"wp","href":"https:\/\/api.w.org\/{rel}","templated":true}]}}