{"id":2604,"date":"2022-07-24T15:19:59","date_gmt":"2022-07-24T13:19:59","guid":{"rendered":"https:\/\/leaderschool.sellision.dev\/piaseczno\/?page_id=2604"},"modified":"2022-08-18T13:13:19","modified_gmt":"2022-08-18T11:13:19","slug":"jezyk-wloski","status":"publish","type":"page","link":"https:\/\/leaderschool.pl\/piaseczno\/jezyk-wloski\/","title":{"rendered":"J\u0119zyk w\u0142oski"},"content":{"rendered":"\n<h2>J\u0119zyk w\u0142oski Piaseczno &#8211; kursy j\u0119zyka w\u0142oskiego w Piasecznie<\/h2>\n\n\n\n<p>Leader School w Piasecznie oferuje swoim klientom mo\u017cliwo\u015b\u0107 nauki wielu j\u0119zyk\u00f3w europejskich na najwy\u017cszym poziomie: angielski, niemiecki, w\u0142oski i hiszpa\u0144ski. Nasi lektorzy to osoby z uko\u0144czonymi studiami j\u0119zykowymi w kraju i za granic\u0105, cze\u015b\u0107 z nich to osoby urodzone w tych krajach. Zatrudniamy pasjonat\u00f3w &#8211; osoby, kt\u00f3re nie tylko ucz\u0105 j\u0119zyka danego kraju ale s\u0105 w nim zakochani, znaj\u0105 jego kultur\u0119 i zwyczaje. Przekazuj\u0105 naszym uczniom swoj\u0105 wiedz\u0119 i pasj\u0119.<\/p>\n\n\n\n<p>Poznajcie nasz\u0105 ofert\u0119, nauka j\u0119zyka w\u0142oskiego w Piasecznie &#8211; metod\u0105 BLS Kommunikation lub metod\u0105 bezpo\u015bredni\u0105. Obydwie metody gwarantuj\u0105, \u017ce uczniowie szybko zaczynaj\u0105 m\u00f3wi\u0107 i rozumie\u0107 po w\u0142osku. Zaj\u0119cia s\u0105 bardzo dynamiczne, a efektem ka\u017cdego spotkania z lektorem jest poznanie i utrwalenie szeregu nowych zwrot\u00f3w i s\u0142\u00f3wek.<br>Kursy j\u0119zyka w\u0142oskiego w Piasecznie prowadzone s\u0105 online lub w Leader School Piaseczno ul. Pawia 7 lok. 6.<\/p>\n\n\n\n<p>W\u0141OCHY \u2013 ka\u017cdy chcia\u0142by cho\u0107 raz sp\u0119dzi\u0107 tam wakacje \u2013 co o nich wiemy?<\/p>\n\n\n\n<p>W\u0142ochy kojarz\u0105 si\u0119 g\u0142\u00f3wnie ze spaghetti, pizz\u0105, w\u0142oskim g\u0142o\u015bnym stylem bycia, pi\u0142ka no\u017cna, Erosem Ramazzotti, Romeo i Juli\u0105, Watykanem i Wenecj\u0105 ale&#8230;<br>\u2022 W\u0142ochy to miejsce, gdzie zaraz po Grecji narodzi\u0142a si\u0119 wielka cywilizacja, rozwin\u0119\u0142a kultura i nauka.<br>\u2022 W\u0142ochy to wspania\u0142e zabytki i pi\u0119kne krajobrazy. Krystalicznie czysta woda, zatoki z szerokimi piaszczystymi pla\u017cami, malownicze urwiska skalne wpadaj\u0105ce do b\u0142\u0119kitnych w\u00f3d Morza Tyrre\u0144skiego, wulkan Wezuwiusz, atrakcyjne wybrze\u017ce Morza \u015ar\u00f3dziemnego z licznymi wyspami, a w\u015br\u00f3d nich najbardziej atrakcyjna i popularna Sycylia i Sardynia.<br>\u2022 W\u0142ochy s\u0105 szczeg\u00f3lnie atrakcyjne dla mi\u0142o\u015bnik\u00f3w wspinaczki g\u00f3rskiej i narciarstwa, gdy\u017c ponad 80% powierzchni zajmuj\u0105 g\u00f3ry.<br>\u2022 M\u00f3wi si\u0119, \u017ce do odkrycia W\u0142och nie wystarczy ca\u0142e \u017cycie<br>\u2022 W\u0142osi wynale\u017ali wiele interesuj\u0105cych przedmiot\u00f3w, kt\u00f3re obecnie s\u0105 powszechnie wykorzystywane i cenione. Warto wymieni\u0107 mi\u0119dzy innymi: ekspres do kawy, termometr, barometr, fortepian, bateri\u0119, nitrogliceryn\u0119 czy okulary.<br>\u2022 W\u0142ochy s\u0105 najwi\u0119kszym producentem obuwia w Europie i drugim na \u015bwiecie po Chinach. Ponadto buty w\u0142oskie s\u0142yn\u0105 z urody i jako\u015bci.<\/p>\n\n\n\n<p>A j\u0119zyk w\u0142oski taki melodyjny i wpadaj\u0105cy w ucho..<br>\u2022 Jeszcze 50 lat temu w\u0142oski by\u0142 j\u0119zykiem u\u017cywanym jedynie w literaturze. Ka\u017cdy region kraju pos\u0142ugiwa\u0142 si\u0119 bowiem swoim w\u0142asnym j\u0119zykiem.<br>\u2022 W\u0142oski pozbawiony jest liter: K, Y, W, X i J.<br>\u2022 Rozmowy przeprowadzane z W\u0142ochami zawsze opieraj\u0105 si\u0119 na ogromnej liczbie gest\u00f3w, kt\u00f3re s\u0105 powszechnie znane.<\/p>\n\n\n\n<p>Zapraszamy na j\u0119zyk w\u0142oski w Leader School Piaseczno. Na naszych kursach poznacie nie tylko j\u0119zyk, ale i kultur\u0119 tego kraju!<\/p>\n\n\n\n<figure class=\"wp-block-image\"><img src=\"data:image\/gif;base64,R0lGODlhAQABAAAAACH5BAEKAAEALAAAAAABAAEAAAICTAEAOw==\" alt=\"\" class=\"lazyload\" data-src=\"https:\/\/piaseczno.leaderschool.pl\/wp-content\/uploads\/sites\/24\/2015\/09\/Fotolia_46934469_Subscription_Monthly_M.jpg\"><\/figure>\n","protected":false},"excerpt":{"rendered":"<p>J\u0119zyk w\u0142oski Piaseczno &#8211; kursy j\u0119zyka w\u0142oskiego w Piasecznie Leader School w Piasecznie oferuje swoim klientom mo\u017cliwo\u015b\u0107 nauki wielu j\u0119zyk\u00f3w europejskich na najwy\u017cszym poziomie: angielski, niemiecki, w\u0142oski i hiszpa\u0144ski. Nasi lektorzy to osoby z uko\u0144czonymi studiami j\u0119zykowymi w kraju i za granic\u0105, cze\u015b\u0107 z nich to osoby urodzone w tych krajach. Zatrudniamy pasjonat\u00f3w &#8211; osoby, [&hellip;]<\/p>\n","protected":false},"author":3,"featured_media":0,"parent":0,"menu_order":0,"comment_status":"closed","ping_status":"closed","template":"","meta":{"ngg_post_thumbnail":0},"acf":[],"yoast_head":"<!-- This site is optimized with the Yoast SEO plugin v18.9 - https:\/\/yoast.com\/wordpress\/plugins\/seo\/ -->\n<title>J\u0119zyk w\u0142oski w Piasecznie - Leader School<\/title>\n<meta name=\"robots\" content=\"index, follow, max-snippet:-1, max-image-preview:large, max-video-preview:-1\" \/>\n<link rel=\"canonical\" href=\"https:\/\/leaderschool.pl\/piaseczno\/jezyk-wloski\/\" \/>\n<meta property=\"og:locale\" content=\"pl_PL\" \/>\n<meta property=\"og:type\" content=\"article\" \/>\n<meta property=\"og:title\" content=\"J\u0119zyk w\u0142oski w Piasecznie - Leader School\" \/>\n<meta property=\"og:description\" content=\"J\u0119zyk w\u0142oski Piaseczno &#8211; kursy j\u0119zyka w\u0142oskiego w Piasecznie Leader School w Piasecznie oferuje swoim klientom mo\u017cliwo\u015b\u0107 nauki wielu j\u0119zyk\u00f3w europejskich na najwy\u017cszym poziomie: angielski, niemiecki, w\u0142oski i hiszpa\u0144ski. Nasi lektorzy to osoby z uko\u0144czonymi studiami j\u0119zykowymi w kraju i za granic\u0105, cze\u015b\u0107 z nich to osoby urodzone w tych krajach. Zatrudniamy pasjonat\u00f3w &#8211; osoby, [&hellip;]\" \/>\n<meta property=\"og:url\" content=\"https:\/\/leaderschool.pl\/piaseczno\/jezyk-wloski\/\" \/>\n<meta property=\"og:site_name\" content=\"w Piasecznie - Leader School\" \/>\n<meta property=\"article:modified_time\" content=\"2022-08-18T11:13:19+00:00\" \/>\n<meta property=\"og:image\" content=\"https:\/\/piaseczno.leaderschool.pl\/wp-content\/uploads\/sites\/24\/2015\/09\/Fotolia_46934469_Subscription_Monthly_M.jpg\" \/>\n<meta name=\"twitter:card\" content=\"summary_large_image\" \/>\n<meta name=\"twitter:label1\" content=\"Szacowany czas czytania\" \/>\n\t<meta name=\"twitter:data1\" content=\"3 minuty\" \/>\n<script type=\"application\/ld+json\" class=\"yoast-schema-graph\">{\"@context\":\"https:\/\/schema.org\",\"@graph\":[{\"@type\":\"WebSite\",\"@id\":\"https:\/\/leaderschool.pl\/piaseczno\/#website\",\"url\":\"https:\/\/leaderschool.pl\/piaseczno\/\",\"name\":\"w Piasecznie - Leader School\",\"description\":\"\",\"potentialAction\":[{\"@type\":\"SearchAction\",\"target\":{\"@type\":\"EntryPoint\",\"urlTemplate\":\"https:\/\/leaderschool.pl\/piaseczno\/?s={search_term_string}\"},\"query-input\":\"required name=search_term_string\"}],\"inLanguage\":\"pl-PL\"},{\"@type\":\"ImageObject\",\"inLanguage\":\"pl-PL\",\"@id\":\"https:\/\/leaderschool.pl\/piaseczno\/jezyk-wloski\/#primaryimage\",\"url\":\"https:\/\/piaseczno.leaderschool.pl\/wp-content\/uploads\/sites\/24\/2015\/09\/Fotolia_46934469_Subscription_Monthly_M.jpg\",\"contentUrl\":\"https:\/\/piaseczno.leaderschool.pl\/wp-content\/uploads\/sites\/24\/2015\/09\/Fotolia_46934469_Subscription_Monthly_M.jpg\"},{\"@type\":\"WebPage\",\"@id\":\"https:\/\/leaderschool.pl\/piaseczno\/jezyk-wloski\/#webpage\",\"url\":\"https:\/\/leaderschool.pl\/piaseczno\/jezyk-wloski\/\",\"name\":\"J\u0119zyk w\u0142oski w Piasecznie - Leader School\",\"isPartOf\":{\"@id\":\"https:\/\/leaderschool.pl\/piaseczno\/#website\"},\"primaryImageOfPage\":{\"@id\":\"https:\/\/leaderschool.pl\/piaseczno\/jezyk-wloski\/#primaryimage\"},\"datePublished\":\"2022-07-24T13:19:59+00:00\",\"dateModified\":\"2022-08-18T11:13:19+00:00\",\"breadcrumb\":{\"@id\":\"https:\/\/leaderschool.pl\/piaseczno\/jezyk-wloski\/#breadcrumb\"},\"inLanguage\":\"pl-PL\",\"potentialAction\":[{\"@type\":\"ReadAction\",\"target\":[\"https:\/\/leaderschool.pl\/piaseczno\/jezyk-wloski\/\"]}]},{\"@type\":\"BreadcrumbList\",\"@id\":\"https:\/\/leaderschool.pl\/piaseczno\/jezyk-wloski\/#breadcrumb\",\"itemListElement\":[{\"@type\":\"ListItem\",\"position\":1,\"name\":\"Home\",\"item\":\"https:\/\/leaderschool.pl\/piaseczno\/\"},{\"@type\":\"ListItem\",\"position\":2,\"name\":\"J\u0119zyk w\u0142oski\"}]}]}<\/script>\n<!-- \/ Yoast SEO plugin. -->","yoast_head_json":{"title":"J\u0119zyk w\u0142oski w Piasecznie - Leader School","robots":{"index":"index","follow":"follow","max-snippet":"max-snippet:-1","max-image-preview":"max-image-preview:large","max-video-preview":"max-video-preview:-1"},"canonical":"https:\/\/leaderschool.pl\/piaseczno\/jezyk-wloski\/","og_locale":"pl_PL","og_type":"article","og_title":"J\u0119zyk w\u0142oski w Piasecznie - Leader School","og_description":"J\u0119zyk w\u0142oski Piaseczno &#8211; kursy j\u0119zyka w\u0142oskiego w Piasecznie Leader School w Piasecznie oferuje swoim klientom mo\u017cliwo\u015b\u0107 nauki wielu j\u0119zyk\u00f3w europejskich na najwy\u017cszym poziomie: angielski, niemiecki, w\u0142oski i hiszpa\u0144ski. Nasi lektorzy to osoby z uko\u0144czonymi studiami j\u0119zykowymi w kraju i za granic\u0105, cze\u015b\u0107 z nich to osoby urodzone w tych krajach. Zatrudniamy pasjonat\u00f3w &#8211; osoby, [&hellip;]","og_url":"https:\/\/leaderschool.pl\/piaseczno\/jezyk-wloski\/","og_site_name":"w Piasecznie - Leader School","article_modified_time":"2022-08-18T11:13:19+00:00","og_image":[{"url":"https:\/\/piaseczno.leaderschool.pl\/wp-content\/uploads\/sites\/24\/2015\/09\/Fotolia_46934469_Subscription_Monthly_M.jpg"}],"twitter_card":"summary_large_image","twitter_misc":{"Szacowany czas czytania":"3 minuty"},"schema":{"@context":"https:\/\/schema.org","@graph":[{"@type":"WebSite","@id":"https:\/\/leaderschool.pl\/piaseczno\/#website","url":"https:\/\/leaderschool.pl\/piaseczno\/","name":"w Piasecznie - Leader School","description":"","potentialAction":[{"@type":"SearchAction","target":{"@type":"EntryPoint","urlTemplate":"https:\/\/leaderschool.pl\/piaseczno\/?s={search_term_string}"},"query-input":"required name=search_term_string"}],"inLanguage":"pl-PL"},{"@type":"ImageObject","inLanguage":"pl-PL","@id":"https:\/\/leaderschool.pl\/piaseczno\/jezyk-wloski\/#primaryimage","url":"https:\/\/piaseczno.leaderschool.pl\/wp-content\/uploads\/sites\/24\/2015\/09\/Fotolia_46934469_Subscription_Monthly_M.jpg","contentUrl":"https:\/\/piaseczno.leaderschool.pl\/wp-content\/uploads\/sites\/24\/2015\/09\/Fotolia_46934469_Subscription_Monthly_M.jpg"},{"@type":"WebPage","@id":"https:\/\/leaderschool.pl\/piaseczno\/jezyk-wloski\/#webpage","url":"https:\/\/leaderschool.pl\/piaseczno\/jezyk-wloski\/","name":"J\u0119zyk w\u0142oski w Piasecznie - Leader School","isPartOf":{"@id":"https:\/\/leaderschool.pl\/piaseczno\/#website"},"primaryImageOfPage":{"@id":"https:\/\/leaderschool.pl\/piaseczno\/jezyk-wloski\/#primaryimage"},"datePublished":"2022-07-24T13:19:59+00:00","dateModified":"2022-08-18T11:13:19+00:00","breadcrumb":{"@id":"https:\/\/leaderschool.pl\/piaseczno\/jezyk-wloski\/#breadcrumb"},"inLanguage":"pl-PL","potentialAction":[{"@type":"ReadAction","target":["https:\/\/leaderschool.pl\/piaseczno\/jezyk-wloski\/"]}]},{"@type":"BreadcrumbList","@id":"https:\/\/leaderschool.pl\/piaseczno\/jezyk-wloski\/#breadcrumb","itemListElement":[{"@type":"ListItem","position":1,"name":"Home","item":"https:\/\/leaderschool.pl\/piaseczno\/"},{"@type":"ListItem","position":2,"name":"J\u0119zyk w\u0142oski"}]}]}},"_links":{"self":[{"href":"https:\/\/leaderschool.pl\/piaseczno\/wp-json\/wp\/v2\/pages\/2604"}],"collection":[{"href":"https:\/\/leaderschool.pl\/piaseczno\/wp-json\/wp\/v2\/pages"}],"about":[{"href":"https:\/\/leaderschool.pl\/piaseczno\/wp-json\/wp\/v2\/types\/page"}],"author":[{"embeddable":true,"href":"https:\/\/leaderschool.pl\/piaseczno\/wp-json\/wp\/v2\/users\/3"}],"replies":[{"embeddable":true,"href":"https:\/\/leaderschool.pl\/piaseczno\/wp-json\/wp\/v2\/comments?post=2604"}],"version-history":[{"count":3,"href":"https:\/\/leaderschool.pl\/piaseczno\/wp-json\/wp\/v2\/pages\/2604\/revisions"}],"predecessor-version":[{"id":2683,"href":"https:\/\/leaderschool.pl\/piaseczno\/wp-json\/wp\/v2\/pages\/2604\/revisions\/2683"}],"wp:attachment":[{"href":"https:\/\/leaderschool.pl\/piaseczno\/wp-json\/wp\/v2\/media?parent=2604"}],"curies":[{"name":"wp","href":"https:\/\/api.w.org\/{rel}","templated":true}]}}