{"id":2600,"date":"2022-07-24T16:43:09","date_gmt":"2022-07-24T14:43:09","guid":{"rendered":"https:\/\/leaderschool.sellision.dev\/legionowo\/?page_id=2600"},"modified":"2022-07-29T17:44:26","modified_gmt":"2022-07-29T15:44:26","slug":"hiszpanski","status":"publish","type":"page","link":"https:\/\/leaderschool.pl\/legionowo\/hiszpanski\/","title":{"rendered":"J\u0119zyk hiszpa\u0144ski"},"content":{"rendered":"\n<p>KURSY J\u0118ZYKA HISZPA\u0143SKIEGO NA WSZYSTKICH POZIOMACH ZAAWANSOWANIA &#8211; zaj\u0119cia grupowe i indywidualne.<\/p>\n\n\n\n<p>Organizujemy zaj\u0119cia dla dzieci, m\u0142odzie\u017cy i doros\u0142ych.<\/p>\n\n\n\n<p>Kursy j\u0119zyka hiszpa\u0144skiego adresowane s\u0105 do os\u00f3b, kt\u00f3re chc\u0105 rozpocz\u0105\u0107 lub podnie\u015b\u0107 sw\u00f3j poziom j\u0119zykowy oraz uzupe\u0142ni\u0107 braki, oraz dla tych, kt\u00f3rzy chc\u0105 przygotowa\u0107 si\u0119 do egzaminu, wyjazdu za granic\u0119.<\/p>\n\n\n\n<p>ZAJ\u0118CIA PROWADZI NATIVE SPEAKER<\/p>\n\n\n\n<p>ZAPRASZAMY<br>TEL. 22 793 02 86 \/ 604 48 78 65<\/p>\n","protected":false},"excerpt":{"rendered":"<p>KURSY J\u0118ZYKA HISZPA\u0143SKIEGO NA WSZYSTKICH POZIOMACH ZAAWANSOWANIA &#8211; zaj\u0119cia grupowe i indywidualne. Organizujemy zaj\u0119cia dla dzieci, m\u0142odzie\u017cy i doros\u0142ych. Kursy j\u0119zyka hiszpa\u0144skiego adresowane s\u0105 do os\u00f3b, kt\u00f3re chc\u0105 rozpocz\u0105\u0107 lub podnie\u015b\u0107 sw\u00f3j poziom j\u0119zykowy oraz uzupe\u0142ni\u0107 braki, oraz dla tych, kt\u00f3rzy chc\u0105 przygotowa\u0107 si\u0119 do egzaminu, wyjazdu za granic\u0119. ZAJ\u0118CIA PROWADZI NATIVE SPEAKER ZAPRASZAMYTEL. 22 [&hellip;]<\/p>\n","protected":false},"author":3,"featured_media":0,"parent":0,"menu_order":0,"comment_status":"closed","ping_status":"closed","template":"","meta":{"ngg_post_thumbnail":0},"acf":[],"yoast_head":"<!-- This site is optimized with the Yoast SEO plugin v18.9 - https:\/\/yoast.com\/wordpress\/plugins\/seo\/ -->\n<title>J\u0119zyk hiszpa\u0144ski w Legionowie - Leader School<\/title>\n<meta name=\"robots\" content=\"index, follow, max-snippet:-1, max-image-preview:large, max-video-preview:-1\" \/>\n<link rel=\"canonical\" href=\"https:\/\/leaderschool.pl\/legionowo\/hiszpanski\/\" \/>\n<meta property=\"og:locale\" content=\"pl_PL\" \/>\n<meta property=\"og:type\" content=\"article\" \/>\n<meta property=\"og:title\" content=\"J\u0119zyk hiszpa\u0144ski w Legionowie - Leader School\" \/>\n<meta property=\"og:description\" content=\"KURSY J\u0118ZYKA HISZPA\u0143SKIEGO NA WSZYSTKICH POZIOMACH ZAAWANSOWANIA &#8211; zaj\u0119cia grupowe i indywidualne. Organizujemy zaj\u0119cia dla dzieci, m\u0142odzie\u017cy i doros\u0142ych. Kursy j\u0119zyka hiszpa\u0144skiego adresowane s\u0105 do os\u00f3b, kt\u00f3re chc\u0105 rozpocz\u0105\u0107 lub podnie\u015b\u0107 sw\u00f3j poziom j\u0119zykowy oraz uzupe\u0142ni\u0107 braki, oraz dla tych, kt\u00f3rzy chc\u0105 przygotowa\u0107 si\u0119 do egzaminu, wyjazdu za granic\u0119. ZAJ\u0118CIA PROWADZI NATIVE SPEAKER ZAPRASZAMYTEL. 22 [&hellip;]\" \/>\n<meta property=\"og:url\" content=\"https:\/\/leaderschool.pl\/legionowo\/hiszpanski\/\" \/>\n<meta property=\"og:site_name\" content=\"w Legionowie - Leader School\" \/>\n<meta property=\"article:modified_time\" content=\"2022-07-29T15:44:26+00:00\" \/>\n<meta name=\"twitter:card\" content=\"summary_large_image\" \/>\n<meta name=\"twitter:label1\" content=\"Szacowany czas czytania\" \/>\n\t<meta name=\"twitter:data1\" content=\"1 minuta\" \/>\n<script type=\"application\/ld+json\" class=\"yoast-schema-graph\">{\"@context\":\"https:\/\/schema.org\",\"@graph\":[{\"@type\":\"WebSite\",\"@id\":\"https:\/\/leaderschool.pl\/legionowo\/#website\",\"url\":\"https:\/\/leaderschool.pl\/legionowo\/\",\"name\":\"w Legionowie - Leader School\",\"description\":\"\",\"potentialAction\":[{\"@type\":\"SearchAction\",\"target\":{\"@type\":\"EntryPoint\",\"urlTemplate\":\"https:\/\/leaderschool.pl\/legionowo\/?s={search_term_string}\"},\"query-input\":\"required name=search_term_string\"}],\"inLanguage\":\"pl-PL\"},{\"@type\":\"WebPage\",\"@id\":\"https:\/\/leaderschool.pl\/legionowo\/hiszpanski\/#webpage\",\"url\":\"https:\/\/leaderschool.pl\/legionowo\/hiszpanski\/\",\"name\":\"J\u0119zyk hiszpa\u0144ski w Legionowie - Leader School\",\"isPartOf\":{\"@id\":\"https:\/\/leaderschool.pl\/legionowo\/#website\"},\"datePublished\":\"2022-07-24T14:43:09+00:00\",\"dateModified\":\"2022-07-29T15:44:26+00:00\",\"breadcrumb\":{\"@id\":\"https:\/\/leaderschool.pl\/legionowo\/hiszpanski\/#breadcrumb\"},\"inLanguage\":\"pl-PL\",\"potentialAction\":[{\"@type\":\"ReadAction\",\"target\":[\"https:\/\/leaderschool.pl\/legionowo\/hiszpanski\/\"]}]},{\"@type\":\"BreadcrumbList\",\"@id\":\"https:\/\/leaderschool.pl\/legionowo\/hiszpanski\/#breadcrumb\",\"itemListElement\":[{\"@type\":\"ListItem\",\"position\":1,\"name\":\"Home\",\"item\":\"https:\/\/leaderschool.pl\/legionowo\/\"},{\"@type\":\"ListItem\",\"position\":2,\"name\":\"J\u0119zyk hiszpa\u0144ski\"}]}]}<\/script>\n<!-- \/ Yoast SEO plugin. -->","yoast_head_json":{"title":"J\u0119zyk hiszpa\u0144ski w Legionowie - Leader School","robots":{"index":"index","follow":"follow","max-snippet":"max-snippet:-1","max-image-preview":"max-image-preview:large","max-video-preview":"max-video-preview:-1"},"canonical":"https:\/\/leaderschool.pl\/legionowo\/hiszpanski\/","og_locale":"pl_PL","og_type":"article","og_title":"J\u0119zyk hiszpa\u0144ski w Legionowie - Leader School","og_description":"KURSY J\u0118ZYKA HISZPA\u0143SKIEGO NA WSZYSTKICH POZIOMACH ZAAWANSOWANIA &#8211; zaj\u0119cia grupowe i indywidualne. Organizujemy zaj\u0119cia dla dzieci, m\u0142odzie\u017cy i doros\u0142ych. Kursy j\u0119zyka hiszpa\u0144skiego adresowane s\u0105 do os\u00f3b, kt\u00f3re chc\u0105 rozpocz\u0105\u0107 lub podnie\u015b\u0107 sw\u00f3j poziom j\u0119zykowy oraz uzupe\u0142ni\u0107 braki, oraz dla tych, kt\u00f3rzy chc\u0105 przygotowa\u0107 si\u0119 do egzaminu, wyjazdu za granic\u0119. ZAJ\u0118CIA PROWADZI NATIVE SPEAKER ZAPRASZAMYTEL. 22 [&hellip;]","og_url":"https:\/\/leaderschool.pl\/legionowo\/hiszpanski\/","og_site_name":"w Legionowie - Leader School","article_modified_time":"2022-07-29T15:44:26+00:00","twitter_card":"summary_large_image","twitter_misc":{"Szacowany czas czytania":"1 minuta"},"schema":{"@context":"https:\/\/schema.org","@graph":[{"@type":"WebSite","@id":"https:\/\/leaderschool.pl\/legionowo\/#website","url":"https:\/\/leaderschool.pl\/legionowo\/","name":"w Legionowie - Leader School","description":"","potentialAction":[{"@type":"SearchAction","target":{"@type":"EntryPoint","urlTemplate":"https:\/\/leaderschool.pl\/legionowo\/?s={search_term_string}"},"query-input":"required name=search_term_string"}],"inLanguage":"pl-PL"},{"@type":"WebPage","@id":"https:\/\/leaderschool.pl\/legionowo\/hiszpanski\/#webpage","url":"https:\/\/leaderschool.pl\/legionowo\/hiszpanski\/","name":"J\u0119zyk hiszpa\u0144ski w Legionowie - Leader School","isPartOf":{"@id":"https:\/\/leaderschool.pl\/legionowo\/#website"},"datePublished":"2022-07-24T14:43:09+00:00","dateModified":"2022-07-29T15:44:26+00:00","breadcrumb":{"@id":"https:\/\/leaderschool.pl\/legionowo\/hiszpanski\/#breadcrumb"},"inLanguage":"pl-PL","potentialAction":[{"@type":"ReadAction","target":["https:\/\/leaderschool.pl\/legionowo\/hiszpanski\/"]}]},{"@type":"BreadcrumbList","@id":"https:\/\/leaderschool.pl\/legionowo\/hiszpanski\/#breadcrumb","itemListElement":[{"@type":"ListItem","position":1,"name":"Home","item":"https:\/\/leaderschool.pl\/legionowo\/"},{"@type":"ListItem","position":2,"name":"J\u0119zyk hiszpa\u0144ski"}]}]}},"_links":{"self":[{"href":"https:\/\/leaderschool.pl\/legionowo\/wp-json\/wp\/v2\/pages\/2600"}],"collection":[{"href":"https:\/\/leaderschool.pl\/legionowo\/wp-json\/wp\/v2\/pages"}],"about":[{"href":"https:\/\/leaderschool.pl\/legionowo\/wp-json\/wp\/v2\/types\/page"}],"author":[{"embeddable":true,"href":"https:\/\/leaderschool.pl\/legionowo\/wp-json\/wp\/v2\/users\/3"}],"replies":[{"embeddable":true,"href":"https:\/\/leaderschool.pl\/legionowo\/wp-json\/wp\/v2\/comments?post=2600"}],"version-history":[{"count":3,"href":"https:\/\/leaderschool.pl\/legionowo\/wp-json\/wp\/v2\/pages\/2600\/revisions"}],"predecessor-version":[{"id":2631,"href":"https:\/\/leaderschool.pl\/legionowo\/wp-json\/wp\/v2\/pages\/2600\/revisions\/2631"}],"wp:attachment":[{"href":"https:\/\/leaderschool.pl\/legionowo\/wp-json\/wp\/v2\/media?parent=2600"}],"curies":[{"name":"wp","href":"https:\/\/api.w.org\/{rel}","templated":true}]}}