{"id":3121,"date":"2023-12-26T22:55:26","date_gmt":"2023-12-26T21:55:26","guid":{"rendered":"https:\/\/leaderschool.pl\/krakow\/?page_id=3121"},"modified":"2023-12-26T22:59:41","modified_gmt":"2023-12-26T21:59:41","slug":"na-tropie-tajemnic-polkolonie-z-detektywistyczne","status":"publish","type":"page","link":"https:\/\/leaderschool.pl\/krakow\/na-tropie-tajemnic-polkolonie-z-detektywistyczne\/","title":{"rendered":"NA TROPIE TAJEMNIC &#8211; P\u00f3\u0142kolonie detektywistyczne"},"content":{"rendered":"\n<figure class=\"wp-block-pullquote has-text-align-center\"><blockquote><p><br>Twoje dziecko jest <mark class=\"has-inline-color has-vivid-cyan-blue-color\"><strong>dociekliwe?<\/strong><\/mark><\/p><p>\u015awietnie si\u0119 sk\u0142ada bo przygotowali\u015bmy <mark class=\"has-inline-color has-vivid-cyan-blue-color\"><strong>fantastyczny program p\u00f3\u0142kolonii<\/strong><\/mark> dla wszystkich <font color=\"#0693e3\"><span><b>ma\u0142ych detektyw\u00f3w!<\/b><\/span><\/font><\/p><p>Pozw\u00f3l wej\u015b\u0107 dziecku do <mark class=\"has-inline-color has-vivid-cyan-blue-color\"><strong>bezpiecznego \u015bwiata tajemnic <\/strong><\/mark>i zapisz je ju\u017c dzi\u015b!<br><br> <mark class=\"has-inline-color has-vivid-cyan-blue-color\"><strong>Termin 19-13.02.2024<\/strong><\/mark> <\/p><\/blockquote><\/figure>\n\n\n\n<figure class=\"wp-block-image size-large is-resized is-style-rounded\"><img loading=\"lazy\" src=\"data:image\/gif;base64,R0lGODlhAQABAAAAACH5BAEKAAEALAAAAAABAAEAAAICTAEAOw==\" alt=\"\" class=\"wp-image-3129 lazyload\" width=\"768\" height=\"350\" sizes=\"(max-width: 768px) 100vw, 768px\" data-src=\"https:\/\/leaderschool.pl\/krakow\/wp-content\/uploads\/sites\/39\/2023\/12\/na-tropie-ZIMA-2024-1-1024x466.png\" data-srcset=\"https:\/\/leaderschool.pl\/krakow\/wp-content\/uploads\/sites\/39\/2023\/12\/na-tropie-ZIMA-2024-1-1024x466.png 1024w, https:\/\/leaderschool.pl\/krakow\/wp-content\/uploads\/sites\/39\/2023\/12\/na-tropie-ZIMA-2024-1-300x136.png 300w, https:\/\/leaderschool.pl\/krakow\/wp-content\/uploads\/sites\/39\/2023\/12\/na-tropie-ZIMA-2024-1-768x349.png 768w, https:\/\/leaderschool.pl\/krakow\/wp-content\/uploads\/sites\/39\/2023\/12\/na-tropie-ZIMA-2024-1.png 1299w\"><\/figure>\n\n\n\n<h2>Podczas p\u00f3\u0142kolonii:<\/h2>\n\n\n\n<p><\/p>\n\n\n\n<ul><li>b\u0119dziemy rozwi\u0105zywa\u0107 zagadki w biurze detektywistycznym Lassego i Mai<\/li><li>postaramy wydosta\u0107 si\u0119 z tajemniczego pokoju podczas wizyty w Escape Roomie<\/li><li>nauczymy si\u0119 \u0142ama\u0107 szyfry<\/li><li>z\u0142apiemy Pokemony offline podczas zabawy terenowej<\/li><li>pobawimy si\u0119 w paleontolog\u00f3w i odszukamy \u015blady prehistorii<\/li><li>poznamy tajniki daktyloskopii<\/li><li>obejrzymy szkolny seans filmowy &#8222;Tajemnica Skorpiona&#8221;<\/li><li>zaprojektujemy w\u0142asne karty do gry<\/li><li>pomo\u017cemy w rozwik\u0142aniu zagadek Detektywowi Pozytywce<\/li><li>b\u0119dziemy odgadywa\u0107 zagadki lateralne<\/li><li>poznamy m\u0142odsza siostr\u0119 Sherlocka Holmesa &#8211; Enol\u0119<\/li><li>zagramy w gry: &#8222;Cluedo Junior&#8221;, &#8222;Mali Detektywi&#8221; i &#8222;Zaginiony klucz&#8221;<\/li><\/ul>\n\n\n\n<div class=\"wp-container-1 wp-block-buttons\">\n<div class=\"wp-block-button\"><a class=\"wp-block-button__link\" href=\"https:\/\/gamescape.pl\/zaginione-krysztaly-escape-room-dla-dzieci-krakow\/?gad_source=1&amp;gclid=Cj0KCQiAkKqsBhC3ARIsAEEjuJjSKr-MhcTIhGk85ErGoWTLFYs4vA0VsHIeqNeaVpl_yU1dsUGHLncaAg2pEALw_wcB#fabula\" style=\"border-radius:10px\">Dowiedz si\u0119 wi\u0119cej o Escape Roomie<\/a><\/div>\n<\/div>\n\n\n\n<figure class=\"wp-block-gallery has-nested-images columns-default is-cropped\">\n<figure class=\"wp-block-image size-large is-style-rounded\"><img loading=\"lazy\" width=\"1024\" height=\"1024\" data-id=\"3122\" src=\"data:image\/gif;base64,R0lGODlhAQABAAAAACH5BAEKAAEALAAAAAABAAEAAAICTAEAOw==\" alt=\"\" class=\"wp-image-3122 lazyload\" sizes=\"(max-width: 1024px) 100vw, 1024px\" data-src=\"https:\/\/leaderschool.pl\/krakow\/wp-content\/uploads\/sites\/39\/2023\/12\/1-1024x1024.png\" data-srcset=\"https:\/\/leaderschool.pl\/krakow\/wp-content\/uploads\/sites\/39\/2023\/12\/1-1024x1024.png 1024w, https:\/\/leaderschool.pl\/krakow\/wp-content\/uploads\/sites\/39\/2023\/12\/1-300x300.png 300w, https:\/\/leaderschool.pl\/krakow\/wp-content\/uploads\/sites\/39\/2023\/12\/1-150x150.png 150w, https:\/\/leaderschool.pl\/krakow\/wp-content\/uploads\/sites\/39\/2023\/12\/1-768x768.png 768w, https:\/\/leaderschool.pl\/krakow\/wp-content\/uploads\/sites\/39\/2023\/12\/1.png 1080w\"><\/figure>\n\n\n\n<figure class=\"wp-block-image size-large is-style-rounded\"><img loading=\"lazy\" width=\"1024\" height=\"1024\" data-id=\"3123\" src=\"data:image\/gif;base64,R0lGODlhAQABAAAAACH5BAEKAAEALAAAAAABAAEAAAICTAEAOw==\" alt=\"\" class=\"wp-image-3123 lazyload\" sizes=\"(max-width: 1024px) 100vw, 1024px\" data-src=\"https:\/\/leaderschool.pl\/krakow\/wp-content\/uploads\/sites\/39\/2023\/12\/3-1024x1024.png\" data-srcset=\"https:\/\/leaderschool.pl\/krakow\/wp-content\/uploads\/sites\/39\/2023\/12\/3-1024x1024.png 1024w, https:\/\/leaderschool.pl\/krakow\/wp-content\/uploads\/sites\/39\/2023\/12\/3-300x300.png 300w, https:\/\/leaderschool.pl\/krakow\/wp-content\/uploads\/sites\/39\/2023\/12\/3-150x150.png 150w, https:\/\/leaderschool.pl\/krakow\/wp-content\/uploads\/sites\/39\/2023\/12\/3-768x768.png 768w, https:\/\/leaderschool.pl\/krakow\/wp-content\/uploads\/sites\/39\/2023\/12\/3.png 1080w\"><\/figure>\n\n\n\n<figure class=\"wp-block-image size-large is-style-rounded\"><img loading=\"lazy\" width=\"1024\" height=\"1024\" data-id=\"3124\" src=\"data:image\/gif;base64,R0lGODlhAQABAAAAACH5BAEKAAEALAAAAAABAAEAAAICTAEAOw==\" alt=\"\" class=\"wp-image-3124 lazyload\" sizes=\"(max-width: 1024px) 100vw, 1024px\" data-src=\"https:\/\/leaderschool.pl\/krakow\/wp-content\/uploads\/sites\/39\/2023\/12\/2-1024x1024.png\" data-srcset=\"https:\/\/leaderschool.pl\/krakow\/wp-content\/uploads\/sites\/39\/2023\/12\/2-1024x1024.png 1024w, https:\/\/leaderschool.pl\/krakow\/wp-content\/uploads\/sites\/39\/2023\/12\/2-300x300.png 300w, https:\/\/leaderschool.pl\/krakow\/wp-content\/uploads\/sites\/39\/2023\/12\/2-150x150.png 150w, https:\/\/leaderschool.pl\/krakow\/wp-content\/uploads\/sites\/39\/2023\/12\/2-768x768.png 768w, https:\/\/leaderschool.pl\/krakow\/wp-content\/uploads\/sites\/39\/2023\/12\/2.png 1080w\"><\/figure>\n<\/figure>\n\n\n\n<figure class=\"wp-block-pullquote\"><blockquote><p>W kameralnych 15 osobowych grupach dzieci (5-12) b\u0119dziemy praktykowa\u0107:<\/p><\/blockquote><\/figure>\n\n\n\n<ul><li>skuteczne dzia\u0142anie w zespole<\/li><li>empatyczne s\u0142uchanie i wyra\u017canie swoich my\u015bli i potrzeb<\/li><li>kreatywne rozwi\u0105zywanie problem\u00f3w<\/li><li>odwa\u017cne realizowanie swoich pomys\u0142\u00f3w<\/li><li>my\u015blenie &#8222;out of the box&#8221;<\/li><li>wdzi\u0119czno\u015b\u0107 i \u017cyczliwo\u015b\u0107<\/li><li>komunikacj\u0119 w j\u0119zyku angielskim<\/li><\/ul>\n\n\n\n<div class=\"wp-container-2 wp-block-buttons\">\n<div class=\"wp-block-button is-style-fill\"><a class=\"wp-block-button__link\" href=\"https:\/\/forms.gle\/otW2NQ4Ggwrqdzzp6\" style=\"border-radius:10px\">Zarezerwuj miejsce ju\u017c dzi\u015b!<\/a><\/div>\n<\/div>\n\n\n\n<figure class=\"wp-block-gallery has-nested-images columns-default is-cropped\">\n<figure class=\"wp-block-image size-large is-style-rounded\"><img loading=\"lazy\" width=\"1024\" height=\"1024\" data-id=\"3125\" src=\"data:image\/gif;base64,R0lGODlhAQABAAAAACH5BAEKAAEALAAAAAABAAEAAAICTAEAOw==\" alt=\"\" class=\"wp-image-3125 lazyload\" sizes=\"(max-width: 1024px) 100vw, 1024px\" data-src=\"https:\/\/leaderschool.pl\/krakow\/wp-content\/uploads\/sites\/39\/2023\/12\/5-1024x1024.png\" data-srcset=\"https:\/\/leaderschool.pl\/krakow\/wp-content\/uploads\/sites\/39\/2023\/12\/5-1024x1024.png 1024w, https:\/\/leaderschool.pl\/krakow\/wp-content\/uploads\/sites\/39\/2023\/12\/5-300x300.png 300w, https:\/\/leaderschool.pl\/krakow\/wp-content\/uploads\/sites\/39\/2023\/12\/5-150x150.png 150w, https:\/\/leaderschool.pl\/krakow\/wp-content\/uploads\/sites\/39\/2023\/12\/5-768x768.png 768w, https:\/\/leaderschool.pl\/krakow\/wp-content\/uploads\/sites\/39\/2023\/12\/5.png 1080w\"><\/figure>\n\n\n\n<figure class=\"wp-block-image size-large is-style-rounded\"><img loading=\"lazy\" width=\"1080\" height=\"1080\" data-id=\"3126\" src=\"data:image\/gif;base64,R0lGODlhAQABAAAAACH5BAEKAAEALAAAAAABAAEAAAICTAEAOw==\" alt=\"\" class=\"wp-image-3126 lazyload\" sizes=\"(max-width: 1080px) 100vw, 1080px\" data-src=\"https:\/\/leaderschool.pl\/krakow\/wp-content\/uploads\/sites\/39\/2023\/12\/4-1024x1024.png\" data-srcset=\"https:\/\/leaderschool.pl\/krakow\/wp-content\/uploads\/sites\/39\/2023\/12\/4-1024x1024.png 1024w, https:\/\/leaderschool.pl\/krakow\/wp-content\/uploads\/sites\/39\/2023\/12\/4-300x300.png 300w, https:\/\/leaderschool.pl\/krakow\/wp-content\/uploads\/sites\/39\/2023\/12\/4-150x150.png 150w, https:\/\/leaderschool.pl\/krakow\/wp-content\/uploads\/sites\/39\/2023\/12\/4-768x768.png 768w, https:\/\/leaderschool.pl\/krakow\/wp-content\/uploads\/sites\/39\/2023\/12\/4.png 1080w\"><\/figure>\n\n\n\n<figure class=\"wp-block-image size-large is-style-rounded\"><img loading=\"lazy\" width=\"1024\" height=\"1024\" data-id=\"3128\" src=\"data:image\/gif;base64,R0lGODlhAQABAAAAACH5BAEKAAEALAAAAAABAAEAAAICTAEAOw==\" alt=\"\" class=\"wp-image-3128 lazyload\" sizes=\"(max-width: 1024px) 100vw, 1024px\" data-src=\"https:\/\/leaderschool.pl\/krakow\/wp-content\/uploads\/sites\/39\/2023\/12\/7-1024x1024.png\" data-srcset=\"https:\/\/leaderschool.pl\/krakow\/wp-content\/uploads\/sites\/39\/2023\/12\/7-1024x1024.png 1024w, https:\/\/leaderschool.pl\/krakow\/wp-content\/uploads\/sites\/39\/2023\/12\/7-300x300.png 300w, https:\/\/leaderschool.pl\/krakow\/wp-content\/uploads\/sites\/39\/2023\/12\/7-150x150.png 150w, https:\/\/leaderschool.pl\/krakow\/wp-content\/uploads\/sites\/39\/2023\/12\/7-768x768.png 768w, https:\/\/leaderschool.pl\/krakow\/wp-content\/uploads\/sites\/39\/2023\/12\/7.png 1080w\"><\/figure>\n<\/figure>\n\n\n\n<figure class=\"wp-block-pullquote\"><blockquote><p>Cena 900 z\u0142 zawiera:<\/p><\/blockquote><\/figure>\n\n\n\n<ul><li>zaj\u0119cia programowe w godzinach 9:00-16:00<\/li><li>\u015bwietlic\u0119 szkoln\u0105 w godzinach 7:30-9:00 oraz 16:00-17:00<\/li><li>bilety wst\u0119pu do Muzeum Manggha<\/li><li>2-daniowy obiad i podwieczorek<\/li><li>bilety komunikacji miejskiej<\/li><li>opiek\u0119 wykwalifikowanej kadry pedagogicznej<\/li><li>ubezpieczenie NNW<\/li><li>dost\u0119p do galerii zdj\u0119\u0107 z p\u00f3\u0142kolonii<\/li><li>\u015bwietn\u0105 zabaw\u0119!<\/li><\/ul>\n\n\n\n<div class=\"wp-container-3 wp-block-buttons\"><\/div>\n\n\n\n<div class=\"wp-container-4 wp-block-buttons\">\n<div class=\"wp-block-button is-style-fill\"><a class=\"wp-block-button__link\" href=\"https:\/\/forms.gle\/otW2NQ4Ggwrqdzzp6\" style=\"border-radius:10px\">Zapisz dziecko TUTAJ<\/a><\/div>\n<\/div>\n\n\n\n<h2 class=\"has-text-align-center\">Sprawd\u017a jak bawili\u015bmy si\u0119 w poprzednich latach:<\/h2>\n\n\n\n<figure class=\"wp-block-gallery has-nested-images columns-default is-cropped\">\n<figure class=\"wp-block-image size-medium is-style-rounded\"><img loading=\"lazy\" width=\"225\" height=\"300\" data-id=\"2996\" src=\"data:image\/gif;base64,R0lGODlhAQABAAAAACH5BAEKAAEALAAAAAABAAEAAAICTAEAOw==\" alt=\"Zdj\u0119cia z p\u00f3\u0142kolonii j\u0119zykowych\" class=\"wp-image-2996 lazyload\" sizes=\"(max-width: 225px) 100vw, 225px\" data-src=\"https:\/\/leaderschool.pl\/krakow\/wp-content\/uploads\/sites\/39\/2023\/03\/IMG_4421-225x300.jpeg\" data-srcset=\"https:\/\/leaderschool.pl\/krakow\/wp-content\/uploads\/sites\/39\/2023\/03\/IMG_4421-225x300.jpeg 225w, https:\/\/leaderschool.pl\/krakow\/wp-content\/uploads\/sites\/39\/2023\/03\/IMG_4421-768x1024.jpeg 768w, https:\/\/leaderschool.pl\/krakow\/wp-content\/uploads\/sites\/39\/2023\/03\/IMG_4421-1152x1536.jpeg 1152w, https:\/\/leaderschool.pl\/krakow\/wp-content\/uploads\/sites\/39\/2023\/03\/IMG_4421-1536x2048.jpeg 1536w, https:\/\/leaderschool.pl\/krakow\/wp-content\/uploads\/sites\/39\/2023\/03\/IMG_4421-scaled.jpeg 1920w\"><\/figure>\n\n\n\n<figure class=\"wp-block-image size-medium is-style-rounded\"><img loading=\"lazy\" width=\"300\" height=\"225\" data-id=\"2954\" src=\"data:image\/gif;base64,R0lGODlhAQABAAAAACH5BAEKAAEALAAAAAABAAEAAAICTAEAOw==\" alt=\"\" class=\"wp-image-2954 lazyload\" sizes=\"(max-width: 300px) 100vw, 300px\" data-src=\"https:\/\/leaderschool.pl\/krakow\/wp-content\/uploads\/sites\/39\/2023\/03\/IMG_2746-1-300x225.jpg\" data-srcset=\"https:\/\/leaderschool.pl\/krakow\/wp-content\/uploads\/sites\/39\/2023\/03\/IMG_2746-1-300x225.jpg 300w, https:\/\/leaderschool.pl\/krakow\/wp-content\/uploads\/sites\/39\/2023\/03\/IMG_2746-1-1024x768.jpg 1024w, https:\/\/leaderschool.pl\/krakow\/wp-content\/uploads\/sites\/39\/2023\/03\/IMG_2746-1-768x576.jpg 768w, https:\/\/leaderschool.pl\/krakow\/wp-content\/uploads\/sites\/39\/2023\/03\/IMG_2746-1-1536x1152.jpg 1536w, https:\/\/leaderschool.pl\/krakow\/wp-content\/uploads\/sites\/39\/2023\/03\/IMG_2746-1-2048x1536.jpg 2048w\"><\/figure>\n\n\n\n<figure class=\"wp-block-image size-medium is-style-rounded\"><img loading=\"lazy\" width=\"225\" height=\"300\" data-id=\"2944\" src=\"data:image\/gif;base64,R0lGODlhAQABAAAAACH5BAEKAAEALAAAAAABAAEAAAICTAEAOw==\" alt=\"\" class=\"wp-image-2944 lazyload\" sizes=\"(max-width: 225px) 100vw, 225px\" data-src=\"https:\/\/leaderschool.pl\/krakow\/wp-content\/uploads\/sites\/39\/2023\/03\/IMG_4104-2-225x300.jpg\" data-srcset=\"https:\/\/leaderschool.pl\/krakow\/wp-content\/uploads\/sites\/39\/2023\/03\/IMG_4104-2-225x300.jpg 225w, https:\/\/leaderschool.pl\/krakow\/wp-content\/uploads\/sites\/39\/2023\/03\/IMG_4104-2.jpg 750w\"><\/figure>\n\n\n\n<figure class=\"wp-block-image size-medium is-style-rounded\"><img loading=\"lazy\" width=\"300\" height=\"200\" data-id=\"2960\" src=\"data:image\/gif;base64,R0lGODlhAQABAAAAACH5BAEKAAEALAAAAAABAAEAAAICTAEAOw==\" alt=\"\" class=\"wp-image-2960 lazyload\" sizes=\"(max-width: 300px) 100vw, 300px\" data-src=\"https:\/\/leaderschool.pl\/krakow\/wp-content\/uploads\/sites\/39\/2023\/03\/IMG_7581-300x200.jpg\" data-srcset=\"https:\/\/leaderschool.pl\/krakow\/wp-content\/uploads\/sites\/39\/2023\/03\/IMG_7581-300x200.jpg 300w, https:\/\/leaderschool.pl\/krakow\/wp-content\/uploads\/sites\/39\/2023\/03\/IMG_7581-1024x683.jpg 1024w, https:\/\/leaderschool.pl\/krakow\/wp-content\/uploads\/sites\/39\/2023\/03\/IMG_7581-768x512.jpg 768w, https:\/\/leaderschool.pl\/krakow\/wp-content\/uploads\/sites\/39\/2023\/03\/IMG_7581-1536x1024.jpg 1536w, https:\/\/leaderschool.pl\/krakow\/wp-content\/uploads\/sites\/39\/2023\/03\/IMG_7581-2048x1365.jpg 2048w\"><\/figure>\n\n\n\n<figure class=\"wp-block-image size-medium is-style-rounded\"><img loading=\"lazy\" width=\"225\" height=\"300\" data-id=\"2949\" src=\"data:image\/gif;base64,R0lGODlhAQABAAAAACH5BAEKAAEALAAAAAABAAEAAAICTAEAOw==\" alt=\"\" class=\"wp-image-2949 lazyload\" sizes=\"(max-width: 225px) 100vw, 225px\" data-src=\"https:\/\/leaderschool.pl\/krakow\/wp-content\/uploads\/sites\/39\/2023\/03\/IMG_3600-2-2-225x300.jpg\" data-srcset=\"https:\/\/leaderschool.pl\/krakow\/wp-content\/uploads\/sites\/39\/2023\/03\/IMG_3600-2-2-225x300.jpg 225w, https:\/\/leaderschool.pl\/krakow\/wp-content\/uploads\/sites\/39\/2023\/03\/IMG_3600-2-2-768x1024.jpg 768w, https:\/\/leaderschool.pl\/krakow\/wp-content\/uploads\/sites\/39\/2023\/03\/IMG_3600-2-2-1152x1536.jpg 1152w, https:\/\/leaderschool.pl\/krakow\/wp-content\/uploads\/sites\/39\/2023\/03\/IMG_3600-2-2-1536x2048.jpg 1536w, https:\/\/leaderschool.pl\/krakow\/wp-content\/uploads\/sites\/39\/2023\/03\/IMG_3600-2-2-scaled.jpg 1920w\"><\/figure>\n\n\n\n<figure class=\"wp-block-image size-medium is-style-rounded\"><img loading=\"lazy\" width=\"225\" height=\"300\" data-id=\"2956\" src=\"data:image\/gif;base64,R0lGODlhAQABAAAAACH5BAEKAAEALAAAAAABAAEAAAICTAEAOw==\" alt=\"\" class=\"wp-image-2956 lazyload\" sizes=\"(max-width: 225px) 100vw, 225px\" data-src=\"https:\/\/leaderschool.pl\/krakow\/wp-content\/uploads\/sites\/39\/2023\/03\/IMG_3610-2-225x300.jpg\" data-srcset=\"https:\/\/leaderschool.pl\/krakow\/wp-content\/uploads\/sites\/39\/2023\/03\/IMG_3610-2-225x300.jpg 225w, https:\/\/leaderschool.pl\/krakow\/wp-content\/uploads\/sites\/39\/2023\/03\/IMG_3610-2-768x1024.jpg 768w, https:\/\/leaderschool.pl\/krakow\/wp-content\/uploads\/sites\/39\/2023\/03\/IMG_3610-2-1152x1536.jpg 1152w, https:\/\/leaderschool.pl\/krakow\/wp-content\/uploads\/sites\/39\/2023\/03\/IMG_3610-2-1536x2048.jpg 1536w, https:\/\/leaderschool.pl\/krakow\/wp-content\/uploads\/sites\/39\/2023\/03\/IMG_3610-2-scaled.jpg 1920w\"><\/figure>\n<\/figure>\n\n\n\n<p><a href=\"https:\/\/www.facebook.com\/hashtag\/wakacjedladzieci?__eep__=6&amp;__cft__[0]=AZW69B6JlLPKDHn_-d0r1KY679VmkP19EGmpZseDlq6SgAKRaPVF0lXj8EQXumL1N_SV2Xs0F4JB57iXXi8Ifrm3zu_B0f10aFBgRIEJX9RWx8BxU84OcaU_JCAYudGaahw&amp;__tn__=*NK-R\">#feriedladzieci<\/a><a href=\"https:\/\/www.facebook.com\/hashtag\/pierwszywyjazd?__eep__=6&amp;__cft__[0]=AZW69B6JlLPKDHn_-d0r1KY679VmkP19EGmpZseDlq6SgAKRaPVF0lXj8EQXumL1N_SV2Xs0F4JB57iXXi8Ifrm3zu_B0f10aFBgRIEJX9RWx8BxU84OcaU_JCAYudGaahw&amp;__tn__=*NK-R\"> #feriewkrakowie<\/a><a href=\"https:\/\/www.facebook.com\/hashtag\/pierwszekolonie?__eep__=6&amp;__cft__[0]=AZW69B6JlLPKDHn_-d0r1KY679VmkP19EGmpZseDlq6SgAKRaPVF0lXj8EQXumL1N_SV2Xs0F4JB57iXXi8Ifrm3zu_B0f10aFBgRIEJX9RWx8BxU84OcaU_JCAYudGaahw&amp;__tn__=*NK-R\"> #ferie2024<\/a> #p\u00f3\u0142koloniedladzieci <\/p>\n","protected":false},"excerpt":{"rendered":"<p>Twoje dziecko jest dociekliwe? \u015awietnie si\u0119 sk\u0142ada bo przygotowali\u015bmy fantastyczny program p\u00f3\u0142kolonii dla wszystkich ma\u0142ych detektyw\u00f3w! Pozw\u00f3l wej\u015b\u0107 dziecku do bezpiecznego \u015bwiata tajemnic i zapisz je ju\u017c dzi\u015b! Termin 19-13.02.2024 Podczas p\u00f3\u0142kolonii: b\u0119dziemy rozwi\u0105zywa\u0107 zagadki w biurze detektywistycznym Lassego i Mai postaramy wydosta\u0107 si\u0119 z tajemniczego pokoju podczas wizyty w Escape Roomie nauczymy si\u0119 \u0142ama\u0107 [&hellip;]<\/p>\n","protected":false},"author":18,"featured_media":0,"parent":0,"menu_order":0,"comment_status":"closed","ping_status":"closed","template":"","meta":{"ngg_post_thumbnail":0},"acf":[],"yoast_head":"<!-- This site is optimized with the Yoast SEO plugin v18.9 - https:\/\/yoast.com\/wordpress\/plugins\/seo\/ -->\n<title>NA TROPIE TAJEMNIC - P\u00f3\u0142kolonie detektywistyczne w Krakowie - Leader School<\/title>\n<meta name=\"description\" content=\"Zapisz ju\u017c dzi\u015b swoje dziecka na kolonie w Dar\u0142\u00f3wku z Leader School Krak\u00f3w. Zapraszamy!\" \/>\n<meta name=\"robots\" content=\"index, follow, max-snippet:-1, max-image-preview:large, max-video-preview:-1\" \/>\n<link rel=\"canonical\" href=\"https:\/\/leaderschool.pl\/krakow\/na-tropie-tajemnic-polkolonie-z-detektywistyczne\/\" \/>\n<meta property=\"og:locale\" content=\"pl_PL\" \/>\n<meta property=\"og:type\" content=\"article\" \/>\n<meta property=\"og:title\" content=\"NA TROPIE TAJEMNIC - P\u00f3\u0142kolonie detektywistyczne w Krakowie - Leader School\" \/>\n<meta property=\"og:description\" content=\"Zapisz ju\u017c dzi\u015b swoje dziecka na kolonie w Dar\u0142\u00f3wku z Leader School Krak\u00f3w. Zapraszamy!\" \/>\n<meta property=\"og:url\" content=\"https:\/\/leaderschool.pl\/krakow\/na-tropie-tajemnic-polkolonie-z-detektywistyczne\/\" \/>\n<meta property=\"og:site_name\" content=\"w Krakowie - Leader School\" \/>\n<meta property=\"article:publisher\" content=\"https:\/\/www.facebook.com\/Leader.School.Krakow\" \/>\n<meta property=\"article:modified_time\" content=\"2023-12-26T21:59:41+00:00\" \/>\n<meta property=\"og:image\" content=\"https:\/\/leaderschool.pl\/krakow\/wp-content\/uploads\/sites\/39\/2023\/12\/na-tropie-ZIMA-2024-1-1024x466.png\" \/>\n<meta name=\"twitter:card\" content=\"summary_large_image\" \/>\n<meta name=\"twitter:label1\" content=\"Szacowany czas czytania\" \/>\n\t<meta name=\"twitter:data1\" content=\"4 minuty\" \/>\n<script type=\"application\/ld+json\" class=\"yoast-schema-graph\">{\"@context\":\"https:\/\/schema.org\",\"@graph\":[{\"@type\":\"WebSite\",\"@id\":\"https:\/\/leaderschool.pl\/krakow\/#website\",\"url\":\"https:\/\/leaderschool.pl\/krakow\/\",\"name\":\"w Krakowie - Leader School\",\"description\":\"\",\"potentialAction\":[{\"@type\":\"SearchAction\",\"target\":{\"@type\":\"EntryPoint\",\"urlTemplate\":\"https:\/\/leaderschool.pl\/krakow\/?s={search_term_string}\"},\"query-input\":\"required name=search_term_string\"}],\"inLanguage\":\"pl-PL\"},{\"@type\":\"ImageObject\",\"inLanguage\":\"pl-PL\",\"@id\":\"https:\/\/leaderschool.pl\/krakow\/na-tropie-tajemnic-polkolonie-z-detektywistyczne\/#primaryimage\",\"url\":\"https:\/\/leaderschool.pl\/krakow\/wp-content\/uploads\/sites\/39\/2023\/12\/na-tropie-ZIMA-2024-1.png\",\"contentUrl\":\"https:\/\/leaderschool.pl\/krakow\/wp-content\/uploads\/sites\/39\/2023\/12\/na-tropie-ZIMA-2024-1.png\",\"width\":1299,\"height\":591,\"caption\":\"Na tropie tajemnic\"},{\"@type\":\"WebPage\",\"@id\":\"https:\/\/leaderschool.pl\/krakow\/na-tropie-tajemnic-polkolonie-z-detektywistyczne\/#webpage\",\"url\":\"https:\/\/leaderschool.pl\/krakow\/na-tropie-tajemnic-polkolonie-z-detektywistyczne\/\",\"name\":\"NA TROPIE TAJEMNIC - P\u00f3\u0142kolonie detektywistyczne w Krakowie - Leader School\",\"isPartOf\":{\"@id\":\"https:\/\/leaderschool.pl\/krakow\/#website\"},\"primaryImageOfPage\":{\"@id\":\"https:\/\/leaderschool.pl\/krakow\/na-tropie-tajemnic-polkolonie-z-detektywistyczne\/#primaryimage\"},\"datePublished\":\"2023-12-26T21:55:26+00:00\",\"dateModified\":\"2023-12-26T21:59:41+00:00\",\"description\":\"Zapisz ju\u017c dzi\u015b swoje dziecka na kolonie w Dar\u0142\u00f3wku z Leader School Krak\u00f3w. Zapraszamy!\",\"breadcrumb\":{\"@id\":\"https:\/\/leaderschool.pl\/krakow\/na-tropie-tajemnic-polkolonie-z-detektywistyczne\/#breadcrumb\"},\"inLanguage\":\"pl-PL\",\"potentialAction\":[{\"@type\":\"ReadAction\",\"target\":[\"https:\/\/leaderschool.pl\/krakow\/na-tropie-tajemnic-polkolonie-z-detektywistyczne\/\"]}]},{\"@type\":\"BreadcrumbList\",\"@id\":\"https:\/\/leaderschool.pl\/krakow\/na-tropie-tajemnic-polkolonie-z-detektywistyczne\/#breadcrumb\",\"itemListElement\":[{\"@type\":\"ListItem\",\"position\":1,\"name\":\"Home\",\"item\":\"https:\/\/leaderschool.pl\/krakow\/\"},{\"@type\":\"ListItem\",\"position\":2,\"name\":\"NA TROPIE TAJEMNIC &#8211; P\u00f3\u0142kolonie detektywistyczne\"}]}]}<\/script>\n<!-- \/ Yoast SEO plugin. -->","yoast_head_json":{"title":"NA TROPIE TAJEMNIC - P\u00f3\u0142kolonie detektywistyczne w Krakowie - Leader School","description":"Zapisz ju\u017c dzi\u015b swoje dziecka na kolonie w Dar\u0142\u00f3wku z Leader School Krak\u00f3w. Zapraszamy!","robots":{"index":"index","follow":"follow","max-snippet":"max-snippet:-1","max-image-preview":"max-image-preview:large","max-video-preview":"max-video-preview:-1"},"canonical":"https:\/\/leaderschool.pl\/krakow\/na-tropie-tajemnic-polkolonie-z-detektywistyczne\/","og_locale":"pl_PL","og_type":"article","og_title":"NA TROPIE TAJEMNIC - P\u00f3\u0142kolonie detektywistyczne w Krakowie - Leader School","og_description":"Zapisz ju\u017c dzi\u015b swoje dziecka na kolonie w Dar\u0142\u00f3wku z Leader School Krak\u00f3w. Zapraszamy!","og_url":"https:\/\/leaderschool.pl\/krakow\/na-tropie-tajemnic-polkolonie-z-detektywistyczne\/","og_site_name":"w Krakowie - Leader School","article_publisher":"https:\/\/www.facebook.com\/Leader.School.Krakow","article_modified_time":"2023-12-26T21:59:41+00:00","og_image":[{"url":"https:\/\/leaderschool.pl\/krakow\/wp-content\/uploads\/sites\/39\/2023\/12\/na-tropie-ZIMA-2024-1-1024x466.png"}],"twitter_card":"summary_large_image","twitter_misc":{"Szacowany czas czytania":"4 minuty"},"schema":{"@context":"https:\/\/schema.org","@graph":[{"@type":"WebSite","@id":"https:\/\/leaderschool.pl\/krakow\/#website","url":"https:\/\/leaderschool.pl\/krakow\/","name":"w Krakowie - Leader School","description":"","potentialAction":[{"@type":"SearchAction","target":{"@type":"EntryPoint","urlTemplate":"https:\/\/leaderschool.pl\/krakow\/?s={search_term_string}"},"query-input":"required name=search_term_string"}],"inLanguage":"pl-PL"},{"@type":"ImageObject","inLanguage":"pl-PL","@id":"https:\/\/leaderschool.pl\/krakow\/na-tropie-tajemnic-polkolonie-z-detektywistyczne\/#primaryimage","url":"https:\/\/leaderschool.pl\/krakow\/wp-content\/uploads\/sites\/39\/2023\/12\/na-tropie-ZIMA-2024-1.png","contentUrl":"https:\/\/leaderschool.pl\/krakow\/wp-content\/uploads\/sites\/39\/2023\/12\/na-tropie-ZIMA-2024-1.png","width":1299,"height":591,"caption":"Na tropie tajemnic"},{"@type":"WebPage","@id":"https:\/\/leaderschool.pl\/krakow\/na-tropie-tajemnic-polkolonie-z-detektywistyczne\/#webpage","url":"https:\/\/leaderschool.pl\/krakow\/na-tropie-tajemnic-polkolonie-z-detektywistyczne\/","name":"NA TROPIE TAJEMNIC - P\u00f3\u0142kolonie detektywistyczne w Krakowie - Leader School","isPartOf":{"@id":"https:\/\/leaderschool.pl\/krakow\/#website"},"primaryImageOfPage":{"@id":"https:\/\/leaderschool.pl\/krakow\/na-tropie-tajemnic-polkolonie-z-detektywistyczne\/#primaryimage"},"datePublished":"2023-12-26T21:55:26+00:00","dateModified":"2023-12-26T21:59:41+00:00","description":"Zapisz ju\u017c dzi\u015b swoje dziecka na kolonie w Dar\u0142\u00f3wku z Leader School Krak\u00f3w. Zapraszamy!","breadcrumb":{"@id":"https:\/\/leaderschool.pl\/krakow\/na-tropie-tajemnic-polkolonie-z-detektywistyczne\/#breadcrumb"},"inLanguage":"pl-PL","potentialAction":[{"@type":"ReadAction","target":["https:\/\/leaderschool.pl\/krakow\/na-tropie-tajemnic-polkolonie-z-detektywistyczne\/"]}]},{"@type":"BreadcrumbList","@id":"https:\/\/leaderschool.pl\/krakow\/na-tropie-tajemnic-polkolonie-z-detektywistyczne\/#breadcrumb","itemListElement":[{"@type":"ListItem","position":1,"name":"Home","item":"https:\/\/leaderschool.pl\/krakow\/"},{"@type":"ListItem","position":2,"name":"NA TROPIE TAJEMNIC &#8211; P\u00f3\u0142kolonie detektywistyczne"}]}]}},"_links":{"self":[{"href":"https:\/\/leaderschool.pl\/krakow\/wp-json\/wp\/v2\/pages\/3121"}],"collection":[{"href":"https:\/\/leaderschool.pl\/krakow\/wp-json\/wp\/v2\/pages"}],"about":[{"href":"https:\/\/leaderschool.pl\/krakow\/wp-json\/wp\/v2\/types\/page"}],"author":[{"embeddable":true,"href":"https:\/\/leaderschool.pl\/krakow\/wp-json\/wp\/v2\/users\/18"}],"replies":[{"embeddable":true,"href":"https:\/\/leaderschool.pl\/krakow\/wp-json\/wp\/v2\/comments?post=3121"}],"version-history":[{"count":3,"href":"https:\/\/leaderschool.pl\/krakow\/wp-json\/wp\/v2\/pages\/3121\/revisions"}],"predecessor-version":[{"id":3134,"href":"https:\/\/leaderschool.pl\/krakow\/wp-json\/wp\/v2\/pages\/3121\/revisions\/3134"}],"wp:attachment":[{"href":"https:\/\/leaderschool.pl\/krakow\/wp-json\/wp\/v2\/media?parent=3121"}],"curies":[{"name":"wp","href":"https:\/\/api.w.org\/{rel}","templated":true}]}}