{"id":2606,"date":"2022-07-24T00:09:27","date_gmt":"2022-07-23T22:09:27","guid":{"rendered":"https:\/\/leaderschool.sellision.dev\/krakow\/?page_id=2606"},"modified":"2025-03-04T12:37:11","modified_gmt":"2025-03-04T11:37:11","slug":"wynajem-sal-szkoleniowych","status":"publish","type":"page","link":"https:\/\/leaderschool.pl\/krakow\/wynajem-sal-szkoleniowych\/","title":{"rendered":"Wynajem sal szkoleniowych Krak\u00f3w"},"content":{"rendered":"\n<p>Organizacja szkolenia za ka\u017cdym razem jest sporym przedsi\u0119wzi\u0119ciem. Nale\u017cy zadba\u0107 o ka\u017cdy szczeg\u00f3\u0142, aby uczestnicy mieli zapewnione nie tylko optymalne warunki nauki, ale tak\u017ce nowoczesne rozwi\u0105zania technologiczne. Je\u015bli wi\u0119c planujesz tego typu spotkanie, najlepszym pomys\u0142em b\u0119dzie wynajem sali szkoleniowej, przystosowaniem do przeprowadzania tego typu spotka\u0144.<\/p>\n\n\n\n<p>Wychodz\u0105c naprzeciw oczekiwaniom swoich klient\u00f3w, nasza szko\u0142a j\u0119zykowa w Krakowie oferuje kompleksow\u0105 us\u0142ug\u0119, uwzgl\u0119dniaj\u0105c\u0105 wynajem sal szkoleniowych, obs\u0142ug\u0119 techniczn\u0105 oraz catering. Do Twojej dyspozycji oddajemy cztery sale szkoleniowe mieszcz\u0105ce do 20 os\u00f3b oraz przestronny parking. Poszczeg\u00f3lne pomieszczenia wyposa\u017cone s\u0105 w tablice sucho\u015bcieralne, odtwarzacze CD, rzutnik multimedialny, a tak\u017ce dost\u0119p do internetu.<\/p>\n\n\n\n<h2>Oferta wynajmu sali szkoleniowej w Krakowie<\/h2>\n\n\n\n<p>Oferowane przez nas pomieszczenia gwarantuj\u0105 komfortowe warunki pracy przy wykorzystaniu najnowocze\u015bniejszych technologii. Zadbali\u015bmy r\u00f3wnie\u017c o to, aby lokalizacja poszczeg\u00f3lnych pomieszcze\u0144 zapewnia\u0142a niezb\u0119dn\u0105 do nauki cisz\u0119.<\/p>\n\n\n\n<p>Koszt wynajmu ustalany jest indywidualnie i uzale\u017cniony mi\u0119dzy innymi od ilo\u015bci i czasu trwania zlece\u0144, a tak\u017ce innych wymaga\u0144, kt\u00f3rym za ka\u017cdym razem staramy si\u0119 sprosta\u0107. W zale\u017cno\u015bci od potrzeb klienta umo\u017cliwiamy organizacj\u0119 cateringu zgodnie z wcze\u015bniej ustalonymi zasadami i ewentualnym menu. Zapraszamy do <a href=\"https:\/\/leaderschool.pl\/krakow\/\">Leader School Krak\u00f3w<\/a>.<\/p>\n\n\n\n<p>Osoba odpowiedzialna:<br>Maja Rudol tel. 606 870 990<br>krakow@leaderschool.pl<\/p>\n","protected":false},"excerpt":{"rendered":"<p>Organizacja szkolenia za ka\u017cdym razem jest sporym przedsi\u0119wzi\u0119ciem. Nale\u017cy zadba\u0107 o ka\u017cdy szczeg\u00f3\u0142, aby uczestnicy mieli zapewnione nie tylko optymalne warunki nauki, ale tak\u017ce nowoczesne rozwi\u0105zania technologiczne. Je\u015bli wi\u0119c planujesz tego typu spotkanie, najlepszym pomys\u0142em b\u0119dzie wynajem sali szkoleniowej, przystosowaniem do przeprowadzania tego typu spotka\u0144. Wychodz\u0105c naprzeciw oczekiwaniom swoich klient\u00f3w, nasza szko\u0142a j\u0119zykowa w Krakowie [&hellip;]<\/p>\n","protected":false},"author":3,"featured_media":0,"parent":0,"menu_order":0,"comment_status":"closed","ping_status":"closed","template":"","meta":{"ngg_post_thumbnail":0},"acf":[],"yoast_head":"<!-- This site is optimized with the Yoast SEO plugin v18.9 - https:\/\/yoast.com\/wordpress\/plugins\/seo\/ -->\n<title>Wynajem sal szkoleniowych Krak\u00f3w w Krakowie - Leader School<\/title>\n<meta name=\"description\" content=\"Szukasz sal szkoleniowych w Krakowie? Sprawd\u017a nasz\u0105 ofert\u0119 i wynajmij sale na w\u0142asne szkolenia lub konferencje.\" \/>\n<meta name=\"robots\" content=\"index, follow, max-snippet:-1, max-image-preview:large, max-video-preview:-1\" \/>\n<link rel=\"canonical\" href=\"https:\/\/leaderschool.pl\/krakow\/wynajem-sal-szkoleniowych\/\" \/>\n<meta property=\"og:locale\" content=\"pl_PL\" \/>\n<meta property=\"og:type\" content=\"article\" \/>\n<meta property=\"og:title\" content=\"Wynajem sal szkoleniowych Krak\u00f3w w Krakowie - Leader School\" \/>\n<meta property=\"og:description\" content=\"Szukasz sal szkoleniowych w Krakowie? Sprawd\u017a nasz\u0105 ofert\u0119 i wynajmij sale na w\u0142asne szkolenia lub konferencje.\" \/>\n<meta property=\"og:url\" content=\"https:\/\/leaderschool.pl\/krakow\/wynajem-sal-szkoleniowych\/\" \/>\n<meta property=\"og:site_name\" content=\"w Krakowie - Leader School\" \/>\n<meta property=\"article:publisher\" content=\"https:\/\/www.facebook.com\/Leader.School.Krakow\" \/>\n<meta property=\"article:modified_time\" content=\"2025-03-04T11:37:11+00:00\" \/>\n<meta property=\"og:image\" content=\"https:\/\/leaderschool.pl\/krakow\/wp-content\/uploads\/sites\/39\/2022\/06\/cropped-favicon-leader-school.png\" \/>\n\t<meta property=\"og:image:width\" content=\"512\" \/>\n\t<meta property=\"og:image:height\" content=\"512\" \/>\n\t<meta property=\"og:image:type\" content=\"image\/png\" \/>\n<meta name=\"twitter:card\" content=\"summary_large_image\" \/>\n<meta name=\"twitter:label1\" content=\"Szacowany czas czytania\" \/>\n\t<meta name=\"twitter:data1\" content=\"2 minuty\" \/>\n<script type=\"application\/ld+json\" class=\"yoast-schema-graph\">{\"@context\":\"https:\/\/schema.org\",\"@graph\":[{\"@type\":\"WebSite\",\"@id\":\"https:\/\/leaderschool.pl\/krakow\/#website\",\"url\":\"https:\/\/leaderschool.pl\/krakow\/\",\"name\":\"w Krakowie - Leader School\",\"description\":\"\",\"potentialAction\":[{\"@type\":\"SearchAction\",\"target\":{\"@type\":\"EntryPoint\",\"urlTemplate\":\"https:\/\/leaderschool.pl\/krakow\/?s={search_term_string}\"},\"query-input\":\"required name=search_term_string\"}],\"inLanguage\":\"pl-PL\"},{\"@type\":\"WebPage\",\"@id\":\"https:\/\/leaderschool.pl\/krakow\/wynajem-sal-szkoleniowych\/#webpage\",\"url\":\"https:\/\/leaderschool.pl\/krakow\/wynajem-sal-szkoleniowych\/\",\"name\":\"Wynajem sal szkoleniowych Krak\u00f3w w Krakowie - Leader School\",\"isPartOf\":{\"@id\":\"https:\/\/leaderschool.pl\/krakow\/#website\"},\"datePublished\":\"2022-07-23T22:09:27+00:00\",\"dateModified\":\"2025-03-04T11:37:11+00:00\",\"description\":\"Szukasz sal szkoleniowych w Krakowie? Sprawd\u017a nasz\u0105 ofert\u0119 i wynajmij sale na w\u0142asne szkolenia lub konferencje.\",\"breadcrumb\":{\"@id\":\"https:\/\/leaderschool.pl\/krakow\/wynajem-sal-szkoleniowych\/#breadcrumb\"},\"inLanguage\":\"pl-PL\",\"potentialAction\":[{\"@type\":\"ReadAction\",\"target\":[\"https:\/\/leaderschool.pl\/krakow\/wynajem-sal-szkoleniowych\/\"]}]},{\"@type\":\"BreadcrumbList\",\"@id\":\"https:\/\/leaderschool.pl\/krakow\/wynajem-sal-szkoleniowych\/#breadcrumb\",\"itemListElement\":[{\"@type\":\"ListItem\",\"position\":1,\"name\":\"Home\",\"item\":\"https:\/\/leaderschool.pl\/krakow\/\"},{\"@type\":\"ListItem\",\"position\":2,\"name\":\"Wynajem sal szkoleniowych Krak\u00f3w\"}]}]}<\/script>\n<!-- \/ Yoast SEO plugin. -->","yoast_head_json":{"title":"Wynajem sal szkoleniowych Krak\u00f3w w Krakowie - Leader School","description":"Szukasz sal szkoleniowych w Krakowie? Sprawd\u017a nasz\u0105 ofert\u0119 i wynajmij sale na w\u0142asne szkolenia lub konferencje.","robots":{"index":"index","follow":"follow","max-snippet":"max-snippet:-1","max-image-preview":"max-image-preview:large","max-video-preview":"max-video-preview:-1"},"canonical":"https:\/\/leaderschool.pl\/krakow\/wynajem-sal-szkoleniowych\/","og_locale":"pl_PL","og_type":"article","og_title":"Wynajem sal szkoleniowych Krak\u00f3w w Krakowie - Leader School","og_description":"Szukasz sal szkoleniowych w Krakowie? Sprawd\u017a nasz\u0105 ofert\u0119 i wynajmij sale na w\u0142asne szkolenia lub konferencje.","og_url":"https:\/\/leaderschool.pl\/krakow\/wynajem-sal-szkoleniowych\/","og_site_name":"w Krakowie - Leader School","article_publisher":"https:\/\/www.facebook.com\/Leader.School.Krakow","article_modified_time":"2025-03-04T11:37:11+00:00","og_image":[{"width":512,"height":512,"url":"https:\/\/leaderschool.pl\/krakow\/wp-content\/uploads\/sites\/39\/2022\/06\/cropped-favicon-leader-school.png","type":"image\/png"}],"twitter_card":"summary_large_image","twitter_misc":{"Szacowany czas czytania":"2 minuty"},"schema":{"@context":"https:\/\/schema.org","@graph":[{"@type":"WebSite","@id":"https:\/\/leaderschool.pl\/krakow\/#website","url":"https:\/\/leaderschool.pl\/krakow\/","name":"w Krakowie - Leader School","description":"","potentialAction":[{"@type":"SearchAction","target":{"@type":"EntryPoint","urlTemplate":"https:\/\/leaderschool.pl\/krakow\/?s={search_term_string}"},"query-input":"required name=search_term_string"}],"inLanguage":"pl-PL"},{"@type":"WebPage","@id":"https:\/\/leaderschool.pl\/krakow\/wynajem-sal-szkoleniowych\/#webpage","url":"https:\/\/leaderschool.pl\/krakow\/wynajem-sal-szkoleniowych\/","name":"Wynajem sal szkoleniowych Krak\u00f3w w Krakowie - Leader School","isPartOf":{"@id":"https:\/\/leaderschool.pl\/krakow\/#website"},"datePublished":"2022-07-23T22:09:27+00:00","dateModified":"2025-03-04T11:37:11+00:00","description":"Szukasz sal szkoleniowych w Krakowie? Sprawd\u017a nasz\u0105 ofert\u0119 i wynajmij sale na w\u0142asne szkolenia lub konferencje.","breadcrumb":{"@id":"https:\/\/leaderschool.pl\/krakow\/wynajem-sal-szkoleniowych\/#breadcrumb"},"inLanguage":"pl-PL","potentialAction":[{"@type":"ReadAction","target":["https:\/\/leaderschool.pl\/krakow\/wynajem-sal-szkoleniowych\/"]}]},{"@type":"BreadcrumbList","@id":"https:\/\/leaderschool.pl\/krakow\/wynajem-sal-szkoleniowych\/#breadcrumb","itemListElement":[{"@type":"ListItem","position":1,"name":"Home","item":"https:\/\/leaderschool.pl\/krakow\/"},{"@type":"ListItem","position":2,"name":"Wynajem sal szkoleniowych Krak\u00f3w"}]}]}},"_links":{"self":[{"href":"https:\/\/leaderschool.pl\/krakow\/wp-json\/wp\/v2\/pages\/2606"}],"collection":[{"href":"https:\/\/leaderschool.pl\/krakow\/wp-json\/wp\/v2\/pages"}],"about":[{"href":"https:\/\/leaderschool.pl\/krakow\/wp-json\/wp\/v2\/types\/page"}],"author":[{"embeddable":true,"href":"https:\/\/leaderschool.pl\/krakow\/wp-json\/wp\/v2\/users\/3"}],"replies":[{"embeddable":true,"href":"https:\/\/leaderschool.pl\/krakow\/wp-json\/wp\/v2\/comments?post=2606"}],"version-history":[{"count":4,"href":"https:\/\/leaderschool.pl\/krakow\/wp-json\/wp\/v2\/pages\/2606\/revisions"}],"predecessor-version":[{"id":3234,"href":"https:\/\/leaderschool.pl\/krakow\/wp-json\/wp\/v2\/pages\/2606\/revisions\/3234"}],"wp:attachment":[{"href":"https:\/\/leaderschool.pl\/krakow\/wp-json\/wp\/v2\/media?parent=2606"}],"curies":[{"name":"wp","href":"https:\/\/api.w.org\/{rel}","templated":true}]}}