{"id":2618,"date":"2022-07-24T12:24:26","date_gmt":"2022-07-24T10:24:26","guid":{"rendered":"https:\/\/leaderschool.sellision.dev\/konin\/?page_id=2618"},"modified":"2023-07-19T09:20:23","modified_gmt":"2023-07-19T07:20:23","slug":"osrodek-egzaminacyjny-telc","status":"publish","type":"page","link":"https:\/\/leaderschool.pl\/konin\/osrodek-egzaminacyjny-telc\/","title":{"rendered":"O\u015brodek egzaminacyjny TELC"},"content":{"rendered":"\n<p>Nasza szko\u0142a \u2013 jako jedyna w Koninie \u2013 ma mo\u017cliwo\u015b\u0107 przeprowadzania egzamin\u00f3w TELC, po zdaniu kt\u00f3rych uzyskasz certyfikat honorowany przez pracodawc\u00f3w we wszystkich krajach Europy. Przygotujemy Ci\u0119 do egzaminu z wybranego j\u0119zyka na okre\u015blonym poziomie od A1 do B2. Pracujemy metod\u0105 BLS Communication i komunikatywn\u0105 bezpo\u015bredni\u0105 \u2013 mamy sprawdzone narz\u0119dzia, aby zapewni\u0107 Ci efektywn\u0105 nauk\u0119, kt\u00f3rej zwie\u0144czeniem b\u0119dzie zdanie egzaminu z najwy\u017cszym wynikiem.<\/p>\n\n\n\n<h3>W Leader School w Koninie zdasz egzamin i uzyskasz certyfikat!<\/h3>\n\n\n\n<p><strong>Egzamin j\u0119zykowy TELC<\/strong>&nbsp;to jeden z najpopularniejszych sposob\u00f3w na zweryfikowanie Twoich umiej\u0119tno\u015bci pos\u0142ugiwania si\u0119 j\u0119zykiem obcym. Sprawdza on przede wszystkim zdolno\u015b\u0107 prowadzenia konwersacji na wybranym poziomie \u2013 priorytetem jest w nim skuteczno\u015b\u0107 i swoboda komunikacyjna w sytuacjach \u017cycia codziennego. Koncentruje si\u0119 na praktycznym u\u017cyciu j\u0119zyka i bazuje na ujednoliconych kryteriach oceniania, opracowanych w oparciu o Europejski System Opisu Kszta\u0142cenia J\u0119zykowego Rady Europy. Egzamin obejmuje poziomy od A1 do C2 i zapewnia mo\u017cliwo\u015b\u0107 uzyskania certyfikat\u00f3w z 10 j\u0119zyk\u00f3w: angielskiego, arabskiego, francuskiego, hiszpa\u0144skiego, niemieckiego, portugalskiego, rosyjskiego, tureckiego, w\u0142oskiego i polskiego. W naszej szkole prowadzimy zaj\u0119cia z:<\/p>\n\n\n\n<ul><li>angielskiego,<\/li><li>niemieckiego,<\/li><li>francuskiego,<\/li><li>w\u0142oskiego,<\/li><li>hiszpa\u0144skiego.<\/li><\/ul>\n\n\n\n<p>Zdaj&nbsp;<strong>egzamin TELC<\/strong>&nbsp;w Leader School w Koninie na poziomach od A1 do B2!<\/p>\n\n\n\n<h2>Certyfikat TELC \u2013 dlaczego warto go mie\u0107?<\/h2>\n\n\n\n<p>Zwie\u0144czeniem kursu j\u0119zykowego w naszej szkole jest egzamin \u2013 po jego zdaniu otrzymasz certyfikat, kt\u00f3ry otwiera przed Tob\u0105 szerokie mo\u017cliwo\u015bci rozwoju i ugruntowuje Twoj\u0105 pozycj\u0119 na rynku pracy. Jest uznawany w krajach europejskich zar\u00f3wno przez pracodawc\u00f3w, jak i uczelnie wy\u017csze \u2013 stanowi potwierdzenie Twoich umiej\u0119tno\u015bci komunikacyjnych i kompetencji j\u0119zykowych. Z uwagi na to, \u017ce kryteria oceniania koncentruj\u0105 si\u0119 g\u0142\u00f3wnie na umiej\u0119tno\u015bci prowadzenia rozmowy w sytuacjach codziennych, dysponuj\u0105c certyfikatem, stajesz si\u0119 atrakcyjnym kandydatem do pracy i wyr\u00f3\u017cniasz si\u0119 spo\u015br\u00f3d konkurencji.<\/p>\n\n\n\n<h3>Zdaj egzamin TELC \u2013 przygotujemy Ci\u0119 do niego i przeprowadzimy go w naszej szkole<\/h3>\n\n\n\n<p>Nie musisz szuka\u0107 o\u015brodka uprawnionego do przeprowadzania egzaminu TELC \u2013 korzystaj\u0105c z naszej oferty kurs\u00f3w j\u0119zykowych, zdajesz go w naszej plac\u00f3wce. Doskonale znamy kryteria ocen, dlatego przygotujemy Ci\u0119 do testu na wybranym poziomie. Pracujemy <a href=\"https:\/\/leaderschool.pl\/konin\/metody\/bls\/\">metod\u0105 BLS Communication<\/a> oraz bezpo\u015bredni\u0105, kt\u00f3ra skupia si\u0119 przede wszystkim na osi\u0105gni\u0119ciu swobody prowadzenia konwersacji i prze\u0142amywaniu bariery m\u00f3wienia. Podczas zaj\u0119\u0107 do\u015bwiadczasz zanurzenia w j\u0119zyku obcym \u2013 nasi lektorzy biegle pos\u0142uguj\u0105 si\u0119 angielskim, niemieckim, w\u0142oskim, francuskim i hiszpa\u0144skim. Os\u0142uchujesz si\u0119 z poprawn\u0105 wymow\u0105, akcentem i intonacj\u0105, budujesz prawid\u0142owe wypowiedzi, poznajesz coraz bardziej zaawansowane s\u0142ownictwo i uczysz si\u0119 wykorzystywa\u0107 struktury gramatyczne w praktyce \u2013 to aspekty, kt\u00f3re oceni&nbsp;<strong>egzaminator TELC<\/strong>. <a href=\"https:\/\/leaderschool.pl\/konin\/\">Kurs j\u0119zykowy w Leader School w Koninie<\/a> to droga do Twojego sukcesu i zdania egzaminu na najwy\u017cszym poziomie!<\/p>\n","protected":false},"excerpt":{"rendered":"<p>Nasza szko\u0142a \u2013 jako jedyna w Koninie \u2013 ma mo\u017cliwo\u015b\u0107 przeprowadzania egzamin\u00f3w TELC, po zdaniu kt\u00f3rych uzyskasz certyfikat honorowany przez pracodawc\u00f3w we wszystkich krajach Europy. Przygotujemy Ci\u0119 do egzaminu z wybranego j\u0119zyka na okre\u015blonym poziomie od A1 do B2. Pracujemy metod\u0105 BLS Communication i komunikatywn\u0105 bezpo\u015bredni\u0105 \u2013 mamy sprawdzone narz\u0119dzia, aby zapewni\u0107 Ci efektywn\u0105 nauk\u0119, [&hellip;]<\/p>\n","protected":false},"author":3,"featured_media":0,"parent":0,"menu_order":0,"comment_status":"closed","ping_status":"closed","template":"","meta":{"ngg_post_thumbnail":0},"acf":[],"yoast_head":"<!-- This site is optimized with the Yoast SEO plugin v18.9 - https:\/\/yoast.com\/wordpress\/plugins\/seo\/ -->\n<title>O\u015brodek egzaminacyjny TELC Szko\u0142a j\u0119zykowa w Koninie - Leader School<\/title>\n<meta name=\"description\" content=\"Szukasz miejsca, gdzie zdasz egzamin TELC? W Leader School Konin to mo\u017cliwe. Sprawd\u017a nasz\u0105 ofert\u0119 i zapisz si\u0119 na egzamin ju\u017c dzi\u015b!\" \/>\n<meta name=\"robots\" content=\"index, follow, max-snippet:-1, max-image-preview:large, max-video-preview:-1\" \/>\n<link rel=\"canonical\" href=\"https:\/\/leaderschool.pl\/konin\/osrodek-egzaminacyjny-telc\/\" \/>\n<meta property=\"og:locale\" content=\"pl_PL\" \/>\n<meta property=\"og:type\" content=\"article\" \/>\n<meta property=\"og:title\" content=\"O\u015brodek egzaminacyjny TELC Szko\u0142a j\u0119zykowa w Koninie - Leader School\" \/>\n<meta property=\"og:description\" content=\"Szukasz miejsca, gdzie zdasz egzamin TELC? W Leader School Konin to mo\u017cliwe. Sprawd\u017a nasz\u0105 ofert\u0119 i zapisz si\u0119 na egzamin ju\u017c dzi\u015b!\" \/>\n<meta property=\"og:url\" content=\"https:\/\/leaderschool.pl\/konin\/osrodek-egzaminacyjny-telc\/\" \/>\n<meta property=\"og:site_name\" content=\"Szko\u0142a j\u0119zykowa w Koninie - Leader School\" \/>\n<meta property=\"article:publisher\" content=\"https:\/\/www.facebook.com\/leaderschoolkonin\" \/>\n<meta property=\"article:modified_time\" content=\"2023-07-19T07:20:23+00:00\" \/>\n<meta property=\"og:image\" content=\"https:\/\/leaderschool.pl\/konin\/wp-content\/uploads\/sites\/38\/2022\/06\/cropped-favicon-leader-school.png\" \/>\n\t<meta property=\"og:image:width\" content=\"512\" \/>\n\t<meta property=\"og:image:height\" content=\"512\" \/>\n\t<meta property=\"og:image:type\" content=\"image\/png\" \/>\n<meta name=\"twitter:card\" content=\"summary_large_image\" \/>\n<meta name=\"twitter:label1\" content=\"Szacowany czas czytania\" \/>\n\t<meta name=\"twitter:data1\" content=\"3 minuty\" \/>\n<script type=\"application\/ld+json\" class=\"yoast-schema-graph\">{\"@context\":\"https:\/\/schema.org\",\"@graph\":[{\"@type\":\"Organization\",\"@id\":\"https:\/\/leaderschool.pl\/konin\/#organization\",\"name\":\"Leader School Konin\",\"url\":\"https:\/\/leaderschool.pl\/konin\/\",\"sameAs\":[\"https:\/\/www.facebook.com\/leaderschoolkonin\"],\"logo\":{\"@type\":\"ImageObject\",\"inLanguage\":\"pl-PL\",\"@id\":\"https:\/\/leaderschool.pl\/konin\/#\/schema\/logo\/image\/\",\"url\":\"https:\/\/leaderschool.pl\/konin\/wp-content\/uploads\/sites\/38\/2022\/06\/favicon-leader-school.png\",\"contentUrl\":\"https:\/\/leaderschool.pl\/konin\/wp-content\/uploads\/sites\/38\/2022\/06\/favicon-leader-school.png\",\"width\":515,\"height\":515,\"caption\":\"Leader School Konin\"},\"image\":{\"@id\":\"https:\/\/leaderschool.pl\/konin\/#\/schema\/logo\/image\/\"}},{\"@type\":\"WebSite\",\"@id\":\"https:\/\/leaderschool.pl\/konin\/#website\",\"url\":\"https:\/\/leaderschool.pl\/konin\/\",\"name\":\"Szko\u0142a j\u0119zykowa w Koninie - Leader School\",\"description\":\"\",\"publisher\":{\"@id\":\"https:\/\/leaderschool.pl\/konin\/#organization\"},\"potentialAction\":[{\"@type\":\"SearchAction\",\"target\":{\"@type\":\"EntryPoint\",\"urlTemplate\":\"https:\/\/leaderschool.pl\/konin\/?s={search_term_string}\"},\"query-input\":\"required name=search_term_string\"}],\"inLanguage\":\"pl-PL\"},{\"@type\":\"WebPage\",\"@id\":\"https:\/\/leaderschool.pl\/konin\/osrodek-egzaminacyjny-telc\/#webpage\",\"url\":\"https:\/\/leaderschool.pl\/konin\/osrodek-egzaminacyjny-telc\/\",\"name\":\"O\u015brodek egzaminacyjny TELC Szko\u0142a j\u0119zykowa w Koninie - Leader School\",\"isPartOf\":{\"@id\":\"https:\/\/leaderschool.pl\/konin\/#website\"},\"datePublished\":\"2022-07-24T10:24:26+00:00\",\"dateModified\":\"2023-07-19T07:20:23+00:00\",\"description\":\"Szukasz miejsca, gdzie zdasz egzamin TELC? W Leader School Konin to mo\u017cliwe. Sprawd\u017a nasz\u0105 ofert\u0119 i zapisz si\u0119 na egzamin ju\u017c dzi\u015b!\",\"breadcrumb\":{\"@id\":\"https:\/\/leaderschool.pl\/konin\/osrodek-egzaminacyjny-telc\/#breadcrumb\"},\"inLanguage\":\"pl-PL\",\"potentialAction\":[{\"@type\":\"ReadAction\",\"target\":[\"https:\/\/leaderschool.pl\/konin\/osrodek-egzaminacyjny-telc\/\"]}]},{\"@type\":\"BreadcrumbList\",\"@id\":\"https:\/\/leaderschool.pl\/konin\/osrodek-egzaminacyjny-telc\/#breadcrumb\",\"itemListElement\":[{\"@type\":\"ListItem\",\"position\":1,\"name\":\"Home\",\"item\":\"https:\/\/leaderschool.pl\/konin\/\"},{\"@type\":\"ListItem\",\"position\":2,\"name\":\"O\u015brodek egzaminacyjny TELC\"}]}]}<\/script>\n<!-- \/ Yoast SEO plugin. -->","yoast_head_json":{"title":"O\u015brodek egzaminacyjny TELC Szko\u0142a j\u0119zykowa w Koninie - Leader School","description":"Szukasz miejsca, gdzie zdasz egzamin TELC? W Leader School Konin to mo\u017cliwe. Sprawd\u017a nasz\u0105 ofert\u0119 i zapisz si\u0119 na egzamin ju\u017c dzi\u015b!","robots":{"index":"index","follow":"follow","max-snippet":"max-snippet:-1","max-image-preview":"max-image-preview:large","max-video-preview":"max-video-preview:-1"},"canonical":"https:\/\/leaderschool.pl\/konin\/osrodek-egzaminacyjny-telc\/","og_locale":"pl_PL","og_type":"article","og_title":"O\u015brodek egzaminacyjny TELC Szko\u0142a j\u0119zykowa w Koninie - Leader School","og_description":"Szukasz miejsca, gdzie zdasz egzamin TELC? W Leader School Konin to mo\u017cliwe. Sprawd\u017a nasz\u0105 ofert\u0119 i zapisz si\u0119 na egzamin ju\u017c dzi\u015b!","og_url":"https:\/\/leaderschool.pl\/konin\/osrodek-egzaminacyjny-telc\/","og_site_name":"Szko\u0142a j\u0119zykowa w Koninie - Leader School","article_publisher":"https:\/\/www.facebook.com\/leaderschoolkonin","article_modified_time":"2023-07-19T07:20:23+00:00","og_image":[{"width":512,"height":512,"url":"https:\/\/leaderschool.pl\/konin\/wp-content\/uploads\/sites\/38\/2022\/06\/cropped-favicon-leader-school.png","type":"image\/png"}],"twitter_card":"summary_large_image","twitter_misc":{"Szacowany czas czytania":"3 minuty"},"schema":{"@context":"https:\/\/schema.org","@graph":[{"@type":"Organization","@id":"https:\/\/leaderschool.pl\/konin\/#organization","name":"Leader School Konin","url":"https:\/\/leaderschool.pl\/konin\/","sameAs":["https:\/\/www.facebook.com\/leaderschoolkonin"],"logo":{"@type":"ImageObject","inLanguage":"pl-PL","@id":"https:\/\/leaderschool.pl\/konin\/#\/schema\/logo\/image\/","url":"https:\/\/leaderschool.pl\/konin\/wp-content\/uploads\/sites\/38\/2022\/06\/favicon-leader-school.png","contentUrl":"https:\/\/leaderschool.pl\/konin\/wp-content\/uploads\/sites\/38\/2022\/06\/favicon-leader-school.png","width":515,"height":515,"caption":"Leader School Konin"},"image":{"@id":"https:\/\/leaderschool.pl\/konin\/#\/schema\/logo\/image\/"}},{"@type":"WebSite","@id":"https:\/\/leaderschool.pl\/konin\/#website","url":"https:\/\/leaderschool.pl\/konin\/","name":"Szko\u0142a j\u0119zykowa w Koninie - Leader School","description":"","publisher":{"@id":"https:\/\/leaderschool.pl\/konin\/#organization"},"potentialAction":[{"@type":"SearchAction","target":{"@type":"EntryPoint","urlTemplate":"https:\/\/leaderschool.pl\/konin\/?s={search_term_string}"},"query-input":"required name=search_term_string"}],"inLanguage":"pl-PL"},{"@type":"WebPage","@id":"https:\/\/leaderschool.pl\/konin\/osrodek-egzaminacyjny-telc\/#webpage","url":"https:\/\/leaderschool.pl\/konin\/osrodek-egzaminacyjny-telc\/","name":"O\u015brodek egzaminacyjny TELC Szko\u0142a j\u0119zykowa w Koninie - Leader School","isPartOf":{"@id":"https:\/\/leaderschool.pl\/konin\/#website"},"datePublished":"2022-07-24T10:24:26+00:00","dateModified":"2023-07-19T07:20:23+00:00","description":"Szukasz miejsca, gdzie zdasz egzamin TELC? W Leader School Konin to mo\u017cliwe. Sprawd\u017a nasz\u0105 ofert\u0119 i zapisz si\u0119 na egzamin ju\u017c dzi\u015b!","breadcrumb":{"@id":"https:\/\/leaderschool.pl\/konin\/osrodek-egzaminacyjny-telc\/#breadcrumb"},"inLanguage":"pl-PL","potentialAction":[{"@type":"ReadAction","target":["https:\/\/leaderschool.pl\/konin\/osrodek-egzaminacyjny-telc\/"]}]},{"@type":"BreadcrumbList","@id":"https:\/\/leaderschool.pl\/konin\/osrodek-egzaminacyjny-telc\/#breadcrumb","itemListElement":[{"@type":"ListItem","position":1,"name":"Home","item":"https:\/\/leaderschool.pl\/konin\/"},{"@type":"ListItem","position":2,"name":"O\u015brodek egzaminacyjny TELC"}]}]}},"_links":{"self":[{"href":"https:\/\/leaderschool.pl\/konin\/wp-json\/wp\/v2\/pages\/2618"}],"collection":[{"href":"https:\/\/leaderschool.pl\/konin\/wp-json\/wp\/v2\/pages"}],"about":[{"href":"https:\/\/leaderschool.pl\/konin\/wp-json\/wp\/v2\/types\/page"}],"author":[{"embeddable":true,"href":"https:\/\/leaderschool.pl\/konin\/wp-json\/wp\/v2\/users\/3"}],"replies":[{"embeddable":true,"href":"https:\/\/leaderschool.pl\/konin\/wp-json\/wp\/v2\/comments?post=2618"}],"version-history":[{"count":3,"href":"https:\/\/leaderschool.pl\/konin\/wp-json\/wp\/v2\/pages\/2618\/revisions"}],"predecessor-version":[{"id":2803,"href":"https:\/\/leaderschool.pl\/konin\/wp-json\/wp\/v2\/pages\/2618\/revisions\/2803"}],"wp:attachment":[{"href":"https:\/\/leaderschool.pl\/konin\/wp-json\/wp\/v2\/media?parent=2618"}],"curies":[{"name":"wp","href":"https:\/\/api.w.org\/{rel}","templated":true}]}}