{"id":2654,"date":"2022-07-24T19:10:08","date_gmt":"2022-07-24T17:10:08","guid":{"rendered":"https:\/\/leaderschool.sellision.dev\/kalisz\/?page_id=2654"},"modified":"2023-11-22T12:24:05","modified_gmt":"2023-11-22T11:24:05","slug":"kursy-online","status":"publish","type":"page","link":"https:\/\/leaderschool.pl\/kalisz\/kursy-online\/","title":{"rendered":"Kursy j\u0119zykowe online"},"content":{"rendered":"\n<p><a href=\"https:\/\/leaderschool.pl\/kalisz\/\">Nasza <strong>szko\u0142a j\u0119zykowa w Kaliszu<\/strong><\/a> oferuje r\u00f3wnie\u017c <strong>kursy j\u0119zykowe online,<\/strong> kt\u00f3re zapewniaj\u0105 du\u017c\u0105 wygod\u0119 i umo\u017cliwiaj\u0105 nauk\u0119 z dowolnego miejsca na \u015bwiecie.\u00a0 Zaj\u0119cia te daj\u0105 dok\u0142adnie takie same efekty, jak stacjonarne <strong>kursy j\u0119zykowe,<\/strong> gwarantuj\u0105c du\u017c\u0105 dawk\u0119 wiedzy w kr\u00f3tkim czasie. Sta\u0142y kontakt z lektorem i nacisk na m\u00f3wienie zapewnia szybkie post\u0119py, umo\u017cliwiaj\u0105c prze\u0142amanie bariery j\u0119zykowej.<\/p>\n\n\n\n<h2>Nauka angielskiego i nie tylko<\/h2>\n\n\n\n<p>Oferujemy nauk\u0119 r\u00f3\u017cnych j\u0119zyk\u00f3w w tym kursy:<\/p>\n\n\n\n<ul><li>angielskiego;<\/li><li>niemieckiego;<\/li><li>polskiego dla obcokrajowc\u00f3w;<\/li><li>hiszpa\u0144skiego;<\/li><li>w\u0142oskiego;<\/li><li>francuskiego;<\/li><li>ukrai\u0144skiego;<\/li><li>rosyjskiego.<\/li><\/ul>\n\n\n\n<p>Wszystkie nasze kursy prowadzone s\u0105 autorskimi metodami nauczania, kt\u00f3re stawiaj\u0105 na naturaln\u0105 nauk\u0119 j\u0119zyka, dzi\u0119ki czemu zaj\u0119cia s\u0105 proste, przyjemne i niezwykle efektywne.<\/p>\n\n\n\n<h2>Efektywna nauka z Leader School<\/h2>\n\n\n\n<h3>Zaj\u0119cia dopasowane do potrzeb<\/h3>\n\n\n\n<p>Nowatorskie metody nauczania i r\u00f3\u017cnorodne materia\u0142y dydaktyczne to mo\u017cliwo\u015b\u0107 dopasowania kursu do indywidualnych potrzeb, za\u0142o\u017conych cel\u00f3w i stylu uczenia si\u0119. Wykorzystujemy r\u00f3\u017cne metody nauczania (BLS, metoda tradycyjna), kt\u00f3re pozwalaj\u0105 osi\u0105gn\u0105\u0107 szybkie efekty i w kr\u00f3tkim czasie poczyni\u0107 znaczne post\u0119py.<\/p>\n\n\n\n<h3>Nacisk na m\u00f3wienie<\/h3>\n\n\n\n<p>Nasze <strong>kursy j\u0119zykowe<\/strong> to przede wszystkim mo\u017cliwo\u015b\u0107 prze\u0142amania bariery j\u0119zykowej. Lektorzy u\u017cywaj\u0105 przede wszystkim nauczanego j\u0119zyka, dzi\u0119ki czemu kursanci szybciej zaczynaj\u0105 go rozumie\u0107 i stosowa\u0107. Pozwala to os\u0142ucha\u0107 si\u0119 z nowym j\u0119zykiem, zapewnia lepsz\u0105 wymow\u0119 i umo\u017cliwia p\u0142ynn\u0105 komunikacj\u0119 w sytuacjach zawodowych i prywatnych.<\/p>\n\n\n\n<h3>Wykwalifikowana kadra<\/h3>\n\n\n\n<p>Nasza <strong>szko\u0142a j\u0119zykowa<\/strong> to przede wszystkim wykwalifikowani lektorzy, kt\u00f3rzy towarzysz\u0105 kursantom podczas ca\u0142ego procesu nauki. Ch\u0119tnie wyja\u015bniaj\u0105 w\u0105tpliwo\u015bci i pomagaj\u0105 przezwyci\u0119\u017cy\u0107 trudno\u015bci. Zapewniaj\u0105 mi\u0142\u0105 atmosfer\u0119 podczas zaj\u0119\u0107, kt\u00f3ra sprzyja efektywnej nauce i motywuj\u0105 uczestnik\u00f3w do podejmowania kolejnych, j\u0119zykowych wyzwa\u0144. Nasi lektorzy to ludzie z pasj\u0105, kt\u00f3rzy potrafi\u0105 w ciekawy spos\u00f3b przeprowadzi\u0107 zaj\u0119cia, zapewniaj\u0105c wysokie wyniki w nauczaniu.<\/p>\n\n\n\n<h2>Dla kogo kursy j\u0119zykowe online?<\/h2>\n\n\n\n<h3>Dla zapracowanych<\/h3>\n\n\n\n<p>Nie masz czasu na dojazdy? Chcesz si\u0119 uczy\u0107 j\u0119zyka obcego, ale ci\u0119\u017cko Ci wygospodarowa\u0107 czas? Wybierz <strong>kursy j\u0119zykowe online,<\/strong> kt\u00f3re zapewniaj\u0105 wi\u0119ksz\u0105 elastyczno\u015b\u0107 i wygod\u0119.<\/p>\n\n\n\n<h3>Dla student\u00f3w<\/h3>\n\n\n\n<p><strong>Kursy online<\/strong> to doskona\u0142a okazja na doskonalenie umiej\u0119tno\u015bci z dowolnego miejsca na \u015bwiecie. Wystarczy Ci dobre po\u0142\u0105czenie z Internetem, aby\u015b m\u00f3g\u0142 szybko nauczy\u0107 si\u0119 nowego j\u0119zyka.<\/p>\n\n\n\n<h3>Dla pracownik\u00f3w<\/h3>\n\n\n\n<p>Brak czasu na dojazdy lub nat\u0142ok obowi\u0105zk\u00f3w cz\u0119sto zniech\u0119caj\u0105 do nauki nowego j\u0119zyka, dlatego specjalnie dla Pa\u0144stwa oferujemy <strong>kursy j\u0119zykowe online.<\/strong><\/p>\n\n\n\n<h2>Najwa\u017cniejsze korzy\u015bci nauki online<\/h2>\n\n\n\n<h3>Oszcz\u0119dno\u015b\u0107 czasu<\/h3>\n\n\n\n<p>Nie tracisz czasu na dojazdy, stanie w korkach i przygotowanie si\u0119 do wyj\u015bcia. Wystarczy w\u0142\u0105czy\u0107 urz\u0105dzenie z dost\u0119pem do Internetu i po\u0142\u0105czy\u0107 si\u0119 z lektorem.<\/p>\n\n\n\n<h3>Wygoda<\/h3>\n\n\n\n<p>Mo\u017cesz mieszka\u0107 kilkadziesi\u0105t kilometr\u00f3w od naszej szko\u0142y, czy uczy\u0107 si\u0119 podczas wyjazdu za granic\u0119 \u2013 wsz\u0119dzie tam, gdzie jest Internet!<\/p>\n\n\n\n<h3>Elastyczno\u015b\u0107<\/h3>\n\n\n\n<p><strong>Kursy j\u0119zykowe online<\/strong> to wi\u0119ksza elastyczno\u015b\u0107 i mo\u017cliwo\u015b\u0107 lepszego dopasowania pory zaj\u0119\u0107 do w\u0142asnych potrzeb i preferencji.<\/p>\n","protected":false},"excerpt":{"rendered":"<p>Nasza szko\u0142a j\u0119zykowa w Kaliszu oferuje r\u00f3wnie\u017c kursy j\u0119zykowe online, kt\u00f3re zapewniaj\u0105 du\u017c\u0105 wygod\u0119 i umo\u017cliwiaj\u0105 nauk\u0119 z dowolnego miejsca na \u015bwiecie.\u00a0 Zaj\u0119cia te daj\u0105 dok\u0142adnie takie same efekty, jak stacjonarne kursy j\u0119zykowe, gwarantuj\u0105c du\u017c\u0105 dawk\u0119 wiedzy w kr\u00f3tkim czasie. Sta\u0142y kontakt z lektorem i nacisk na m\u00f3wienie zapewnia szybkie post\u0119py, umo\u017cliwiaj\u0105c prze\u0142amanie bariery j\u0119zykowej. [&hellip;]<\/p>\n","protected":false},"author":3,"featured_media":0,"parent":0,"menu_order":0,"comment_status":"closed","ping_status":"closed","template":"","meta":{"ngg_post_thumbnail":0},"acf":[],"yoast_head":"<!-- This site is optimized with the Yoast SEO plugin v18.9 - https:\/\/yoast.com\/wordpress\/plugins\/seo\/ -->\n<title>Kursy j\u0119zykowe online w Kaliszu - Leader School<\/title>\n<meta name=\"description\" content=\"Szukasz kurs\u00f3w j\u0119zykowych w wersji online? Sprawd\u017a ofert\u0119 Leader School Kalisz i wybierz odpowiedni dla Ciebie kurs j\u0119zyka obcego.\" \/>\n<meta name=\"robots\" content=\"index, follow, max-snippet:-1, max-image-preview:large, max-video-preview:-1\" \/>\n<link rel=\"canonical\" href=\"https:\/\/leaderschool.pl\/kalisz\/kursy-online\/\" \/>\n<meta property=\"og:locale\" content=\"pl_PL\" \/>\n<meta property=\"og:type\" content=\"article\" \/>\n<meta property=\"og:title\" content=\"Kursy j\u0119zykowe online w Kaliszu - Leader School\" \/>\n<meta property=\"og:description\" content=\"Szukasz kurs\u00f3w j\u0119zykowych w wersji online? Sprawd\u017a ofert\u0119 Leader School Kalisz i wybierz odpowiedni dla Ciebie kurs j\u0119zyka obcego.\" \/>\n<meta property=\"og:url\" content=\"https:\/\/leaderschool.pl\/kalisz\/kursy-online\/\" \/>\n<meta property=\"og:site_name\" content=\"w Kaliszu - Leader School\" \/>\n<meta property=\"article:modified_time\" content=\"2023-11-22T11:24:05+00:00\" \/>\n<meta name=\"twitter:card\" content=\"summary_large_image\" \/>\n<meta name=\"twitter:label1\" content=\"Szacowany czas czytania\" \/>\n\t<meta name=\"twitter:data1\" content=\"3 minuty\" \/>\n<script type=\"application\/ld+json\" class=\"yoast-schema-graph\">{\"@context\":\"https:\/\/schema.org\",\"@graph\":[{\"@type\":\"WebSite\",\"@id\":\"https:\/\/leaderschool.pl\/kalisz\/#website\",\"url\":\"https:\/\/leaderschool.pl\/kalisz\/\",\"name\":\"w Kaliszu - Leader School\",\"description\":\"\",\"potentialAction\":[{\"@type\":\"SearchAction\",\"target\":{\"@type\":\"EntryPoint\",\"urlTemplate\":\"https:\/\/leaderschool.pl\/kalisz\/?s={search_term_string}\"},\"query-input\":\"required name=search_term_string\"}],\"inLanguage\":\"pl-PL\"},{\"@type\":\"WebPage\",\"@id\":\"https:\/\/leaderschool.pl\/kalisz\/kursy-online\/#webpage\",\"url\":\"https:\/\/leaderschool.pl\/kalisz\/kursy-online\/\",\"name\":\"Kursy j\u0119zykowe online w Kaliszu - Leader School\",\"isPartOf\":{\"@id\":\"https:\/\/leaderschool.pl\/kalisz\/#website\"},\"datePublished\":\"2022-07-24T17:10:08+00:00\",\"dateModified\":\"2023-11-22T11:24:05+00:00\",\"description\":\"Szukasz kurs\u00f3w j\u0119zykowych w wersji online? Sprawd\u017a ofert\u0119 Leader School Kalisz i wybierz odpowiedni dla Ciebie kurs j\u0119zyka obcego.\",\"breadcrumb\":{\"@id\":\"https:\/\/leaderschool.pl\/kalisz\/kursy-online\/#breadcrumb\"},\"inLanguage\":\"pl-PL\",\"potentialAction\":[{\"@type\":\"ReadAction\",\"target\":[\"https:\/\/leaderschool.pl\/kalisz\/kursy-online\/\"]}]},{\"@type\":\"BreadcrumbList\",\"@id\":\"https:\/\/leaderschool.pl\/kalisz\/kursy-online\/#breadcrumb\",\"itemListElement\":[{\"@type\":\"ListItem\",\"position\":1,\"name\":\"Home\",\"item\":\"https:\/\/leaderschool.pl\/kalisz\/\"},{\"@type\":\"ListItem\",\"position\":2,\"name\":\"Kursy j\u0119zykowe online\"}]}]}<\/script>\n<!-- \/ Yoast SEO plugin. -->","yoast_head_json":{"title":"Kursy j\u0119zykowe online w Kaliszu - Leader School","description":"Szukasz kurs\u00f3w j\u0119zykowych w wersji online? Sprawd\u017a ofert\u0119 Leader School Kalisz i wybierz odpowiedni dla Ciebie kurs j\u0119zyka obcego.","robots":{"index":"index","follow":"follow","max-snippet":"max-snippet:-1","max-image-preview":"max-image-preview:large","max-video-preview":"max-video-preview:-1"},"canonical":"https:\/\/leaderschool.pl\/kalisz\/kursy-online\/","og_locale":"pl_PL","og_type":"article","og_title":"Kursy j\u0119zykowe online w Kaliszu - Leader School","og_description":"Szukasz kurs\u00f3w j\u0119zykowych w wersji online? Sprawd\u017a ofert\u0119 Leader School Kalisz i wybierz odpowiedni dla Ciebie kurs j\u0119zyka obcego.","og_url":"https:\/\/leaderschool.pl\/kalisz\/kursy-online\/","og_site_name":"w Kaliszu - Leader School","article_modified_time":"2023-11-22T11:24:05+00:00","twitter_card":"summary_large_image","twitter_misc":{"Szacowany czas czytania":"3 minuty"},"schema":{"@context":"https:\/\/schema.org","@graph":[{"@type":"WebSite","@id":"https:\/\/leaderschool.pl\/kalisz\/#website","url":"https:\/\/leaderschool.pl\/kalisz\/","name":"w Kaliszu - Leader School","description":"","potentialAction":[{"@type":"SearchAction","target":{"@type":"EntryPoint","urlTemplate":"https:\/\/leaderschool.pl\/kalisz\/?s={search_term_string}"},"query-input":"required name=search_term_string"}],"inLanguage":"pl-PL"},{"@type":"WebPage","@id":"https:\/\/leaderschool.pl\/kalisz\/kursy-online\/#webpage","url":"https:\/\/leaderschool.pl\/kalisz\/kursy-online\/","name":"Kursy j\u0119zykowe online w Kaliszu - Leader School","isPartOf":{"@id":"https:\/\/leaderschool.pl\/kalisz\/#website"},"datePublished":"2022-07-24T17:10:08+00:00","dateModified":"2023-11-22T11:24:05+00:00","description":"Szukasz kurs\u00f3w j\u0119zykowych w wersji online? Sprawd\u017a ofert\u0119 Leader School Kalisz i wybierz odpowiedni dla Ciebie kurs j\u0119zyka obcego.","breadcrumb":{"@id":"https:\/\/leaderschool.pl\/kalisz\/kursy-online\/#breadcrumb"},"inLanguage":"pl-PL","potentialAction":[{"@type":"ReadAction","target":["https:\/\/leaderschool.pl\/kalisz\/kursy-online\/"]}]},{"@type":"BreadcrumbList","@id":"https:\/\/leaderschool.pl\/kalisz\/kursy-online\/#breadcrumb","itemListElement":[{"@type":"ListItem","position":1,"name":"Home","item":"https:\/\/leaderschool.pl\/kalisz\/"},{"@type":"ListItem","position":2,"name":"Kursy j\u0119zykowe online"}]}]}},"_links":{"self":[{"href":"https:\/\/leaderschool.pl\/kalisz\/wp-json\/wp\/v2\/pages\/2654"}],"collection":[{"href":"https:\/\/leaderschool.pl\/kalisz\/wp-json\/wp\/v2\/pages"}],"about":[{"href":"https:\/\/leaderschool.pl\/kalisz\/wp-json\/wp\/v2\/types\/page"}],"author":[{"embeddable":true,"href":"https:\/\/leaderschool.pl\/kalisz\/wp-json\/wp\/v2\/users\/3"}],"replies":[{"embeddable":true,"href":"https:\/\/leaderschool.pl\/kalisz\/wp-json\/wp\/v2\/comments?post=2654"}],"version-history":[{"count":4,"href":"https:\/\/leaderschool.pl\/kalisz\/wp-json\/wp\/v2\/pages\/2654\/revisions"}],"predecessor-version":[{"id":2875,"href":"https:\/\/leaderschool.pl\/kalisz\/wp-json\/wp\/v2\/pages\/2654\/revisions\/2875"}],"wp:attachment":[{"href":"https:\/\/leaderschool.pl\/kalisz\/wp-json\/wp\/v2\/media?parent=2654"}],"curies":[{"name":"wp","href":"https:\/\/api.w.org\/{rel}","templated":true}]}}