{"id":2652,"date":"2022-07-24T19:09:58","date_gmt":"2022-07-24T17:09:58","guid":{"rendered":"https:\/\/leaderschool.sellision.dev\/kalisz\/?page_id=2652"},"modified":"2024-10-16T12:39:03","modified_gmt":"2024-10-16T10:39:03","slug":"angielski-dofinansowany","status":"publish","type":"page","link":"https:\/\/leaderschool.pl\/kalisz\/angielski-dofinansowany\/","title":{"rendered":"Kursy angielskiego z dofinansowaniem"},"content":{"rendered":"\n<p>W naszej <strong>szkole j\u0119zykowej w Kaliszu<\/strong> mo\u017cna skorzysta\u0107 z <strong>kurs\u00f3w angielskiego z dofinansowaniem<\/strong> nawet do 100% dla os\u00f3b prywatnych oraz z <strong>dofinansowania do kurs\u00f3w dla firm.<\/strong> Za\u0142atwiamy wszystkie formalno\u015bci, dzi\u0119ki czemu nasi kursanci musz\u0105 jedynie podpisa\u0107 stosown\u0105 umow\u0119, aby m\u00f3c rozpocz\u0105\u0107 nauk\u0119. Zapewniamy szybkie podniesienie umiej\u0119tno\u015bci i mo\u017cliwo\u015b\u0107 uzyskania <strong>certyfikatu j\u0119zykowego.<\/strong> K\u0142adziemy du\u017cy nacisk na mow\u0119, co w po\u0142\u0105czeniu z r\u00f3\u017cnorodnymi materia\u0142ami dydaktycznymi umo\u017cliwia prze\u0142amanie bariery j\u0119zykowej oraz szybkie rozumienie i stosowanie j\u0119zyka.<\/p>\n\n\n\n<h2>Nauka angielskiego w Leader School w Kaliszu<\/h2>\n\n\n\n<h3>Autorskie metody nauczania<\/h3>\n\n\n\n<p>Proponujemy zaj\u0119cia prowadzone metod\u0105 tradycyjn\u0105 oraz <strong>angielski metod\u0105 BLS.<\/strong> To unikalna metoda nauczania, kt\u00f3ra jest po\u0142\u0105czeniem innowacyjnych technik nauczania i r\u00f3\u017cnorodnych materia\u0142\u00f3w dydaktycznych. Du\u017cy nacisk na m\u00f3wienie na wszystkich zaj\u0119ciach zapewnia szybkie rozumienie i stosowanie <strong>j\u0119zyka angielskiego w r\u00f3\u017cnych sytuacjach<\/strong> oraz pozwala na prze\u0142amanie bariery j\u0119zykowej.<\/p>\n\n\n\n<h3>Wykwalifikowana kadra<\/h3>\n\n\n\n<p>Jednym z naszych najwi\u0119kszych atut\u00f3w s\u0105 nasi lektorzy, kt\u00f3rzy posiadaj\u0105 ogromn\u0105 wiedz\u0119 i wykorzystuj\u0105 r\u00f3\u017cne techniki nauczania, dopasowuj\u0105c zaj\u0119cia do kursant\u00f3w. Z \u0142atwo\u015bci\u0105 potrafi\u0105 przekazywa\u0107 wiedz\u0119 i wyja\u015bnia\u0107 najtrudniejsze zagadnienia w prosty spos\u00f3b. Swoim zaanga\u017cowaniem i podej\u015bciem zach\u0119caj\u0105 kursant\u00f3w do wzmo\u017conej nauki, co przek\u0142ada si\u0119 na wi\u0119ksze post\u0119py kursant\u00f3w.<\/p>\n\n\n\n<h2>Jak skorzysta\u0107 z kurs\u00f3w angielskiego z dofinansowaniem?<\/h2>\n\n\n\n<p>Chc\u0105c skorzysta\u0107 z <strong>angielskiego z dofinansowaniem,<\/strong> wystarczy skontaktowa\u0107 si\u0119 z nasz\u0105 szko\u0142\u0105, aby dowiedzie\u0107 si\u0119, czy aktualnie trwa nab\u00f3r uczestnik\u00f3w na <strong>kursy dofinansowane.<\/strong> Pracownicy udziel\u0105 wszystkich informacji i wyja\u015bni\u0105 wszelkie w\u0105tpliwo\u015bci. Osoby, kt\u00f3re spe\u0142niaj\u0105 wszystkie kryteria, podpisuj\u0105 z nami umow\u0119, a my za\u0142atwiamy wszystkie formalno\u015bci. Dzi\u0119ki wsp\u00f3\u0142pracy z r\u00f3\u017cnymi, uprawnionymi instytucjami mo\u017cemy pochwali\u0107 si\u0119 du\u017c\u0105 liczb\u0105 kurs\u00f3w z dofinansowaniem, oferuj\u0105c nawet kilkaset miejsc na <strong>bezp\u0142atnych lub dofinansowanych kursach angielskiego!<\/strong><\/p>\n\n\n\n<h2>Dla kogo angielski dofinansowany?<\/h2>\n\n\n\n<h3>Dla klient\u00f3w indywidualnych<\/h3>\n\n\n\n<p><strong>Angielski dofinansowany<\/strong> to mo\u017cliwo\u015b\u0107 uzyskania 100% zwrotu za kurs dla os\u00f3b prywatnych!<\/p>\n\n\n\n<h3>Dla przedsi\u0119biorc\u00f3w<\/h3>\n\n\n\n<p>Osoby prowadz\u0105ce jednoosobow\u0105 dzia\u0142alno\u015b\u0107 gospodarcz\u0105 mog\u0105 skorzysta\u0107 z wysokiego dofinansowania, aby w kr\u00f3tkim czasie znacznie podnie\u015b\u0107 swoje umiej\u0119tno\u015bci.<\/p>\n\n\n\n<h3>Dla firm<\/h3>\n\n\n\n<p>Przedsi\u0119biorcy i pracownicy du\u017cych firm mog\u0105 niskim kosztem uczy\u0107 si\u0119 angielskiego, co jest doskona\u0142\u0105 inwestycj\u0105 w rozw\u00f3j firmy i kapita\u0142 ludzki.<\/p>\n\n\n\n<h2>Co zyskujesz, wybieraj\u0105c angielski z dofinansowaniem?<\/h2>\n\n\n\n<h3>Dofinansowanie do 100% ceny kursu<\/h3>\n\n\n\n<p>W zale\u017cno\u015bci od aktualnego programu wsparcia, osoby prywatne mog\u0105 uzyska\u0107 nawet 100% dofinansowania, a firmy do 80% zwrotu ceny za kurs.<\/p>\n\n\n\n<h3>Minimum formalno\u015bci<\/h3>\n\n\n\n<p>Wszystkie formalno\u015bci s\u0105 po stronie szko\u0142y \u2013 kursanci jedynie podpisuj\u0105 odpowiedni\u0105 umow\u0119 i mog\u0105 rozpocz\u0105\u0107 <strong>kurs angielskiego.<\/strong><\/p>\n\n\n\n<h3>Efektywn\u0105 nauk\u0119<\/h3>\n\n\n\n<p>Nasze <strong>kursy j\u0119zykowe<\/strong> prowadzone s\u0105 przez wykwalifikowan\u0105 kadr\u0119, kt\u00f3ra wykorzystuje autorskie programy nauczania. Nauka jest przyjemna, a efekty szybkie.<\/p>\n","protected":false},"excerpt":{"rendered":"<p>W naszej szkole j\u0119zykowej w Kaliszu mo\u017cna skorzysta\u0107 z kurs\u00f3w angielskiego z dofinansowaniem nawet do 100% dla os\u00f3b prywatnych oraz z dofinansowania do kurs\u00f3w dla firm. Za\u0142atwiamy wszystkie formalno\u015bci, dzi\u0119ki czemu nasi kursanci musz\u0105 jedynie podpisa\u0107 stosown\u0105 umow\u0119, aby m\u00f3c rozpocz\u0105\u0107 nauk\u0119. Zapewniamy szybkie podniesienie umiej\u0119tno\u015bci i mo\u017cliwo\u015b\u0107 uzyskania certyfikatu j\u0119zykowego. K\u0142adziemy du\u017cy nacisk na [&hellip;]<\/p>\n","protected":false},"author":3,"featured_media":0,"parent":0,"menu_order":0,"comment_status":"closed","ping_status":"closed","template":"","meta":{"ngg_post_thumbnail":0},"acf":[],"yoast_head":"<!-- This site is optimized with the Yoast SEO plugin v18.9 - https:\/\/yoast.com\/wordpress\/plugins\/seo\/ -->\n<title>Kursy angielskiego z dofinansowaniem w Kaliszu - Leader School<\/title>\n<meta name=\"description\" content=\"Sprawd\u017a ofert\u0119 szko\u0142y j\u0119zykowej w Kaliszu na kursy j\u0119zyka angielskiego z dofinansowaniem. \ud83d\udcde+48 62 767 21 21\" \/>\n<meta name=\"robots\" content=\"index, follow, max-snippet:-1, max-image-preview:large, max-video-preview:-1\" \/>\n<link rel=\"canonical\" href=\"https:\/\/leaderschool.pl\/kalisz\/angielski-dofinansowany\/\" \/>\n<meta property=\"og:locale\" content=\"pl_PL\" \/>\n<meta property=\"og:type\" content=\"article\" \/>\n<meta property=\"og:title\" content=\"Kursy angielskiego z dofinansowaniem w Kaliszu - Leader School\" \/>\n<meta property=\"og:description\" content=\"Sprawd\u017a ofert\u0119 szko\u0142y j\u0119zykowej w Kaliszu na kursy j\u0119zyka angielskiego z dofinansowaniem. \ud83d\udcde+48 62 767 21 21\" \/>\n<meta property=\"og:url\" content=\"https:\/\/leaderschool.pl\/kalisz\/angielski-dofinansowany\/\" \/>\n<meta property=\"og:site_name\" content=\"w Kaliszu - Leader School\" \/>\n<meta property=\"article:modified_time\" content=\"2024-10-16T10:39:03+00:00\" \/>\n<meta name=\"twitter:card\" content=\"summary_large_image\" \/>\n<meta name=\"twitter:label1\" content=\"Szacowany czas czytania\" \/>\n\t<meta name=\"twitter:data1\" content=\"3 minuty\" \/>\n<script type=\"application\/ld+json\" class=\"yoast-schema-graph\">{\"@context\":\"https:\/\/schema.org\",\"@graph\":[{\"@type\":\"WebSite\",\"@id\":\"https:\/\/leaderschool.pl\/kalisz\/#website\",\"url\":\"https:\/\/leaderschool.pl\/kalisz\/\",\"name\":\"w Kaliszu - Leader School\",\"description\":\"\",\"potentialAction\":[{\"@type\":\"SearchAction\",\"target\":{\"@type\":\"EntryPoint\",\"urlTemplate\":\"https:\/\/leaderschool.pl\/kalisz\/?s={search_term_string}\"},\"query-input\":\"required name=search_term_string\"}],\"inLanguage\":\"pl-PL\"},{\"@type\":\"WebPage\",\"@id\":\"https:\/\/leaderschool.pl\/kalisz\/angielski-dofinansowany\/#webpage\",\"url\":\"https:\/\/leaderschool.pl\/kalisz\/angielski-dofinansowany\/\",\"name\":\"Kursy angielskiego z dofinansowaniem w Kaliszu - Leader School\",\"isPartOf\":{\"@id\":\"https:\/\/leaderschool.pl\/kalisz\/#website\"},\"datePublished\":\"2022-07-24T17:09:58+00:00\",\"dateModified\":\"2024-10-16T10:39:03+00:00\",\"description\":\"Sprawd\u017a ofert\u0119 szko\u0142y j\u0119zykowej w Kaliszu na kursy j\u0119zyka angielskiego z dofinansowaniem. \ud83d\udcde+48 62 767 21 21\",\"breadcrumb\":{\"@id\":\"https:\/\/leaderschool.pl\/kalisz\/angielski-dofinansowany\/#breadcrumb\"},\"inLanguage\":\"pl-PL\",\"potentialAction\":[{\"@type\":\"ReadAction\",\"target\":[\"https:\/\/leaderschool.pl\/kalisz\/angielski-dofinansowany\/\"]}]},{\"@type\":\"BreadcrumbList\",\"@id\":\"https:\/\/leaderschool.pl\/kalisz\/angielski-dofinansowany\/#breadcrumb\",\"itemListElement\":[{\"@type\":\"ListItem\",\"position\":1,\"name\":\"Home\",\"item\":\"https:\/\/leaderschool.pl\/kalisz\/\"},{\"@type\":\"ListItem\",\"position\":2,\"name\":\"Kursy angielskiego z dofinansowaniem\"}]}]}<\/script>\n<!-- \/ Yoast SEO plugin. -->","yoast_head_json":{"title":"Kursy angielskiego z dofinansowaniem w Kaliszu - Leader School","description":"Sprawd\u017a ofert\u0119 szko\u0142y j\u0119zykowej w Kaliszu na kursy j\u0119zyka angielskiego z dofinansowaniem. \ud83d\udcde+48 62 767 21 21","robots":{"index":"index","follow":"follow","max-snippet":"max-snippet:-1","max-image-preview":"max-image-preview:large","max-video-preview":"max-video-preview:-1"},"canonical":"https:\/\/leaderschool.pl\/kalisz\/angielski-dofinansowany\/","og_locale":"pl_PL","og_type":"article","og_title":"Kursy angielskiego z dofinansowaniem w Kaliszu - Leader School","og_description":"Sprawd\u017a ofert\u0119 szko\u0142y j\u0119zykowej w Kaliszu na kursy j\u0119zyka angielskiego z dofinansowaniem. \ud83d\udcde+48 62 767 21 21","og_url":"https:\/\/leaderschool.pl\/kalisz\/angielski-dofinansowany\/","og_site_name":"w Kaliszu - Leader School","article_modified_time":"2024-10-16T10:39:03+00:00","twitter_card":"summary_large_image","twitter_misc":{"Szacowany czas czytania":"3 minuty"},"schema":{"@context":"https:\/\/schema.org","@graph":[{"@type":"WebSite","@id":"https:\/\/leaderschool.pl\/kalisz\/#website","url":"https:\/\/leaderschool.pl\/kalisz\/","name":"w Kaliszu - Leader School","description":"","potentialAction":[{"@type":"SearchAction","target":{"@type":"EntryPoint","urlTemplate":"https:\/\/leaderschool.pl\/kalisz\/?s={search_term_string}"},"query-input":"required name=search_term_string"}],"inLanguage":"pl-PL"},{"@type":"WebPage","@id":"https:\/\/leaderschool.pl\/kalisz\/angielski-dofinansowany\/#webpage","url":"https:\/\/leaderschool.pl\/kalisz\/angielski-dofinansowany\/","name":"Kursy angielskiego z dofinansowaniem w Kaliszu - Leader School","isPartOf":{"@id":"https:\/\/leaderschool.pl\/kalisz\/#website"},"datePublished":"2022-07-24T17:09:58+00:00","dateModified":"2024-10-16T10:39:03+00:00","description":"Sprawd\u017a ofert\u0119 szko\u0142y j\u0119zykowej w Kaliszu na kursy j\u0119zyka angielskiego z dofinansowaniem. \ud83d\udcde+48 62 767 21 21","breadcrumb":{"@id":"https:\/\/leaderschool.pl\/kalisz\/angielski-dofinansowany\/#breadcrumb"},"inLanguage":"pl-PL","potentialAction":[{"@type":"ReadAction","target":["https:\/\/leaderschool.pl\/kalisz\/angielski-dofinansowany\/"]}]},{"@type":"BreadcrumbList","@id":"https:\/\/leaderschool.pl\/kalisz\/angielski-dofinansowany\/#breadcrumb","itemListElement":[{"@type":"ListItem","position":1,"name":"Home","item":"https:\/\/leaderschool.pl\/kalisz\/"},{"@type":"ListItem","position":2,"name":"Kursy angielskiego z dofinansowaniem"}]}]}},"_links":{"self":[{"href":"https:\/\/leaderschool.pl\/kalisz\/wp-json\/wp\/v2\/pages\/2652"}],"collection":[{"href":"https:\/\/leaderschool.pl\/kalisz\/wp-json\/wp\/v2\/pages"}],"about":[{"href":"https:\/\/leaderschool.pl\/kalisz\/wp-json\/wp\/v2\/types\/page"}],"author":[{"embeddable":true,"href":"https:\/\/leaderschool.pl\/kalisz\/wp-json\/wp\/v2\/users\/3"}],"replies":[{"embeddable":true,"href":"https:\/\/leaderschool.pl\/kalisz\/wp-json\/wp\/v2\/comments?post=2652"}],"version-history":[{"count":4,"href":"https:\/\/leaderschool.pl\/kalisz\/wp-json\/wp\/v2\/pages\/2652\/revisions"}],"predecessor-version":[{"id":2898,"href":"https:\/\/leaderschool.pl\/kalisz\/wp-json\/wp\/v2\/pages\/2652\/revisions\/2898"}],"wp:attachment":[{"href":"https:\/\/leaderschool.pl\/kalisz\/wp-json\/wp\/v2\/media?parent=2652"}],"curies":[{"name":"wp","href":"https:\/\/api.w.org\/{rel}","templated":true}]}}