{"id":2633,"date":"2022-07-24T19:03:50","date_gmt":"2022-07-24T17:03:50","guid":{"rendered":"https:\/\/leaderschool.sellision.dev\/kalisz\/?page_id=2633"},"modified":"2023-10-13T10:04:12","modified_gmt":"2023-10-13T08:04:12","slug":"zrealizowane-projekty-efs","status":"publish","type":"page","link":"https:\/\/leaderschool.pl\/kalisz\/zrealizowane-projekty-efs\/","title":{"rendered":"Zrealizowane projekty EFS"},"content":{"rendered":"\n<h2>PROJEKTY ZREALIZOWANE:<\/h2>\n\n\n\n<h2>1. AKADEMIA J\u0118ZYKOWYCH KOMPETENCJI ZAWODOWYCH W KALISZU (2008- 2009)<\/h2>\n\n\n\n<p>Oferta bezp\u0142atnych szkoleo j\u0119zykowych na terenie Kalisza w ramach EFS<br><br><br>Leader School Nowoczesne Metody Nauki w Kaliszu od 1 sierpnia 2008 do 31 lipca 2009 realizowa\u0142 projekt szkoleniowy pod nazw\u0105 ,,Akademia J\u0119zykowych Kompetencji Zawodowych w Kaliszu\u2019\u2019. Projekt realizowany by\u0142 w ramach Priorytetu VIII Programu Operacyjnego Kapita\u0142 Ludzki ,,Regionalne kadry gospodarki\u2019\u2019 Dzia\u0142anie 8.1 ,,Rozw\u00f3j pracownik\u00f3w i przedsi\u0119biorstw w regionie\u2019\u2019 Poddzia\u0142anie 8.1.1 ,,Wspieranie rozwoju kwalifikacji zawodowych i doradztwo dla przedsi\u0119biorstw\u2019\u2019.<\/p>\n\n\n\n<p>W ramach projektu 180 os\u00f3b z terenu miasta Kalisza oraz powiat\u00f3w kaliskiego, ostrowskiego i pleszewskiego uczestniczy\u0142o w bezp\u0142atnym kursie j\u0119zyka angielskiego<\/p>\n\n\n\n<p>Celem projektu by\u0142o podniesienie kompetencji os\u00f3b pracuj\u0105cych, dostosowanych do potrzeb regionalnej gospodarki poprzez:<\/p>\n\n\n\n<p>-realizacj\u0119 szkolenia z j\u0119zyka angielskiego, nowatorsk\u0105 metod\u0105 blended-learning \u2013 po\u0142\u0105czenia szkolenia stacjonarnego ze szkoleniem e-learningowym,<\/p>\n\n\n\n<p>-zach\u0119cenie uczestnik\u00f3w do korzystania z nowoczesnych technologii \u2013 platforma e-learningowa.<\/p>\n\n\n\n<p>Odbiorcami wsparcia by\u0142y osoby:<\/p>\n\n\n\n<p>-zameldowane lub pracuj\u0105ce na terenie miasta Kalisza, powiat\u00f3w kaliskiego, ostrowskiego b\u0105d\u017a pleszewskiego,<br>-zatrudnione na podstawie umowy o prac\u0119, powo\u0142ania, wyboru, mianowania, sp\u00f3\u0142dzielczej umowy o prac\u0119, umowy zlecenia lub umowy o dzie\u0142o,<br>-bez znajomo\u015bci j\u0119zyka angielskiego lub ze znajomo\u015bci\u0105 na poziomie podstawowym,<br>-obs\u0142uguj\u0105ce komputer w stopniu podstawowym,<br>-z wykszta\u0142ceniem min. gimnazjalnym (wg starego systemu kszta\u0142cenia \u2013 podstawowym).<\/p>\n\n\n\n<p>W ramach projektu odby\u0142y kurs j\u0119zyka angielskiego w niezwykle atrakcyjnej formule &#8211; wed\u0142ug autorskiego programu blended-learningowego Leader School \u2013 BLS Communication<\/p>\n\n\n\n<p>Kurs sk\u0142ada\u0142 si\u0119 z:<\/p>\n\n\n\n<p>-4 godzin szkolenia z obs\u0142ugi narz\u0119dzi komunikacji na platformie e-learningowej,<\/p>\n\n\n\n<p>-80 godzin tradycyjnego szkolenia stacjonarnego z j\u0119zyka angielskiego,<\/p>\n\n\n\n<p>16 godzin samodzielnej pracy na platformie e-learningowej,<\/p>\n\n\n\n<p>4 godzin egzamin\u00f3w wewn\u0119trznych w formie test\u00f3w.<\/p>\n\n\n\n<p>Szkolenia by\u0142y prowadzone :<\/p>\n\n\n\n<p>na dw\u00f3ch poziomach:<\/p>\n\n\n\n<p>A1 \u2013 dla os\u00f3b bez znajomo\u015bci j\u0119zyka<\/p>\n\n\n\n<p>A2 \u2013 dla os\u00f3b z podstawow\u0105 znajomo\u015bci\u0105 j\u0119zyka<\/p>\n\n\n\n<p>Osoby zainteresowane szkoleniem na poziomie A2 pisa\u0142y test kontrolny.<\/p>\n\n\n\n<p>w dw\u00f3ch systemach:<\/p>\n\n\n\n<p>I. trzy razy w tygodniu po dwie godziny dydaktyczne<\/p>\n\n\n\n<p>II. dwa razy w tygodniu po trzy godziny dydaktyczne<\/p>\n\n\n\n<p>w godzinach popo\u0142udniowych (w tygodniu) oraz przedpo\u0142udniowych (w soboty).<\/p>\n\n\n\n<p>Projekt sk\u0142ada\u0142 si\u0119 z dw\u00f3ch edycji:<\/p>\n\n\n\n<p>I edycja \u2013 1 pa\u017adziernika 2008 \u2013 31 stycznia 2009<\/p>\n\n\n\n<p>II edycja \u2013 10 lutego 2009 \u2013 30 maja 2009<\/p>\n\n\n\n<p>Po zako\u0144czeniu i pozytywnym zdaniu egzaminu ko\u0144cowego uczestnicy otrzymali Certyfikat po\u015bwiadczaj\u0105cy zdobyte umiej\u0119tno\u015bci!!!<\/p>\n\n\n\n<h2>2. AKADEMIA J\u0118ZYKOWYCH KOMPETENCJI ZAWODOWYCH W KALISZU II (2009- 2010)<\/h2>\n\n\n\n<p>Leader School Nowoczesne Metody Nauki w Kaliszu od 1 sierpnia 2009 do 31 lipca 2010 realizowa\u0142 projekt szkoleniowy pod nazw\u0105 ,,Akademia J\u0119zykowych Kompetencji Zawodowych w Kaliszu II\u2019\u2019. Projekt realizowany by\u0142 w ramach Priorytetu VIII Programu Operacyjnego Kapita\u0142 Ludzki ,,Regionalne kadry gospodarki\u2019\u2019 Dzia\u0142anie 8.1 ,,Rozw\u00f3j pracownik\u00f3w i przedsi\u0119biorstw w regionie\u2019\u2019 Poddzia\u0142anie 8.1.1 ,,Wspieranie rozwoju kwalifikacji zawodowych i doradztwo dla przedsi\u0119biorstw\u2019\u2019.<\/p>\n\n\n\n<p>W ramach projektu 240 os\u00f3b pracuj\u0105cych z terenu miasta Kalisza, powiatu kaliskiego i powiatu ostrowskiego uczestniczy\u0142o w bezp\u0142atnym kursie j\u0119zyka angielskiego<\/p>\n\n\n\n<p>Celem projektu by\u0142o podniesienie kompetencji os\u00f3b pracuj\u0105cych dostosowanych do potrzeb regionalnej gospodarki poprzez:<\/p>\n\n\n\n<p>realizacj\u0119 szkolenia z j\u0119zyka angielskiego nowatorsk\u0105 metod\u0105 blended-learning \u2013 po\u0142\u0105czenia szkolenia stacjonarnego ze szkoleniem e-learningowym,<\/p>\n\n\n\n<p>zach\u0119cenie uczestnik\u00f3w do korzystania z nowoczesnych technologii \u2013 platforma e-learningowa.<\/p>\n\n\n\n<p>Odbiorcami wsparcia by\u0142y osoby:<\/p>\n\n\n\n<p>zameldowane lub pracuj\u0105ce na terenie miasta Kalisza, powiat\u00f3w kaliskiego i ostrowskiego,<br>zatrudnione na podstawie umowy o prac\u0119, powo\u0142ania, wyboru, mianowania, sp\u00f3\u0142dzielczej umowy o prac\u0119, umowy zlecenia lub umowy o dzie\u0142o,<br>bez znajomo\u015bci j\u0119zyka angielskiego lub ze znajomo\u015bci\u0105 na poziomie podstawowym,<br>obs\u0142uguj\u0105ce komputer w stopniu podstawowym,<br>z wykszta\u0142ceniem min. gimnazjalnym (wg starego systemu kszta\u0142cenia \u2013 podstawowym).<\/p>\n\n\n\n<p>W ramach projektu odby\u0142y kurs j\u0119zyka angielskiego w niezwykle atrakcyjnej formule wed\u0142ug autorskiego programu blended-learningowego Leader School \u2013 BLS Communication.<\/p>\n\n\n\n<p>Kurs sk\u0142ada\u0142 si\u0119 z:<\/p>\n\n\n\n<p>1 godziny szkolenia z obs\u0142ugi narz\u0119dzi komunikacji na platformie e-learningowej,<\/p>\n\n\n\n<p>100 godzin tradycyjnego szkolenia stacjonarnego z j\u0119zyka angielskiego,<\/p>\n\n\n\n<p>19 godzin samodzielnej pracy na platformie e-learningowej,<\/p>\n\n\n\n<p>2 godzin egzamin\u00f3w wewn\u0119trznych w formie test\u00f3w.<\/p>\n\n\n\n<p>Szkolenia s\u0105 prowadzone by\u0142y:<\/p>\n\n\n\n<p>na trzech poziomach:<\/p>\n\n\n\n<p>A1 \u2013 dla os\u00f3b bez znajomo\u015bci j\u0119zyka<\/p>\n\n\n\n<p>A1+ \u2013 dla os\u00f3b z elementarn\u0105 znajomo\u015bci\u0105 j\u0119zyka<\/p>\n\n\n\n<p>A2 \u2013 dla os\u00f3b z podstawow\u0105 znajomo\u015bci\u0105 j\u0119zyka<\/p>\n\n\n\n<p>Osoby zainteresowane szkoleniem na poziomie A1+ lub A2 pisa\u0142y test kontrolny.<\/p>\n\n\n\n<p>w dw\u00f3ch systemach:<\/p>\n\n\n\n<p>I. trzy razy w tygodniu po dwie godziny dydaktyczne<\/p>\n\n\n\n<p>II. dwa razy w tygodniu po trzy godziny dydaktyczne<\/p>\n\n\n\n<p>w godzinach popo\u0142udniowych (w tygodniu) oraz przedpo\u0142udniowych (w soboty).<\/p>\n\n\n\n<p>Projekt sk\u0142ada\u0142 si\u0119 z dw\u00f3ch edycji:<\/p>\n\n\n\n<p>I edycja \u2013 14 wrzesie\u0144 2009 \u2013 29 stycze\u0144 2010<\/p>\n\n\n\n<p>II edycja \u2013 15 luty 2010 \u2013 26 czerwiec 2010<\/p>\n\n\n\n<p>Po zako\u0144czeniu i pozytywnym zdaniu egzaminu ko\u0144cowego uczestnicy otrzymali Certyfikat po\u015bwiadczaj\u0105cy zdobyte umiej\u0119tno\u015bci<\/p>\n\n\n\n<h2>3. PROJEKT \u201eAkademia Kluczowych Kompetencji \u2013 rozw\u00f3j priorytetowych bran\u017c Kalisza i Powiatu Kaliskiego\u201d (2012- 2014)<\/h2>\n\n\n\n<p>Projekt finansowany z Europejskiego Funduszu Spo\u0142ecznego w ramach Programu Operacyjnego Kapita\u0142 Ludzki, Poddzia\u0142ania 8.1.1. Wspieranie rozwoju kwalifikacji zawodowych i doradztwa dla przedsi\u0119biorstw.<\/p>\n\n\n\n<p>Rekrutacja odbywa\u0142a si\u0119 na podstawie wype\u0142nionych i podpisanych kwestionariuszy kwalifikacji oraz o\u015bwiadcze\u0144.<\/p>\n\n\n\n<p>Odbiorcami by\u0142y osoby:<\/p>\n\n\n\n<p>mikro, ma\u0142e i \u015brednie przedsi\u0119biorstwa oraz ich pracownicy z bran\u017cy handlowej, hotelarskiej, gastronomicznej, spo\u017cywczej<br>i turystycznej,<br>siedziba lub oddzia\u0142 przedsi\u0119biorstwa znajduj\u0119 si\u0119 na terenie Kalisza i powiatu kaliskiego,<\/p>\n\n\n\n<p>Ka\u017cdy z uczestnik\u00f3w musia\u0142 posiada\u0107 wykszta\u0142cenie co najmniej zawodowe. Kurs jest dofinansowany w 100% je\u015bli przedsi\u0119biorstwo, w kt\u00f3rym zatrudniony jest pracownik chc\u0105cy uczestniczy\u0107 w projekcie, nie korzysta\u0142o z pomocy de minimis lub nie wykorzysta\u0142o tej pomocy w ci\u0105gu trzech ostatnich latach w kwocie 200.000 euro. Nie by\u0142 wymagany wk\u0142ad w\u0142asny przedsi\u0119biorstwa.<\/p>\n\n\n\n<p>Kryterium<\/p>\n\n\n\n<p>Mikro przedsi\u0119biorstwa<\/p>\n\n\n\n<p>Ma\u0142e przedsi\u0119biorstwa<\/p>\n\n\n\n<p>\u015arednie przedsi\u0119biorstwa<\/p>\n\n\n\n<p>Maksymalna liczba pracownik\u00f3w<\/p>\n\n\n\n<p>10&lt; 50&lt; 250&lt; Maksymalny przych\u00f3d przedsi\u0119biorstwa (w mln euro) 2 10 50 Suma aktyw\u00f3w bilansu sporz\u0105dzonego na koniec roku obrotowego (w mln euro) 2 10 43 Opis projektu: W ramach projektu przeprowadzili\u015bmy szkolenia z j\u0119zyka angielskiego oraz szkolenia mi\u0119kkie (warsztaty) maj\u0105ce na celu rozw\u00f3j umiej\u0119tno\u015bci osobistych. Kurs j\u0119zyka angielskiego prowadzony by\u0142 metod\u0105 BLS Communications (blended-learning &#8211; po\u0142\u0105czenie zaj\u0119\u0107 stacjonarnych z e-learningiem co prowadzi do znacz\u0105co lepszej skuteczno\u015bci nauczania). Skuteczno\u015b\u0107 tej metody zosta\u0142a sprawdzona podczas szkole\u0144 dla os\u00f3b doros\u0142ych prowadzonych przez ostatnie 4 lata. Szkolenie j\u0119zykowe obejmowa\u0142o 114 godzin zaj\u0119\u0107 stacjonarnych oraz 19 godzin na platformie e-learningowej (przez internet). Szkolenia mi\u0119kkie prowadzone by\u0142y w zakresie: obs\u0142ugi klienta, negocjacji, doskonalenia umiej\u0119tno\u015bci interpersonalnych, technik sprzeda\u017cy, technik marketingu, r\u00f3wno\u015b\u0107 szans w miejscu pracy. Ten dzia\u0142 obejmowa\u0142 76 godzin zaj\u0119\u0107.( szkolenia prowadzone w j\u0119zyku polskim ) Razem kurs w ramach projektu wynosi\u0142 190 godzin stacjonarnych + 19 e-learning. Harmonogram szkole\u0144: Ilo\u015b\u0107 godzi w tygodniu: 5,5 h (w systemie nauki 2-u dniowym: 3h j\u0119zyka angielskiego, 2h szkole\u0144 mi\u0119kkich i 0,5h e-learningu (przez Internet) w dowolnym czasie), Kurs j\u0119zyka angielskiego prowadzony by\u0142 dla s\u0142uchaczy na poziomach od A1do C2. Kurs zako\u0144czy\u0142 si\u0119 egzaminem i wydaniem certyfikatu.<\/p>\n\n\n\n<h2>4. Projekt &#8222;Podnie\u015b kometencje- osi\u0105gnij sukces!&#8221; (2014-1015)<\/h2>\n\n\n\n<p>Projekt realizowali\u015bmy jako podwykonawca. W ramach projektu uczestnicy Projektu mogli skorzysta\u0107 do wyboru ze szkole\u0144 j\u0119zyka angielskiego lub niemieckiego na czterech poziomach: A1,A2,B1,B2.<\/p>\n\n\n\n<p>W projekcie mog\u0142y wzi\u0105\u0107 udzia\u0142 osoby kt\u00f3re spe\u0142nia\u0142y poni\u017csze warunki:<br>&#8211; wiek od 18 do 64 lat<br>&#8211; wykszta\u0142cenie: co najwy\u017cej \u015brednie<br>&#8211; miejsce zamieszkania powiaty: jaroci\u0144ski, pleszewski, kaliski, m. Kalisz, ostrowski, krotoszy\u0144ski, ostrzeszowski oraz k\u0119pi\u0144ski (w szczeg\u00f3lno\u015bci obszar wiejski)<\/p>\n\n\n\n<p>Uczestnikami mog\u0142y by\u0107: osoby pracuj\u0105ce, ucz\u0105ce si\u0119\/kszta\u0142c\u0105ce, osoby bezrobotne lub nieaktywne zawodowo. Rekrutacja odbywa\u0142a si\u0119 na podstawie wype\u0142nionego i podpisanego formularza zg\u0142oszeniowego.<\/p>\n\n\n\n<p>Ka\u017cdy uczestnik otrzyma\u0142 bezp\u0142atnie materia\u0142y szkoleniowe oraz na zako\u0144czenie projektu mia\u0142 mozliwo\u015b\u0107 uzyskania certyfikatu TELC (The European Language Certificates).<\/p>\n\n\n\n<h2>5. Projekt \u201eUcz si\u0119 z nami!\u201d (2016-2018)<\/h2>\n\n\n\n<p>Projekt wsp\u00f3\u0142finansowany przez Uni\u0119 Europejsk\u0105 ze \u015brodk\u00f3w Europejskiego Funduszu Spo\u0142ecznego w ramach Regionalnego Wielkopolskiego Programu Operacyjnego na lata 2014-2020.<br>O\u015b priorytetowa: 8 Edukacja<br>Dzia\u0142anie: 8.2 Uczenie si\u0119 przez ca\u0142e \u017cycie<br>Okres realizacji: 31.03.2016 \u2013 30.03.2018<br>Ca\u0142kowita warto\u015b\u0107 projektu: 841 623,00<br>Warto\u015b\u0107 dofinansowania: 757 459,80<br>Celem g\u0142\u00f3wnym projektu by\u0142o zwi\u0119kszenie szansy na znalezienie pracy i\/lub utrzymanie pozycji na rynku pracy os\u00f3b w wieku aktywno\u015bci zawodowej (w tym niepe\u0142nosprawnych), w tym w wieku 50+, z wojew\u00f3dztwa wielkopolskiego, poprzez podniesienie poziomu kompetencji kluczowych w zakresie j\u0119zyk\u00f3w obcych (angielskiego, niemieckiego) w okresie 03.2016-03.2018.<br>W ramach projektu zosta\u0142y przeprowadzone szkolenia grupowe.<br>Szkolenia odbywa\u0142y si\u0119 w 2 turach &#8211; 31.03.2016 -28.02.2017 i 01.03.2017 &#8211; 30.03.2018.<\/p>\n\n\n\n<p>Ka\u017cda z grup odby\u0142a 120h kursu. Szkolenia zako\u0144czone zosta\u0142y egzaminami TELC. \u0141\u0105cznie w projekcie udzia\u0142 wzi\u0119\u0142y 324 osoby.<\/p>\n","protected":false},"excerpt":{"rendered":"<p>PROJEKTY ZREALIZOWANE: 1. AKADEMIA J\u0118ZYKOWYCH KOMPETENCJI ZAWODOWYCH W KALISZU (2008- 2009) Oferta bezp\u0142atnych szkoleo j\u0119zykowych na terenie Kalisza w ramach EFS Leader School Nowoczesne Metody Nauki w Kaliszu od 1 sierpnia 2008 do 31 lipca 2009 realizowa\u0142 projekt szkoleniowy pod nazw\u0105 ,,Akademia J\u0119zykowych Kompetencji Zawodowych w Kaliszu\u2019\u2019. Projekt realizowany by\u0142 w ramach Priorytetu VIII Programu [&hellip;]<\/p>\n","protected":false},"author":3,"featured_media":0,"parent":0,"menu_order":0,"comment_status":"closed","ping_status":"closed","template":"","meta":{"ngg_post_thumbnail":0},"acf":[],"yoast_head":"<!-- This site is optimized with the Yoast SEO plugin v18.9 - https:\/\/yoast.com\/wordpress\/plugins\/seo\/ -->\n<title>Zrealizowane projekty EFS w Kaliszu - Leader School<\/title>\n<meta name=\"description\" content=\"Sprawd\u017a zrealizowane projekty EFS w Leader School Kalisz. Wejd\u017a i przeczytaj wi\u0119cej informacji.\" \/>\n<meta name=\"robots\" content=\"index, follow, max-snippet:-1, max-image-preview:large, max-video-preview:-1\" \/>\n<link rel=\"canonical\" href=\"https:\/\/leaderschool.pl\/kalisz\/zrealizowane-projekty-efs\/\" \/>\n<meta property=\"og:locale\" content=\"pl_PL\" \/>\n<meta property=\"og:type\" content=\"article\" \/>\n<meta property=\"og:title\" content=\"Zrealizowane projekty EFS w Kaliszu - Leader School\" \/>\n<meta property=\"og:description\" content=\"Sprawd\u017a zrealizowane projekty EFS w Leader School Kalisz. Wejd\u017a i przeczytaj wi\u0119cej informacji.\" \/>\n<meta property=\"og:url\" content=\"https:\/\/leaderschool.pl\/kalisz\/zrealizowane-projekty-efs\/\" \/>\n<meta property=\"og:site_name\" content=\"w Kaliszu - Leader School\" \/>\n<meta property=\"article:modified_time\" content=\"2023-10-13T08:04:12+00:00\" \/>\n<meta name=\"twitter:card\" content=\"summary_large_image\" \/>\n<meta name=\"twitter:label1\" content=\"Szacowany czas czytania\" \/>\n\t<meta name=\"twitter:data1\" content=\"8 minut\" \/>\n<script type=\"application\/ld+json\" class=\"yoast-schema-graph\">{\"@context\":\"https:\/\/schema.org\",\"@graph\":[{\"@type\":\"WebSite\",\"@id\":\"https:\/\/leaderschool.pl\/kalisz\/#website\",\"url\":\"https:\/\/leaderschool.pl\/kalisz\/\",\"name\":\"w Kaliszu - Leader School\",\"description\":\"\",\"potentialAction\":[{\"@type\":\"SearchAction\",\"target\":{\"@type\":\"EntryPoint\",\"urlTemplate\":\"https:\/\/leaderschool.pl\/kalisz\/?s={search_term_string}\"},\"query-input\":\"required name=search_term_string\"}],\"inLanguage\":\"pl-PL\"},{\"@type\":\"WebPage\",\"@id\":\"https:\/\/leaderschool.pl\/kalisz\/zrealizowane-projekty-efs\/#webpage\",\"url\":\"https:\/\/leaderschool.pl\/kalisz\/zrealizowane-projekty-efs\/\",\"name\":\"Zrealizowane projekty EFS w Kaliszu - Leader School\",\"isPartOf\":{\"@id\":\"https:\/\/leaderschool.pl\/kalisz\/#website\"},\"datePublished\":\"2022-07-24T17:03:50+00:00\",\"dateModified\":\"2023-10-13T08:04:12+00:00\",\"description\":\"Sprawd\u017a zrealizowane projekty EFS w Leader School Kalisz. Wejd\u017a i przeczytaj wi\u0119cej informacji.\",\"breadcrumb\":{\"@id\":\"https:\/\/leaderschool.pl\/kalisz\/zrealizowane-projekty-efs\/#breadcrumb\"},\"inLanguage\":\"pl-PL\",\"potentialAction\":[{\"@type\":\"ReadAction\",\"target\":[\"https:\/\/leaderschool.pl\/kalisz\/zrealizowane-projekty-efs\/\"]}]},{\"@type\":\"BreadcrumbList\",\"@id\":\"https:\/\/leaderschool.pl\/kalisz\/zrealizowane-projekty-efs\/#breadcrumb\",\"itemListElement\":[{\"@type\":\"ListItem\",\"position\":1,\"name\":\"Home\",\"item\":\"https:\/\/leaderschool.pl\/kalisz\/\"},{\"@type\":\"ListItem\",\"position\":2,\"name\":\"Zrealizowane projekty EFS\"}]}]}<\/script>\n<!-- \/ Yoast SEO plugin. -->","yoast_head_json":{"title":"Zrealizowane projekty EFS w Kaliszu - Leader School","description":"Sprawd\u017a zrealizowane projekty EFS w Leader School Kalisz. Wejd\u017a i przeczytaj wi\u0119cej informacji.","robots":{"index":"index","follow":"follow","max-snippet":"max-snippet:-1","max-image-preview":"max-image-preview:large","max-video-preview":"max-video-preview:-1"},"canonical":"https:\/\/leaderschool.pl\/kalisz\/zrealizowane-projekty-efs\/","og_locale":"pl_PL","og_type":"article","og_title":"Zrealizowane projekty EFS w Kaliszu - Leader School","og_description":"Sprawd\u017a zrealizowane projekty EFS w Leader School Kalisz. Wejd\u017a i przeczytaj wi\u0119cej informacji.","og_url":"https:\/\/leaderschool.pl\/kalisz\/zrealizowane-projekty-efs\/","og_site_name":"w Kaliszu - Leader School","article_modified_time":"2023-10-13T08:04:12+00:00","twitter_card":"summary_large_image","twitter_misc":{"Szacowany czas czytania":"8 minut"},"schema":{"@context":"https:\/\/schema.org","@graph":[{"@type":"WebSite","@id":"https:\/\/leaderschool.pl\/kalisz\/#website","url":"https:\/\/leaderschool.pl\/kalisz\/","name":"w Kaliszu - Leader School","description":"","potentialAction":[{"@type":"SearchAction","target":{"@type":"EntryPoint","urlTemplate":"https:\/\/leaderschool.pl\/kalisz\/?s={search_term_string}"},"query-input":"required name=search_term_string"}],"inLanguage":"pl-PL"},{"@type":"WebPage","@id":"https:\/\/leaderschool.pl\/kalisz\/zrealizowane-projekty-efs\/#webpage","url":"https:\/\/leaderschool.pl\/kalisz\/zrealizowane-projekty-efs\/","name":"Zrealizowane projekty EFS w Kaliszu - Leader School","isPartOf":{"@id":"https:\/\/leaderschool.pl\/kalisz\/#website"},"datePublished":"2022-07-24T17:03:50+00:00","dateModified":"2023-10-13T08:04:12+00:00","description":"Sprawd\u017a zrealizowane projekty EFS w Leader School Kalisz. Wejd\u017a i przeczytaj wi\u0119cej informacji.","breadcrumb":{"@id":"https:\/\/leaderschool.pl\/kalisz\/zrealizowane-projekty-efs\/#breadcrumb"},"inLanguage":"pl-PL","potentialAction":[{"@type":"ReadAction","target":["https:\/\/leaderschool.pl\/kalisz\/zrealizowane-projekty-efs\/"]}]},{"@type":"BreadcrumbList","@id":"https:\/\/leaderschool.pl\/kalisz\/zrealizowane-projekty-efs\/#breadcrumb","itemListElement":[{"@type":"ListItem","position":1,"name":"Home","item":"https:\/\/leaderschool.pl\/kalisz\/"},{"@type":"ListItem","position":2,"name":"Zrealizowane projekty EFS"}]}]}},"_links":{"self":[{"href":"https:\/\/leaderschool.pl\/kalisz\/wp-json\/wp\/v2\/pages\/2633"}],"collection":[{"href":"https:\/\/leaderschool.pl\/kalisz\/wp-json\/wp\/v2\/pages"}],"about":[{"href":"https:\/\/leaderschool.pl\/kalisz\/wp-json\/wp\/v2\/types\/page"}],"author":[{"embeddable":true,"href":"https:\/\/leaderschool.pl\/kalisz\/wp-json\/wp\/v2\/users\/3"}],"replies":[{"embeddable":true,"href":"https:\/\/leaderschool.pl\/kalisz\/wp-json\/wp\/v2\/comments?post=2633"}],"version-history":[{"count":1,"href":"https:\/\/leaderschool.pl\/kalisz\/wp-json\/wp\/v2\/pages\/2633\/revisions"}],"predecessor-version":[{"id":2634,"href":"https:\/\/leaderschool.pl\/kalisz\/wp-json\/wp\/v2\/pages\/2633\/revisions\/2634"}],"wp:attachment":[{"href":"https:\/\/leaderschool.pl\/kalisz\/wp-json\/wp\/v2\/media?parent=2633"}],"curies":[{"name":"wp","href":"https:\/\/api.w.org\/{rel}","templated":true}]}}