{"id":2630,"date":"2022-07-24T19:02:49","date_gmt":"2022-07-24T17:02:49","guid":{"rendered":"https:\/\/leaderschool.sellision.dev\/kalisz\/?page_id=2630"},"modified":"2025-12-10T10:58:17","modified_gmt":"2025-12-10T09:58:17","slug":"wynajem-sal-szkoleniowych","status":"publish","type":"page","link":"https:\/\/leaderschool.pl\/kalisz\/wynajem-sal-szkoleniowych\/","title":{"rendered":"Wynajem sal szkoleniowych w Kaliszu"},"content":{"rendered":"\n<p>Szukasz profesjonalnego miejsca na zorganizowanie kursu, warsztat\u00f3w biznesowych lub spotkania rekrutacyjnego? <strong>Leader School w Kaliszu<\/strong> oferuje wynajem nowoczesnych sal szkoleniowych w centrum miasta.<\/p>\n\n\n\n<p>Nasza oferta skierowana jest do firm szkoleniowych, trener\u00f3w, freelancer\u00f3w oraz instytucji poszukuj\u0105cych komfortowej przestrzeni do nauki i pracy.<\/p>\n\n\n\n<p>W naszych salach zapewniamy komfort, wygod\u0119 oraz nowoczesne wyposa\u017cenie!<\/p>\n\n\n\n<div class=\"wp-block-image\"><figure class=\"aligncenter size-full\"><img loading=\"lazy\" width=\"340\" height=\"252\" src=\"data:image\/gif;base64,R0lGODlhAQABAAAAACH5BAEKAAEALAAAAAABAAEAAAICTAEAOw==\" alt=\"\" class=\"wp-image-2631 lazyload\" sizes=\"(max-width: 340px) 100vw, 340px\" data-src=\"https:\/\/leaderschool.sellision.dev\/kalisz\/wp-content\/uploads\/sites\/47\/2022\/07\/sala_komputerowa.png\" data-srcset=\"https:\/\/leaderschool.pl\/kalisz\/wp-content\/uploads\/sites\/47\/2022\/07\/sala_komputerowa.png 340w, https:\/\/leaderschool.pl\/kalisz\/wp-content\/uploads\/sites\/47\/2022\/07\/sala_komputerowa-300x222.png 300w\"><\/figure><\/div>\n\n\n\n<h2>Dlaczego warto zorganizowa\u0107 szkolenie u nas?<\/h2>\n\n\n\n<p>Zapewniamy nie tylko przestrze\u0144, ale pe\u0142ne wsparcie organizacyjne. Wynajmuj\u0105c sal\u0119 w <a href=\"https:\/\/leaderschool.pl\/kalisz\">Leader School Kalisz<\/a>, zyskujesz:<\/p>\n\n\n\n<ul><li><strong>Doskona\u0142\u0105 lokalizacj\u0119:<\/strong> Budynek w centrum Kalisza (ul. Fabryczna 1b\/1).<\/li><li><strong>Wygodny parking:<\/strong> W\u0142asny parking dla Ciebie i uczestnik\u00f3w szkolenia.<\/li><li><strong>Elastyczno\u015b\u0107:<\/strong> Dost\u0119pno\u015b\u0107 sal 7 dni w tygodniu w godzinach <strong>07:00 \u2013 22:00<\/strong>.<\/li><li><strong>Dost\u0119p do \u015bwiat\u0142a dziennego:<\/strong> Wszystkie sale s\u0105 jasne i przestronne, co sprzyja efektywnej nauce.<\/li><li><strong>Szybki Internet:<\/strong> Stabilne \u0142\u0105cze Wi-Fi dost\u0119pne w ca\u0142ym obiekcie.<\/li><\/ul>\n\n\n\n<h2>Nasze sale &#8211; wybierz przestrze\u0144 dla siebie<\/h2>\n\n\n\n<p>Dysponujemy 7 salami szkoleniowymi dla kilkunastu os\u00f3b z pe\u0142nym dost\u0119pem do Internetu. Udost\u0119pniamy r\u00f3wnie\u017c nowoczesn\u0105 sal\u0119 multimedialn\u0105 z tablic\u0105 multimedialn\u0105, rzutnikiem multimedialnym oraz 11 laptopami. Wszystkie sale szkoleniowe s\u0105 o\u015bwietlone \u015bwiat\u0142em dziennym, wyposa\u017cone w odtwarzacze CD oraz flipcharty (tablica sucho\u015bcieralna + mazaki), kt\u00f3re udost\u0119pniamy w ramach wynajmu bez dodatkowych op\u0142at. Na \u017cyczenie zajmiemy si\u0119 przygotowaniem materia\u0142\u00f3w szkoleniowych dla wszystkich uczestnik\u00f3w kurs\u00f3w.<\/p>\n\n\n\n<p>Umo\u017cliwiamy Klientom wynajem sal szkoleniowych na kilka godzin, na godzin\u0119, wynajem ca\u0142odniowy, rano, wieczorem, przedpo\u0142udniem czy w weekendy. <\/p>\n\n\n\n<h2>Dodatkowe us\u0142ugi i obs\u0142uga<\/h2>\n\n\n\n<p>Wiemy, \u017ce udane szkolenie to nie tylko sala. Aby\u015b m\u00f3g\u0142 skupi\u0107 si\u0119 na merytoryce, my zajmiemy si\u0119 logistyk\u0105:<\/p>\n\n\n\n<ul><li>\u2615 <strong>Przerwy kawowe:<\/strong> Organizujemy serwis kawowy (kawa, herbata, ciastka, woda).<\/li><li>\ud83c\udf7d\ufe0f <strong>Lunch:<\/strong> Mo\u017cliwo\u015b\u0107 zam\u00f3wienia cateringu obiadowego dla uczestnik\u00f3w.<\/li><li>\ud83d\udda8\ufe0f <strong>Obs\u0142uga biurowa:<\/strong> Na \u017cyczenie przygotujemy i wydrukujemy materia\u0142y szkoleniowe.<\/li><\/ul>\n\n\n\n<h2>Cennik i Rezerwacja<\/h2>\n\n\n\n<p>Jeste\u015bmy elastyczni \u2013 oferujemy wynajem na godziny, pakiety ca\u0142odniowe oraz wynajem cykliczny (np. weekendowy).<\/p>\n\n\n\n<p><strong>Chcesz obejrze\u0107 sale przed rezerwacj\u0105?<\/strong> Zapraszamy na niezobowi\u0105zuj\u0105ce spotkanie. Zadzwo\u0144 i um\u00f3w si\u0119 na wizyt\u0119, aby upewni\u0107 si\u0119, \u017ce przestrze\u0144 spe\u0142nia Twoje oczekiwania.<\/p>\n\n\n\n<p><strong>Skontaktuj si\u0119 z nami i zapytaj o wolny termin:<\/strong><\/p>\n\n\n\n<p>Szczeg\u00f3\u0142owe informacje o terminach, zapisach i cenach, otrzymasz dzwoni\u0105c lub wys\u0142a\u0107 e-mail z zapytaniem<\/p>\n\n\n\n<p>\ud83d\udcde <strong>Telefon:<\/strong> 62 767 21 21 lub 601 887 889 \ud83d\udce7 <strong>E-mail:<\/strong> <a href=\"mailto:kalisz@leaderschool.com.pl\" target=\"_blank\" rel=\"noreferrer noopener\">kalisz@leaderschool.com.pl<\/a> \ud83d\udccd <strong>Adres:<\/strong> ul. Fabryczna 1b\/1, Kalisz<\/p>\n","protected":false},"excerpt":{"rendered":"<p>Szukasz profesjonalnego miejsca na zorganizowanie kursu, warsztat\u00f3w biznesowych lub spotkania rekrutacyjnego? Leader School w Kaliszu oferuje wynajem nowoczesnych sal szkoleniowych w centrum miasta. Nasza oferta skierowana jest do firm szkoleniowych, trener\u00f3w, freelancer\u00f3w oraz instytucji poszukuj\u0105cych komfortowej przestrzeni do nauki i pracy. W naszych salach zapewniamy komfort, wygod\u0119 oraz nowoczesne wyposa\u017cenie! Dlaczego warto zorganizowa\u0107 szkolenie u [&hellip;]<\/p>\n","protected":false},"author":3,"featured_media":0,"parent":0,"menu_order":0,"comment_status":"closed","ping_status":"closed","template":"","meta":{"ngg_post_thumbnail":0},"acf":[],"yoast_head":"<!-- This site is optimized with the Yoast SEO plugin v18.9 - https:\/\/yoast.com\/wordpress\/plugins\/seo\/ -->\n<title>Wynajem sal szkoleniowych w Kaliszu - Leader School<\/title>\n<meta name=\"description\" content=\"Szukasz sali szkoleniowej do wynaj\u0119cia w Kaliszu? Sprawd\u017a ofert\u0119 Leader School i wynajmij sal\u0119 w atrakcyjnej cenie.\" \/>\n<meta name=\"robots\" content=\"index, follow, max-snippet:-1, max-image-preview:large, max-video-preview:-1\" \/>\n<link rel=\"canonical\" href=\"https:\/\/leaderschool.pl\/kalisz\/wynajem-sal-szkoleniowych\/\" \/>\n<meta property=\"og:locale\" content=\"pl_PL\" \/>\n<meta property=\"og:type\" content=\"article\" \/>\n<meta property=\"og:title\" content=\"Wynajem sal szkoleniowych w Kaliszu - Leader School\" \/>\n<meta property=\"og:description\" content=\"Szukasz sali szkoleniowej do wynaj\u0119cia w Kaliszu? Sprawd\u017a ofert\u0119 Leader School i wynajmij sal\u0119 w atrakcyjnej cenie.\" \/>\n<meta property=\"og:url\" content=\"https:\/\/leaderschool.pl\/kalisz\/wynajem-sal-szkoleniowych\/\" \/>\n<meta property=\"og:site_name\" content=\"w Kaliszu - Leader School\" \/>\n<meta property=\"article:modified_time\" content=\"2025-12-10T09:58:17+00:00\" \/>\n<meta property=\"og:image\" content=\"https:\/\/leaderschool.sellision.dev\/kalisz\/wp-content\/uploads\/sites\/47\/2022\/07\/sala_komputerowa.png\" \/>\n<meta name=\"twitter:card\" content=\"summary_large_image\" \/>\n<meta name=\"twitter:label1\" content=\"Szacowany czas czytania\" \/>\n\t<meta name=\"twitter:data1\" content=\"3 minuty\" \/>\n<script type=\"application\/ld+json\" class=\"yoast-schema-graph\">{\"@context\":\"https:\/\/schema.org\",\"@graph\":[{\"@type\":\"WebSite\",\"@id\":\"https:\/\/leaderschool.pl\/kalisz\/#website\",\"url\":\"https:\/\/leaderschool.pl\/kalisz\/\",\"name\":\"w Kaliszu - Leader School\",\"description\":\"\",\"potentialAction\":[{\"@type\":\"SearchAction\",\"target\":{\"@type\":\"EntryPoint\",\"urlTemplate\":\"https:\/\/leaderschool.pl\/kalisz\/?s={search_term_string}\"},\"query-input\":\"required name=search_term_string\"}],\"inLanguage\":\"pl-PL\"},{\"@type\":\"ImageObject\",\"inLanguage\":\"pl-PL\",\"@id\":\"https:\/\/leaderschool.pl\/kalisz\/wynajem-sal-szkoleniowych\/#primaryimage\",\"url\":\"https:\/\/leaderschool.sellision.dev\/kalisz\/wp-content\/uploads\/sites\/47\/2022\/07\/sala_komputerowa.png\",\"contentUrl\":\"https:\/\/leaderschool.sellision.dev\/kalisz\/wp-content\/uploads\/sites\/47\/2022\/07\/sala_komputerowa.png\"},{\"@type\":\"WebPage\",\"@id\":\"https:\/\/leaderschool.pl\/kalisz\/wynajem-sal-szkoleniowych\/#webpage\",\"url\":\"https:\/\/leaderschool.pl\/kalisz\/wynajem-sal-szkoleniowych\/\",\"name\":\"Wynajem sal szkoleniowych w Kaliszu - Leader School\",\"isPartOf\":{\"@id\":\"https:\/\/leaderschool.pl\/kalisz\/#website\"},\"primaryImageOfPage\":{\"@id\":\"https:\/\/leaderschool.pl\/kalisz\/wynajem-sal-szkoleniowych\/#primaryimage\"},\"datePublished\":\"2022-07-24T17:02:49+00:00\",\"dateModified\":\"2025-12-10T09:58:17+00:00\",\"description\":\"Szukasz sali szkoleniowej do wynaj\u0119cia w Kaliszu? Sprawd\u017a ofert\u0119 Leader School i wynajmij sal\u0119 w atrakcyjnej cenie.\",\"breadcrumb\":{\"@id\":\"https:\/\/leaderschool.pl\/kalisz\/wynajem-sal-szkoleniowych\/#breadcrumb\"},\"inLanguage\":\"pl-PL\",\"potentialAction\":[{\"@type\":\"ReadAction\",\"target\":[\"https:\/\/leaderschool.pl\/kalisz\/wynajem-sal-szkoleniowych\/\"]}]},{\"@type\":\"BreadcrumbList\",\"@id\":\"https:\/\/leaderschool.pl\/kalisz\/wynajem-sal-szkoleniowych\/#breadcrumb\",\"itemListElement\":[{\"@type\":\"ListItem\",\"position\":1,\"name\":\"Home\",\"item\":\"https:\/\/leaderschool.pl\/kalisz\/\"},{\"@type\":\"ListItem\",\"position\":2,\"name\":\"Wynajem sal szkoleniowych w Kaliszu\"}]}]}<\/script>\n<!-- \/ Yoast SEO plugin. -->","yoast_head_json":{"title":"Wynajem sal szkoleniowych w Kaliszu - Leader School","description":"Szukasz sali szkoleniowej do wynaj\u0119cia w Kaliszu? Sprawd\u017a ofert\u0119 Leader School i wynajmij sal\u0119 w atrakcyjnej cenie.","robots":{"index":"index","follow":"follow","max-snippet":"max-snippet:-1","max-image-preview":"max-image-preview:large","max-video-preview":"max-video-preview:-1"},"canonical":"https:\/\/leaderschool.pl\/kalisz\/wynajem-sal-szkoleniowych\/","og_locale":"pl_PL","og_type":"article","og_title":"Wynajem sal szkoleniowych w Kaliszu - Leader School","og_description":"Szukasz sali szkoleniowej do wynaj\u0119cia w Kaliszu? Sprawd\u017a ofert\u0119 Leader School i wynajmij sal\u0119 w atrakcyjnej cenie.","og_url":"https:\/\/leaderschool.pl\/kalisz\/wynajem-sal-szkoleniowych\/","og_site_name":"w Kaliszu - Leader School","article_modified_time":"2025-12-10T09:58:17+00:00","og_image":[{"url":"https:\/\/leaderschool.sellision.dev\/kalisz\/wp-content\/uploads\/sites\/47\/2022\/07\/sala_komputerowa.png"}],"twitter_card":"summary_large_image","twitter_misc":{"Szacowany czas czytania":"3 minuty"},"schema":{"@context":"https:\/\/schema.org","@graph":[{"@type":"WebSite","@id":"https:\/\/leaderschool.pl\/kalisz\/#website","url":"https:\/\/leaderschool.pl\/kalisz\/","name":"w Kaliszu - Leader School","description":"","potentialAction":[{"@type":"SearchAction","target":{"@type":"EntryPoint","urlTemplate":"https:\/\/leaderschool.pl\/kalisz\/?s={search_term_string}"},"query-input":"required name=search_term_string"}],"inLanguage":"pl-PL"},{"@type":"ImageObject","inLanguage":"pl-PL","@id":"https:\/\/leaderschool.pl\/kalisz\/wynajem-sal-szkoleniowych\/#primaryimage","url":"https:\/\/leaderschool.sellision.dev\/kalisz\/wp-content\/uploads\/sites\/47\/2022\/07\/sala_komputerowa.png","contentUrl":"https:\/\/leaderschool.sellision.dev\/kalisz\/wp-content\/uploads\/sites\/47\/2022\/07\/sala_komputerowa.png"},{"@type":"WebPage","@id":"https:\/\/leaderschool.pl\/kalisz\/wynajem-sal-szkoleniowych\/#webpage","url":"https:\/\/leaderschool.pl\/kalisz\/wynajem-sal-szkoleniowych\/","name":"Wynajem sal szkoleniowych w Kaliszu - Leader School","isPartOf":{"@id":"https:\/\/leaderschool.pl\/kalisz\/#website"},"primaryImageOfPage":{"@id":"https:\/\/leaderschool.pl\/kalisz\/wynajem-sal-szkoleniowych\/#primaryimage"},"datePublished":"2022-07-24T17:02:49+00:00","dateModified":"2025-12-10T09:58:17+00:00","description":"Szukasz sali szkoleniowej do wynaj\u0119cia w Kaliszu? Sprawd\u017a ofert\u0119 Leader School i wynajmij sal\u0119 w atrakcyjnej cenie.","breadcrumb":{"@id":"https:\/\/leaderschool.pl\/kalisz\/wynajem-sal-szkoleniowych\/#breadcrumb"},"inLanguage":"pl-PL","potentialAction":[{"@type":"ReadAction","target":["https:\/\/leaderschool.pl\/kalisz\/wynajem-sal-szkoleniowych\/"]}]},{"@type":"BreadcrumbList","@id":"https:\/\/leaderschool.pl\/kalisz\/wynajem-sal-szkoleniowych\/#breadcrumb","itemListElement":[{"@type":"ListItem","position":1,"name":"Home","item":"https:\/\/leaderschool.pl\/kalisz\/"},{"@type":"ListItem","position":2,"name":"Wynajem sal szkoleniowych w Kaliszu"}]}]}},"_links":{"self":[{"href":"https:\/\/leaderschool.pl\/kalisz\/wp-json\/wp\/v2\/pages\/2630"}],"collection":[{"href":"https:\/\/leaderschool.pl\/kalisz\/wp-json\/wp\/v2\/pages"}],"about":[{"href":"https:\/\/leaderschool.pl\/kalisz\/wp-json\/wp\/v2\/types\/page"}],"author":[{"embeddable":true,"href":"https:\/\/leaderschool.pl\/kalisz\/wp-json\/wp\/v2\/users\/3"}],"replies":[{"embeddable":true,"href":"https:\/\/leaderschool.pl\/kalisz\/wp-json\/wp\/v2\/comments?post=2630"}],"version-history":[{"count":2,"href":"https:\/\/leaderschool.pl\/kalisz\/wp-json\/wp\/v2\/pages\/2630\/revisions"}],"predecessor-version":[{"id":2934,"href":"https:\/\/leaderschool.pl\/kalisz\/wp-json\/wp\/v2\/pages\/2630\/revisions\/2934"}],"wp:attachment":[{"href":"https:\/\/leaderschool.pl\/kalisz\/wp-json\/wp\/v2\/media?parent=2630"}],"curies":[{"name":"wp","href":"https:\/\/api.w.org\/{rel}","templated":true}]}}