{"id":2609,"date":"2022-07-24T18:48:51","date_gmt":"2022-07-24T16:48:51","guid":{"rendered":"https:\/\/leaderschool.sellision.dev\/kalisz\/?page_id=2609"},"modified":"2025-07-08T10:09:19","modified_gmt":"2025-07-08T08:09:19","slug":"jezyk-polski-dla-cudzoziemcow-kalisz","status":"publish","type":"page","link":"https:\/\/leaderschool.pl\/kalisz\/jezyk-polski-dla-cudzoziemcow-kalisz\/","title":{"rendered":"J\u0119zyk polski dla cudzoziemc\u00f3w\u00a0\u2013 Kalisz"},"content":{"rendered":"\n<p>Kursy j\u0119zyka polskiego dla cudzoziemc\u00f3w na terenie Kalisza.<br>Cudzoziemcy niejednokrotnie przekonali si\u0119, \u017ce nawet kilka s\u0142\u00f3w czy fraz wypowiedzianych po polsku \u0142amie lody i niczym z\u0142oty klucz otwiera wszystkie drzwi.<br>Nasza profesjonalna kadra szkoleniowa nauczy ka\u017cdego j\u0119zyka polskiego!<\/p>\n\n\n\n<div class=\"wp-block-image\"><figure class=\"aligncenter size-full\"><img loading=\"lazy\" width=\"258\" height=\"181\" src=\"data:image\/gif;base64,R0lGODlhAQABAAAAACH5BAEKAAEALAAAAAABAAEAAAICTAEAOw==\" alt=\"Flaga polski\" class=\"wp-image-2918 lazyload\" data-src=\"https:\/\/leaderschool.pl\/kalisz\/wp-content\/uploads\/sites\/47\/2025\/07\/Flaga-polski.png\"><\/figure><\/div>\n\n\n\n<h2>Polski dla cudzoziemc\u00f3w \u2013 m\u00f3wimy w Twoim j\u0119zyku<\/h2>\n\n\n\n<p>Niezale\u017cnie od tego, sk\u0105d pochodzisz i jakim j\u0119zykiem m\u00f3wisz na co dzie\u0144 \u2013 u nas poczujesz si\u0119 swobodnie. Oferujemy wsparcie j\u0119zykowe na r\u00f3\u017cnych poziomach zaawansowania, a nasi lektorzy potrafi\u0105 porozumie\u0107 si\u0119 z kursantami w wielu j\u0119zykach. Dzi\u0119ki temu nauka polskiego przebiega w przyjaznej i zrozumia\u0142ej atmosferze.<\/p>\n\n\n\n<h3>English \u2013 Polish for foreigners<\/h3>\n\n\n\n<p>Polish for foreigners. English courses for foreigners. Foreigners know that knowing even few words or phrases in Polish may be very helpful in opening all doors and breaking the ice between people.<\/p>\n\n\n\n<h3>Espa\u00f1ol \u2013 Lengua polaca para los extranjeros<\/h3>\n\n\n\n<p>Lengua polaca para los extranjeros. Tenemos los cursos de la lengua polaca para extranjeros. Los extranjeros se han convencido de que incluso pocas palabras o frases pronunciadas en polaco rompen el hielo y como la llave dorada abren todas las puertas.<\/p>\n\n\n\n<h3>Deutsch \u2013 Polnisch f\u00fcr Ausl\u00e4nder<\/h3>\n\n\n\n<p>Polnische Sprache f\u00fcr Ausl\u00e4nder. Polnischsprachkurse f\u00fcr Ausl\u00e4nder. Ausl\u00e4nder haben sich mehrmals \u00fcberzeugt, dass sogar einige W\u00f6rter auf Polnisch Eis brechen und alle T\u00fcren \u00f6ffnen<\/p>\n\n\n\n<h3>Italiano \u2013 Il polacco per gli stranieri<\/h3>\n\n\n\n<p>Il polacco per gli Stranieri. Corsi di Lingua Polacca per Stranieri. Diverse volte, degli stranieri hanno scoperto che ci vogliono solo alcune parole o frasi pronunciate nella lingua polacca per rompere il ghiaccio ed aprire tutte le porte con &#8222;una chiave d&#8217;oro&#8221;<\/p>\n\n\n\n<h3>Fran\u00e7ais \u2013 Le polonais pour les \u00e9trangers<\/h3>\n\n\n\n<p>Le polonais pour les \u00e9trangers. Cours de polonais pour les \u00e9trangers. Des \u00e9trangers se sont souvent persuad\u00e9s que, m\u00eame quelques mots ou quelques phrases parl\u00e9s en polonais sont &#8222;le juste milieu&#8221; et suffisent pour briser la glace et ouvrir toutes les portes.<\/p>\n\n\n\n<h3>\u0420\u0443\u0441\u0441\u043a\u0438\u0439 \u2013 \u041f\u043e\u043b\u044c\u0441\u043a\u0438\u0439 \u044f\u0437\u044b\u043a \u0434\u043b\u044f \u0438\u043d\u043e\u0441\u0442\u0440\u0430\u043d\u0446\u0435\u0432<\/h3>\n\n\n\n<p>\u041f\u043e\u043b\u044c\u0441\u043a\u0438\u0439 \u044f\u0437\u044b\u043a \u0434\u043b\u044f \u0438\u043d\u043e\u0441\u0442\u0440\u0430\u043d\u0446\u0435\u0432. \u041f\u0440\u043e\u0432\u043e\u0434\u0438\u043c \u043a\u0443\u0440\u0441\u044b \u043f\u043e\u043b\u044c\u0441\u043a\u043e\u0433\u043e \u044f\u0437\u044b\u043a\u0430 \u0434\u043b\u044f \u0438\u043d\u043e\u0441\u0442\u0440\u0430\u043d\u0446\u0435\u0432. \u0418\u043d\u043e\u0441\u0442\u0440\u0430\u043d\u0446\u044b \u043d\u0435\u043e\u0434\u043d\u043e\u043a\u0440\u0430\u0442\u043d\u043e \u0443\u0431\u0435\u0434\u0438\u043b\u0438\u0441\u044c \u0432 \u0442\u043e\u043c, \u0447\u0442\u043e \u0434\u0430\u0436\u0435 \u043d\u0435\u0441\u043a\u043e\u043b\u044c\u043a\u043e \u0441\u043b\u043e\u0432 \u0438\u043b\u0438 \u0432\u044b\u0440\u0430\u0436\u0435\u043d\u0438\u0439, \u0432\u044b\u0441\u043a\u0430\u0437\u0430\u043d\u043d\u044b\u0445 \u043f\u043e-\u043f\u043e\u043b\u044c\u0441\u043a\u0438, \u043b\u043e\u043c\u0430\u044e\u0442 \u0431\u0430\u0440\u044c\u0435\u0440\u044b \u0438 \u043a\u0430\u043a \u0437\u043e\u043b\u043e\u0442\u043e\u0439 \u043a\u043b\u044e\u0447\u0438\u043a \u043e\u0442\u043a\u0440\u044b\u0432\u0430\u044e\u0442 \u0432\u0441\u0435 \u0434\u0432\u0435\u0440\u0438.<\/p>\n\n\n\n<h2>Kurs j\u0119zyka polskiego dla obcokrajowc\u00f3w \u2013 Kalisz i okolice<\/h2>\n\n\n\n<p>Szczeg\u00f3\u0142y:<br>Dodatkowe informacje o terminach, zapisach i cenach, otrzymasz dzwoni\u0105c lub wys\u0142a\u0107 e-mail z zapytaniem:<\/p>\n\n\n\n<p>kalisz@leaderschool.com.pl<\/p>\n\n\n\n<p>tel. 62\/ 767 21 21 lub 601 887 889<\/p>\n","protected":false},"excerpt":{"rendered":"<p>Kursy j\u0119zyka polskiego dla cudzoziemc\u00f3w na terenie Kalisza.Cudzoziemcy niejednokrotnie przekonali si\u0119, \u017ce nawet kilka s\u0142\u00f3w czy fraz wypowiedzianych po polsku \u0142amie lody i niczym z\u0142oty klucz otwiera wszystkie drzwi.Nasza profesjonalna kadra szkoleniowa nauczy ka\u017cdego j\u0119zyka polskiego! Polski dla cudzoziemc\u00f3w \u2013 m\u00f3wimy w Twoim j\u0119zyku Niezale\u017cnie od tego, sk\u0105d pochodzisz i jakim j\u0119zykiem m\u00f3wisz na co [&hellip;]<\/p>\n","protected":false},"author":3,"featured_media":0,"parent":0,"menu_order":0,"comment_status":"closed","ping_status":"closed","template":"","meta":{"ngg_post_thumbnail":0},"acf":[],"yoast_head":"<!-- This site is optimized with the Yoast SEO plugin v18.9 - https:\/\/yoast.com\/wordpress\/plugins\/seo\/ -->\n<title>J\u0119zyk polski dla cudzoziemc\u00f3w w Kaliszu - Leader School<\/title>\n<meta name=\"description\" content=\"Sprawd\u017a ofert\u0119 naszej szko\u0142y j\u0119zykowej w Kaliszu na j\u0119zyk polski dla cudzoziemc\u00f3w. Zapraszamy! \ud83d\udcde+48 62 767 21 21\" \/>\n<meta name=\"robots\" content=\"index, follow, max-snippet:-1, max-image-preview:large, max-video-preview:-1\" \/>\n<link rel=\"canonical\" href=\"https:\/\/leaderschool.pl\/kalisz\/jezyk-polski-dla-cudzoziemcow-kalisz\/\" \/>\n<meta property=\"og:locale\" content=\"pl_PL\" \/>\n<meta property=\"og:type\" content=\"article\" \/>\n<meta property=\"og:title\" content=\"J\u0119zyk polski dla cudzoziemc\u00f3w w Kaliszu - Leader School\" \/>\n<meta property=\"og:description\" content=\"Sprawd\u017a ofert\u0119 naszej szko\u0142y j\u0119zykowej w Kaliszu na j\u0119zyk polski dla cudzoziemc\u00f3w. Zapraszamy! \ud83d\udcde+48 62 767 21 21\" \/>\n<meta property=\"og:url\" content=\"https:\/\/leaderschool.pl\/kalisz\/jezyk-polski-dla-cudzoziemcow-kalisz\/\" \/>\n<meta property=\"og:site_name\" content=\"w Kaliszu - Leader School\" \/>\n<meta property=\"article:modified_time\" content=\"2025-07-08T08:09:19+00:00\" \/>\n<meta property=\"og:image\" content=\"https:\/\/leaderschool.pl\/kalisz\/wp-content\/uploads\/sites\/47\/2025\/07\/Flaga-polski.png\" \/>\n<meta name=\"twitter:card\" content=\"summary_large_image\" \/>\n<meta name=\"twitter:label1\" content=\"Szacowany czas czytania\" \/>\n\t<meta name=\"twitter:data1\" content=\"3 minuty\" \/>\n<script type=\"application\/ld+json\" class=\"yoast-schema-graph\">{\"@context\":\"https:\/\/schema.org\",\"@graph\":[{\"@type\":\"WebSite\",\"@id\":\"https:\/\/leaderschool.pl\/kalisz\/#website\",\"url\":\"https:\/\/leaderschool.pl\/kalisz\/\",\"name\":\"w Kaliszu - Leader School\",\"description\":\"\",\"potentialAction\":[{\"@type\":\"SearchAction\",\"target\":{\"@type\":\"EntryPoint\",\"urlTemplate\":\"https:\/\/leaderschool.pl\/kalisz\/?s={search_term_string}\"},\"query-input\":\"required name=search_term_string\"}],\"inLanguage\":\"pl-PL\"},{\"@type\":\"ImageObject\",\"inLanguage\":\"pl-PL\",\"@id\":\"https:\/\/leaderschool.pl\/kalisz\/jezyk-polski-dla-cudzoziemcow-kalisz\/#primaryimage\",\"url\":\"https:\/\/leaderschool.pl\/kalisz\/wp-content\/uploads\/sites\/47\/2025\/07\/Flaga-polski.png\",\"contentUrl\":\"https:\/\/leaderschool.pl\/kalisz\/wp-content\/uploads\/sites\/47\/2025\/07\/Flaga-polski.png\",\"width\":258,\"height\":181,\"caption\":\"Flaga polski\"},{\"@type\":\"WebPage\",\"@id\":\"https:\/\/leaderschool.pl\/kalisz\/jezyk-polski-dla-cudzoziemcow-kalisz\/#webpage\",\"url\":\"https:\/\/leaderschool.pl\/kalisz\/jezyk-polski-dla-cudzoziemcow-kalisz\/\",\"name\":\"J\u0119zyk polski dla cudzoziemc\u00f3w w Kaliszu - Leader School\",\"isPartOf\":{\"@id\":\"https:\/\/leaderschool.pl\/kalisz\/#website\"},\"primaryImageOfPage\":{\"@id\":\"https:\/\/leaderschool.pl\/kalisz\/jezyk-polski-dla-cudzoziemcow-kalisz\/#primaryimage\"},\"datePublished\":\"2022-07-24T16:48:51+00:00\",\"dateModified\":\"2025-07-08T08:09:19+00:00\",\"description\":\"Sprawd\u017a ofert\u0119 naszej szko\u0142y j\u0119zykowej w Kaliszu na j\u0119zyk polski dla cudzoziemc\u00f3w. Zapraszamy! \ud83d\udcde+48 62 767 21 21\",\"breadcrumb\":{\"@id\":\"https:\/\/leaderschool.pl\/kalisz\/jezyk-polski-dla-cudzoziemcow-kalisz\/#breadcrumb\"},\"inLanguage\":\"pl-PL\",\"potentialAction\":[{\"@type\":\"ReadAction\",\"target\":[\"https:\/\/leaderschool.pl\/kalisz\/jezyk-polski-dla-cudzoziemcow-kalisz\/\"]}]},{\"@type\":\"BreadcrumbList\",\"@id\":\"https:\/\/leaderschool.pl\/kalisz\/jezyk-polski-dla-cudzoziemcow-kalisz\/#breadcrumb\",\"itemListElement\":[{\"@type\":\"ListItem\",\"position\":1,\"name\":\"Home\",\"item\":\"https:\/\/leaderschool.pl\/kalisz\/\"},{\"@type\":\"ListItem\",\"position\":2,\"name\":\"J\u0119zyk polski dla cudzoziemc\u00f3w\u00a0\u2013 Kalisz\"}]}]}<\/script>\n<!-- \/ Yoast SEO plugin. -->","yoast_head_json":{"title":"J\u0119zyk polski dla cudzoziemc\u00f3w w Kaliszu - Leader School","description":"Sprawd\u017a ofert\u0119 naszej szko\u0142y j\u0119zykowej w Kaliszu na j\u0119zyk polski dla cudzoziemc\u00f3w. Zapraszamy! \ud83d\udcde+48 62 767 21 21","robots":{"index":"index","follow":"follow","max-snippet":"max-snippet:-1","max-image-preview":"max-image-preview:large","max-video-preview":"max-video-preview:-1"},"canonical":"https:\/\/leaderschool.pl\/kalisz\/jezyk-polski-dla-cudzoziemcow-kalisz\/","og_locale":"pl_PL","og_type":"article","og_title":"J\u0119zyk polski dla cudzoziemc\u00f3w w Kaliszu - Leader School","og_description":"Sprawd\u017a ofert\u0119 naszej szko\u0142y j\u0119zykowej w Kaliszu na j\u0119zyk polski dla cudzoziemc\u00f3w. Zapraszamy! \ud83d\udcde+48 62 767 21 21","og_url":"https:\/\/leaderschool.pl\/kalisz\/jezyk-polski-dla-cudzoziemcow-kalisz\/","og_site_name":"w Kaliszu - Leader School","article_modified_time":"2025-07-08T08:09:19+00:00","og_image":[{"url":"https:\/\/leaderschool.pl\/kalisz\/wp-content\/uploads\/sites\/47\/2025\/07\/Flaga-polski.png"}],"twitter_card":"summary_large_image","twitter_misc":{"Szacowany czas czytania":"3 minuty"},"schema":{"@context":"https:\/\/schema.org","@graph":[{"@type":"WebSite","@id":"https:\/\/leaderschool.pl\/kalisz\/#website","url":"https:\/\/leaderschool.pl\/kalisz\/","name":"w Kaliszu - Leader School","description":"","potentialAction":[{"@type":"SearchAction","target":{"@type":"EntryPoint","urlTemplate":"https:\/\/leaderschool.pl\/kalisz\/?s={search_term_string}"},"query-input":"required name=search_term_string"}],"inLanguage":"pl-PL"},{"@type":"ImageObject","inLanguage":"pl-PL","@id":"https:\/\/leaderschool.pl\/kalisz\/jezyk-polski-dla-cudzoziemcow-kalisz\/#primaryimage","url":"https:\/\/leaderschool.pl\/kalisz\/wp-content\/uploads\/sites\/47\/2025\/07\/Flaga-polski.png","contentUrl":"https:\/\/leaderschool.pl\/kalisz\/wp-content\/uploads\/sites\/47\/2025\/07\/Flaga-polski.png","width":258,"height":181,"caption":"Flaga polski"},{"@type":"WebPage","@id":"https:\/\/leaderschool.pl\/kalisz\/jezyk-polski-dla-cudzoziemcow-kalisz\/#webpage","url":"https:\/\/leaderschool.pl\/kalisz\/jezyk-polski-dla-cudzoziemcow-kalisz\/","name":"J\u0119zyk polski dla cudzoziemc\u00f3w w Kaliszu - Leader School","isPartOf":{"@id":"https:\/\/leaderschool.pl\/kalisz\/#website"},"primaryImageOfPage":{"@id":"https:\/\/leaderschool.pl\/kalisz\/jezyk-polski-dla-cudzoziemcow-kalisz\/#primaryimage"},"datePublished":"2022-07-24T16:48:51+00:00","dateModified":"2025-07-08T08:09:19+00:00","description":"Sprawd\u017a ofert\u0119 naszej szko\u0142y j\u0119zykowej w Kaliszu na j\u0119zyk polski dla cudzoziemc\u00f3w. Zapraszamy! \ud83d\udcde+48 62 767 21 21","breadcrumb":{"@id":"https:\/\/leaderschool.pl\/kalisz\/jezyk-polski-dla-cudzoziemcow-kalisz\/#breadcrumb"},"inLanguage":"pl-PL","potentialAction":[{"@type":"ReadAction","target":["https:\/\/leaderschool.pl\/kalisz\/jezyk-polski-dla-cudzoziemcow-kalisz\/"]}]},{"@type":"BreadcrumbList","@id":"https:\/\/leaderschool.pl\/kalisz\/jezyk-polski-dla-cudzoziemcow-kalisz\/#breadcrumb","itemListElement":[{"@type":"ListItem","position":1,"name":"Home","item":"https:\/\/leaderschool.pl\/kalisz\/"},{"@type":"ListItem","position":2,"name":"J\u0119zyk polski dla cudzoziemc\u00f3w\u00a0\u2013 Kalisz"}]}]}},"_links":{"self":[{"href":"https:\/\/leaderschool.pl\/kalisz\/wp-json\/wp\/v2\/pages\/2609"}],"collection":[{"href":"https:\/\/leaderschool.pl\/kalisz\/wp-json\/wp\/v2\/pages"}],"about":[{"href":"https:\/\/leaderschool.pl\/kalisz\/wp-json\/wp\/v2\/types\/page"}],"author":[{"embeddable":true,"href":"https:\/\/leaderschool.pl\/kalisz\/wp-json\/wp\/v2\/users\/3"}],"replies":[{"embeddable":true,"href":"https:\/\/leaderschool.pl\/kalisz\/wp-json\/wp\/v2\/comments?post=2609"}],"version-history":[{"count":2,"href":"https:\/\/leaderschool.pl\/kalisz\/wp-json\/wp\/v2\/pages\/2609\/revisions"}],"predecessor-version":[{"id":2919,"href":"https:\/\/leaderschool.pl\/kalisz\/wp-json\/wp\/v2\/pages\/2609\/revisions\/2919"}],"wp:attachment":[{"href":"https:\/\/leaderschool.pl\/kalisz\/wp-json\/wp\/v2\/media?parent=2609"}],"curies":[{"name":"wp","href":"https:\/\/api.w.org\/{rel}","templated":true}]}}