{"id":2603,"date":"2022-07-24T18:43:54","date_gmt":"2022-07-24T16:43:54","guid":{"rendered":"https:\/\/leaderschool.sellision.dev\/kalisz\/?page_id=2603"},"modified":"2025-04-07T13:31:27","modified_gmt":"2025-04-07T11:31:27","slug":"korepetycje","status":"publish","type":"page","link":"https:\/\/leaderschool.pl\/kalisz\/korepetycje\/","title":{"rendered":"Korepetycje Kalisz"},"content":{"rendered":"\n<h2>KOREPETYCJE ZE WSZYSTKICH J\u0118ZYK\u00d3W z dojazdem do klienta.<\/h2>\n\n\n\n<p>Masz problemy w nauce? \u017baden wstyd! Zadzwo\u0144 do nas &#8211; rozwi\u0105\u017cemy problem.<\/p>\n\n\n\n<p>Dobierzemy dla Ciebie najlepszego korepetytora, dysponujemy wykwalifikowan\u0105 kadr\u0105 wybitnych lektor\u00f3w, kt\u00f3rzy s\u0105 wyposa\u017ceni w najskuteczniejsze umiej\u0119tno\u015bci oraz metody nauczania.<br>Cz\u0119sto pojawia si\u0119 problem jutro klas\u00f3wka a moje dziecko jest nieprzygotowane &#8211; \u017caden problem dzwo\u0144 do nas.<\/p>\n\n\n\n<p>Bez wzgl\u0119du na to, czy chodzi o pomoc w bie\u017c\u0105cej nauce szkolnej, czy przygotowaniu do egzaminu, wsparcie w szkole podstawowej czy na poziomie akademickim \u2013 Leader School jest zawsze odpowiednim partnerem.<\/p>\n\n\n\n<p>W przypadku nauki j\u0119zyka obcego wa\u017cne s\u0105 tak\u017ce konwersacje oraz likwidowanie barier j\u0119zykowych, aby zyska\u0107 pewno\u015b\u0107 siebie w pos\u0142ugiwaniu si\u0119 danym j\u0119zykiem. Korepetytorzy Leader School pomog\u0105 Pa\u0144stwu r\u00f3wnie\u017c w tym zakresie. S\u0142u\u017cymy nasz\u0105 pomoc\u0105 od szko\u0142y podstawowej a\u017c po okres studi\u00f3w, potrzeb biznesowych czy wyjazd\u00f3w.<\/p>\n\n\n\n<div class=\"wp-block-image\"><figure class=\"aligncenter size-full\"><img loading=\"lazy\" width=\"340\" height=\"252\" src=\"data:image\/gif;base64,R0lGODlhAQABAAAAACH5BAEKAAEALAAAAAABAAEAAAICTAEAOw==\" alt=\"\" class=\"wp-image-2604 lazyload\" sizes=\"(max-width: 340px) 100vw, 340px\" data-src=\"https:\/\/leaderschool.sellision.dev\/kalisz\/wp-content\/uploads\/sites\/47\/2022\/07\/korepetycje2.png\" data-srcset=\"https:\/\/leaderschool.pl\/kalisz\/wp-content\/uploads\/sites\/47\/2022\/07\/korepetycje2.png 340w, https:\/\/leaderschool.pl\/kalisz\/wp-content\/uploads\/sites\/47\/2022\/07\/korepetycje2-300x222.png 300w\"><\/figure><\/div>\n\n\n\n<p>Co nas wyr\u00f3\u017cnia?<br>-Staranna analiza post\u0119p\u00f3w w nauce<br>-Regularna kontrola jako\u015bci zaj\u0119\u0107<br>-Osobi\u015bcie wybrani, wysoko wykwalifikowani korepetytorzy<br>-Osobisty doradca, kt\u00f3ry przeprowadza regularne rozmowy z rodzicami<br>-Dokumentacja zaj\u0119\u0107, kt\u00f3ra pozostaje do Pa\u0144stwa wgl\u0105du<br>-Bezp\u0142atny dost\u0119p do platformy e-learningowej<br>-Zaj\u0119cia z Native Speakerem<\/p>\n\n\n\n<h2>Korepetycje angielski Kalisz<\/h2>\n\n\n\n<p><strong>Korepetycje z j\u0119zyka angielskiego w Kaliszu<\/strong> to idealne rozwi\u0105zanie zar\u00f3wno dla uczni\u00f3w szk\u00f3\u0142 podstawowych, gimnazjalnych i licealnych, jak i dla doros\u0142ych, kt\u00f3rzy chc\u0105 podnie\u015b\u0107 swoje kompetencje j\u0119zykowe. W Leader School Kalisz stawiamy na indywidualne podej\u015bcie do ka\u017cdego kursanta \u2013 dobieramy lektora idealnie dopasowanego do Twoich potrzeb, aby zapewni\u0107 Ci efektywn\u0105 nauk\u0119 oraz pewno\u015b\u0107 siebie w komunikacji po angielsku.<\/p>\n\n\n\n<p>W Leader School Kalisz dbamy o regularn\u0105 kontrol\u0119 post\u0119p\u00f3w oraz o pe\u0142n\u0105 transparentno\u015b\u0107, oferuj\u0105c dost\u0119p do dokumentacji zaj\u0119\u0107 oraz mo\u017cliwo\u015b\u0107 konsultacji z osobistym doradc\u0105. Naszym celem jest nie tylko przekazanie wiedzy, ale r\u00f3wnie\u017c budowanie motywacji oraz pewno\u015bci siebie, by\u015b m\u00f3g\u0142 swobodnie korzysta\u0107 z j\u0119zyka angielskiego w codziennych sytuacjach.<\/p>\n\n\n\n<p><br>Szczeg\u00f3\u0142y:<br>Dodatkowe informacje o terminach, zapisach i cenach, otrzymasz, dzwoni\u0105c lub wys\u0142a\u0107 e-mail z zapytaniem<\/p>\n\n\n\n<p>kalisz@leaderschool.com.pl<\/p>\n\n\n\n<p>tel. 62\/ 767 21 21 lub 601 887 889<\/p>\n","protected":false},"excerpt":{"rendered":"<p>KOREPETYCJE ZE WSZYSTKICH J\u0118ZYK\u00d3W z dojazdem do klienta. Masz problemy w nauce? \u017baden wstyd! Zadzwo\u0144 do nas &#8211; rozwi\u0105\u017cemy problem. Dobierzemy dla Ciebie najlepszego korepetytora, dysponujemy wykwalifikowan\u0105 kadr\u0105 wybitnych lektor\u00f3w, kt\u00f3rzy s\u0105 wyposa\u017ceni w najskuteczniejsze umiej\u0119tno\u015bci oraz metody nauczania.Cz\u0119sto pojawia si\u0119 problem jutro klas\u00f3wka a moje dziecko jest nieprzygotowane &#8211; \u017caden problem dzwo\u0144 do nas. [&hellip;]<\/p>\n","protected":false},"author":3,"featured_media":0,"parent":0,"menu_order":0,"comment_status":"closed","ping_status":"closed","template":"","meta":{"ngg_post_thumbnail":0},"acf":[],"yoast_head":"<!-- This site is optimized with the Yoast SEO plugin v18.9 - https:\/\/yoast.com\/wordpress\/plugins\/seo\/ -->\n<title>Korepetycje Kalisz w Kaliszu - Leader School<\/title>\n<meta name=\"description\" content=\"Szukasz korepetycji ze wszystkich j\u0119zyk\u00f3w z dojazdem? Wejd\u017a i sprawd\u017a ofert\u0119 naszej szko\u0142y j\u0119zykowej w Kaliszu.\" \/>\n<meta name=\"robots\" content=\"index, follow, max-snippet:-1, max-image-preview:large, max-video-preview:-1\" \/>\n<link rel=\"canonical\" href=\"https:\/\/leaderschool.pl\/kalisz\/korepetycje\/\" \/>\n<meta property=\"og:locale\" content=\"pl_PL\" \/>\n<meta property=\"og:type\" content=\"article\" \/>\n<meta property=\"og:title\" content=\"Korepetycje Kalisz w Kaliszu - Leader School\" \/>\n<meta property=\"og:description\" content=\"Szukasz korepetycji ze wszystkich j\u0119zyk\u00f3w z dojazdem? Wejd\u017a i sprawd\u017a ofert\u0119 naszej szko\u0142y j\u0119zykowej w Kaliszu.\" \/>\n<meta property=\"og:url\" content=\"https:\/\/leaderschool.pl\/kalisz\/korepetycje\/\" \/>\n<meta property=\"og:site_name\" content=\"w Kaliszu - Leader School\" \/>\n<meta property=\"article:modified_time\" content=\"2025-04-07T11:31:27+00:00\" \/>\n<meta property=\"og:image\" content=\"https:\/\/leaderschool.sellision.dev\/kalisz\/wp-content\/uploads\/sites\/47\/2022\/07\/korepetycje2.png\" \/>\n<meta name=\"twitter:card\" content=\"summary_large_image\" \/>\n<meta name=\"twitter:label1\" content=\"Szacowany czas czytania\" \/>\n\t<meta name=\"twitter:data1\" content=\"3 minuty\" \/>\n<script type=\"application\/ld+json\" class=\"yoast-schema-graph\">{\"@context\":\"https:\/\/schema.org\",\"@graph\":[{\"@type\":\"WebSite\",\"@id\":\"https:\/\/leaderschool.pl\/kalisz\/#website\",\"url\":\"https:\/\/leaderschool.pl\/kalisz\/\",\"name\":\"w Kaliszu - Leader School\",\"description\":\"\",\"potentialAction\":[{\"@type\":\"SearchAction\",\"target\":{\"@type\":\"EntryPoint\",\"urlTemplate\":\"https:\/\/leaderschool.pl\/kalisz\/?s={search_term_string}\"},\"query-input\":\"required name=search_term_string\"}],\"inLanguage\":\"pl-PL\"},{\"@type\":\"ImageObject\",\"inLanguage\":\"pl-PL\",\"@id\":\"https:\/\/leaderschool.pl\/kalisz\/korepetycje\/#primaryimage\",\"url\":\"https:\/\/leaderschool.sellision.dev\/kalisz\/wp-content\/uploads\/sites\/47\/2022\/07\/korepetycje2.png\",\"contentUrl\":\"https:\/\/leaderschool.sellision.dev\/kalisz\/wp-content\/uploads\/sites\/47\/2022\/07\/korepetycje2.png\"},{\"@type\":\"WebPage\",\"@id\":\"https:\/\/leaderschool.pl\/kalisz\/korepetycje\/#webpage\",\"url\":\"https:\/\/leaderschool.pl\/kalisz\/korepetycje\/\",\"name\":\"Korepetycje Kalisz w Kaliszu - Leader School\",\"isPartOf\":{\"@id\":\"https:\/\/leaderschool.pl\/kalisz\/#website\"},\"primaryImageOfPage\":{\"@id\":\"https:\/\/leaderschool.pl\/kalisz\/korepetycje\/#primaryimage\"},\"datePublished\":\"2022-07-24T16:43:54+00:00\",\"dateModified\":\"2025-04-07T11:31:27+00:00\",\"description\":\"Szukasz korepetycji ze wszystkich j\u0119zyk\u00f3w z dojazdem? Wejd\u017a i sprawd\u017a ofert\u0119 naszej szko\u0142y j\u0119zykowej w Kaliszu.\",\"breadcrumb\":{\"@id\":\"https:\/\/leaderschool.pl\/kalisz\/korepetycje\/#breadcrumb\"},\"inLanguage\":\"pl-PL\",\"potentialAction\":[{\"@type\":\"ReadAction\",\"target\":[\"https:\/\/leaderschool.pl\/kalisz\/korepetycje\/\"]}]},{\"@type\":\"BreadcrumbList\",\"@id\":\"https:\/\/leaderschool.pl\/kalisz\/korepetycje\/#breadcrumb\",\"itemListElement\":[{\"@type\":\"ListItem\",\"position\":1,\"name\":\"Home\",\"item\":\"https:\/\/leaderschool.pl\/kalisz\/\"},{\"@type\":\"ListItem\",\"position\":2,\"name\":\"Korepetycje Kalisz\"}]}]}<\/script>\n<!-- \/ Yoast SEO plugin. -->","yoast_head_json":{"title":"Korepetycje Kalisz w Kaliszu - Leader School","description":"Szukasz korepetycji ze wszystkich j\u0119zyk\u00f3w z dojazdem? Wejd\u017a i sprawd\u017a ofert\u0119 naszej szko\u0142y j\u0119zykowej w Kaliszu.","robots":{"index":"index","follow":"follow","max-snippet":"max-snippet:-1","max-image-preview":"max-image-preview:large","max-video-preview":"max-video-preview:-1"},"canonical":"https:\/\/leaderschool.pl\/kalisz\/korepetycje\/","og_locale":"pl_PL","og_type":"article","og_title":"Korepetycje Kalisz w Kaliszu - Leader School","og_description":"Szukasz korepetycji ze wszystkich j\u0119zyk\u00f3w z dojazdem? Wejd\u017a i sprawd\u017a ofert\u0119 naszej szko\u0142y j\u0119zykowej w Kaliszu.","og_url":"https:\/\/leaderschool.pl\/kalisz\/korepetycje\/","og_site_name":"w Kaliszu - Leader School","article_modified_time":"2025-04-07T11:31:27+00:00","og_image":[{"url":"https:\/\/leaderschool.sellision.dev\/kalisz\/wp-content\/uploads\/sites\/47\/2022\/07\/korepetycje2.png"}],"twitter_card":"summary_large_image","twitter_misc":{"Szacowany czas czytania":"3 minuty"},"schema":{"@context":"https:\/\/schema.org","@graph":[{"@type":"WebSite","@id":"https:\/\/leaderschool.pl\/kalisz\/#website","url":"https:\/\/leaderschool.pl\/kalisz\/","name":"w Kaliszu - Leader School","description":"","potentialAction":[{"@type":"SearchAction","target":{"@type":"EntryPoint","urlTemplate":"https:\/\/leaderschool.pl\/kalisz\/?s={search_term_string}"},"query-input":"required name=search_term_string"}],"inLanguage":"pl-PL"},{"@type":"ImageObject","inLanguage":"pl-PL","@id":"https:\/\/leaderschool.pl\/kalisz\/korepetycje\/#primaryimage","url":"https:\/\/leaderschool.sellision.dev\/kalisz\/wp-content\/uploads\/sites\/47\/2022\/07\/korepetycje2.png","contentUrl":"https:\/\/leaderschool.sellision.dev\/kalisz\/wp-content\/uploads\/sites\/47\/2022\/07\/korepetycje2.png"},{"@type":"WebPage","@id":"https:\/\/leaderschool.pl\/kalisz\/korepetycje\/#webpage","url":"https:\/\/leaderschool.pl\/kalisz\/korepetycje\/","name":"Korepetycje Kalisz w Kaliszu - Leader School","isPartOf":{"@id":"https:\/\/leaderschool.pl\/kalisz\/#website"},"primaryImageOfPage":{"@id":"https:\/\/leaderschool.pl\/kalisz\/korepetycje\/#primaryimage"},"datePublished":"2022-07-24T16:43:54+00:00","dateModified":"2025-04-07T11:31:27+00:00","description":"Szukasz korepetycji ze wszystkich j\u0119zyk\u00f3w z dojazdem? Wejd\u017a i sprawd\u017a ofert\u0119 naszej szko\u0142y j\u0119zykowej w Kaliszu.","breadcrumb":{"@id":"https:\/\/leaderschool.pl\/kalisz\/korepetycje\/#breadcrumb"},"inLanguage":"pl-PL","potentialAction":[{"@type":"ReadAction","target":["https:\/\/leaderschool.pl\/kalisz\/korepetycje\/"]}]},{"@type":"BreadcrumbList","@id":"https:\/\/leaderschool.pl\/kalisz\/korepetycje\/#breadcrumb","itemListElement":[{"@type":"ListItem","position":1,"name":"Home","item":"https:\/\/leaderschool.pl\/kalisz\/"},{"@type":"ListItem","position":2,"name":"Korepetycje Kalisz"}]}]}},"_links":{"self":[{"href":"https:\/\/leaderschool.pl\/kalisz\/wp-json\/wp\/v2\/pages\/2603"}],"collection":[{"href":"https:\/\/leaderschool.pl\/kalisz\/wp-json\/wp\/v2\/pages"}],"about":[{"href":"https:\/\/leaderschool.pl\/kalisz\/wp-json\/wp\/v2\/types\/page"}],"author":[{"embeddable":true,"href":"https:\/\/leaderschool.pl\/kalisz\/wp-json\/wp\/v2\/users\/3"}],"replies":[{"embeddable":true,"href":"https:\/\/leaderschool.pl\/kalisz\/wp-json\/wp\/v2\/comments?post=2603"}],"version-history":[{"count":2,"href":"https:\/\/leaderschool.pl\/kalisz\/wp-json\/wp\/v2\/pages\/2603\/revisions"}],"predecessor-version":[{"id":2904,"href":"https:\/\/leaderschool.pl\/kalisz\/wp-json\/wp\/v2\/pages\/2603\/revisions\/2904"}],"wp:attachment":[{"href":"https:\/\/leaderschool.pl\/kalisz\/wp-json\/wp\/v2\/media?parent=2603"}],"curies":[{"name":"wp","href":"https:\/\/api.w.org\/{rel}","templated":true}]}}