{"id":2593,"date":"2022-07-24T13:35:30","date_gmt":"2022-07-24T11:35:30","guid":{"rendered":"https:\/\/leaderschool.sellision.dev\/gniezno\/?page_id=2593"},"modified":"2023-11-13T13:47:01","modified_gmt":"2023-11-13T12:47:01","slug":"dofinansowywane-zajecia-z-angielskiego","status":"publish","type":"page","link":"https:\/\/leaderschool.pl\/gniezno\/dofinansowywane-zajecia-z-angielskiego\/","title":{"rendered":"Dofinansowywane zaj\u0119cia j\u0119zykowe"},"content":{"rendered":"\n<p>Je\u015bli jeste\u015b przedsi\u0119biorc\u0105 z Gniezna i chcesz uczy\u0107 si\u0119 angielskiego (lub chcesz wys\u0142a\u0107 na kurs swoich pracownik\u00f3w), mo\u017cesz skorzysta\u0107 z dofinansowania do kursu angielskiego lub innego j\u0119zyka z Bazy Us\u0142ug Rozwojowych.&nbsp;<\/p>\n\n\n\n<figure class=\"wp-block-image size-large\"><img loading=\"lazy\" width=\"1024\" height=\"683\" src=\"data:image\/gif;base64,R0lGODlhAQABAAAAACH5BAEKAAEALAAAAAABAAEAAAICTAEAOw==\" alt=\"\" class=\"wp-image-2595 lazyload\" sizes=\"(max-width: 1024px) 100vw, 1024px\" data-src=\"https:\/\/leaderschool.sellision.dev\/gniezno\/wp-content\/uploads\/sites\/37\/2022\/07\/LS_Srem_044-1024x683.jpg\" data-srcset=\"https:\/\/leaderschool.pl\/gniezno\/wp-content\/uploads\/sites\/37\/2022\/07\/LS_Srem_044-1024x683.jpg 1024w, https:\/\/leaderschool.pl\/gniezno\/wp-content\/uploads\/sites\/37\/2022\/07\/LS_Srem_044-300x200.jpg 300w, https:\/\/leaderschool.pl\/gniezno\/wp-content\/uploads\/sites\/37\/2022\/07\/LS_Srem_044-768x512.jpg 768w, https:\/\/leaderschool.pl\/gniezno\/wp-content\/uploads\/sites\/37\/2022\/07\/LS_Srem_044-1536x1024.jpg 1536w, https:\/\/leaderschool.pl\/gniezno\/wp-content\/uploads\/sites\/37\/2022\/07\/LS_Srem_044.jpg 1920w\"><\/figure>\n\n\n\n<h2>Co warto wiedzie\u0107 o dofinansowaniach do nauki j\u0119zyka?<strong><\/strong><\/h2>\n\n\n\n<p>W Leader School w Gnie\u017anie mo\u017cesz skorzysta\u0107 z dofinansowanych kurs\u00f3w j\u0119zykowych w ramach pomocy z Bazy Us\u0142ug Rozwojowych (BUR). To jeden z najpopularniejszych sposob\u00f3w na pozyskiwanie refundacji szkole\u0144 u kurs\u00f3w dla przedsi\u0119biorc\u00f3w. Nabory do dofinansowa\u0144 s\u0105 ci\u0105g\u0142e, dzi\u0119ki czemu mo\u017cesz w dowolnym momencie z\u0142o\u017cy\u0107 wniosek i postara\u0107 si\u0119 o refundacj\u0119 pieni\u0119dzy zainwestowanych w kurs czy szkolenie. W naszej szkole w Gnie\u017anie mo\u017cesz odby\u0107 nie tylko kurs angielskiego z dofinansowaniem, ale r\u00f3wnie\u017c kursy z niemieckiego, w\u0142oskiego, francuskiego, hiszpa\u0144skiego, rosyjskiego i polskiego.&nbsp;<\/p>\n\n\n\n<h2>Dla kogo skierowane s\u0105 dofinansowania?<strong><\/strong><\/h2>\n\n\n\n<p>Zaj\u0119cia j\u0119zykowe z dofinansowaniem w ramach BUR skierowane s\u0105 do ma\u0142ych, \u015brednich oraz mikroprzedsi\u0119biorc\u00f3w. Z refundacji mog\u0105 skorzysta\u0107 r\u00f3wnie\u017c osoby prowadz\u0105ce jednoosobow\u0105 dzia\u0142alno\u015b\u0107 gospodarcz\u0105. O dofinansowanie mog\u0105 stara\u0107 si\u0119 przedsi\u0119biorcy z 14 polskich wojew\u00f3dztw, w tym z wojew\u00f3dztwa wielkopolskiego.&nbsp;<\/p>\n\n\n\n<h2>Ile mo\u017cesz zyska\u0107?<strong><\/strong><\/h2>\n\n\n\n<p>Szukasz zaj\u0119\u0107 z angielskiego z dofinansowaniem? Ile mo\u017cesz zyska\u0107, decyduj\u0105c si\u0119 na z\u0142o\u017cenie wniosku o refundacj\u0119 z BUR? Dofinansowania z Biura Us\u0142ug Rozwojowych mog\u0105 wynie\u015b\u0107 nawet 80% warto\u015bci ca\u0142ego kursu. Wysoko\u015b\u0107 refundacji uzale\u017cniona jest od kilku czynnik\u00f3w. Du\u017ce znaczenie ma wielko\u015b\u0107 przedsi\u0119biorstwa oraz to, czy firma wspiera zatrudnienie os\u00f3b po 50 roku \u017cycia lub pracownik\u00f3w o niskich kwalifikacjach. Ka\u017cdy Operator zajmuj\u0105cy si\u0119 przydzielaniem dofinansowa\u0144 mo\u017ce r\u00f3wnie\u017c ustali\u0107 maksymalny pr\u00f3g kwoty, kt\u00f3r\u0105 mo\u017cna uzyska\u0107 \u2013 zazwyczaj jest to kwota od 3000 do 6000 z\u0142 na jednego uczestnika.&nbsp;<\/p>\n\n\n\n<h2>Jak odby\u0107 kurs j\u0119zykowy z dofinansowania?<\/h2>\n\n\n\n<p>Co trzeba zrobi\u0107, by uzyska\u0107 dofinansowanie do kursu j\u0119zyka angielskiego lub dowolnego innego j\u0119zyka? Wystarczy trzyma\u0107 si\u0119 tych kilku prostych krok\u00f3w.<\/p>\n\n\n\n<ol type=\"1\"><li>Wyszukaj nasz\u0105 szko\u0142\u0119 i interesuj\u0105cy Ci\u0119 kurs w <a href=\"https:\/\/uslugirozwojowe.parp.gov.pl\/\">Bazie Us\u0142ug Rozwojowych<\/a>. Mo\u017cesz korzysta\u0107 z zaawansowanej wyszukiwarki z rozbudowanymi filtrami, kt\u00f3ra pozwoli Ci znale\u017a\u0107 kurs idealnie spe\u0142niaj\u0105cy Twoje oczekiwania. Je\u015bli nie masz pewno\u015bci, czy kurs, o kt\u00f3rym my\u015blisz, b\u0119dzie dla Ciebie odpowiedni, skontaktuj si\u0119 z nami. Ch\u0119tnie doradzimy i dobierzemy zaj\u0119cia do Twoich umiej\u0119tno\u015bci oraz mo\u017cliwo\u015bci czasowych.&nbsp;<\/li><li>Wype\u0142nij formularz zg\u0142oszeniowy, znajd\u017a Operatora odpowiedniego dla swojego regionu (we\u017a pod uwag\u0119 miejsce rejestracji firmy) i z\u0142\u00f3\u017c u niego kompletny wniosek.&nbsp;<\/li><li>Podpisz umow\u0119 na dofinansowanie do kursu angielskiego lub dowolnego innego j\u0119zyka.&nbsp;<\/li><li>Zarejestruj si\u0119 w Bazie Us\u0142ug Rozwojowych.<\/li><li>Za po\u015brednictwem Bazy Us\u0142ug Rozwojowych zapisz si\u0119 na kurs.&nbsp;<\/li><li>Op\u0142a\u0107 kurs z w\u0142asnych \u015brodk\u00f3w i we\u017a udzia\u0142 w zaj\u0119ciach.<\/li><li>Po uko\u0144czonym kursie oce\u0144 go za po\u015brednictwem platformy BUR i z\u0142\u00f3\u017c formularz rozliczeniowy u swojego Operatora.&nbsp;<\/li><li>Otrzymasz zwrot poniesionych koszt\u00f3w w ustalonej podczas podpisywania umowy wysoko\u015bci.&nbsp;<\/li><\/ol>\n","protected":false},"excerpt":{"rendered":"<p>Je\u015bli jeste\u015b przedsi\u0119biorc\u0105 z Gniezna i chcesz uczy\u0107 si\u0119 angielskiego (lub chcesz wys\u0142a\u0107 na kurs swoich pracownik\u00f3w), mo\u017cesz skorzysta\u0107 z dofinansowania do kursu angielskiego lub innego j\u0119zyka z Bazy Us\u0142ug Rozwojowych.&nbsp; Co warto wiedzie\u0107 o dofinansowaniach do nauki j\u0119zyka? W Leader School w Gnie\u017anie mo\u017cesz skorzysta\u0107 z dofinansowanych kurs\u00f3w j\u0119zykowych w ramach pomocy z Bazy [&hellip;]<\/p>\n","protected":false},"author":3,"featured_media":0,"parent":0,"menu_order":0,"comment_status":"closed","ping_status":"closed","template":"","meta":{"ngg_post_thumbnail":0},"acf":[],"yoast_head":"<!-- This site is optimized with the Yoast SEO plugin v18.9 - https:\/\/yoast.com\/wordpress\/plugins\/seo\/ -->\n<title>Dofinansowywane zaj\u0119cia j\u0119zykowe Szko\u0142a j\u0119zykowa w Gnie\u017anie - Leader School<\/title>\n<meta name=\"description\" content=\"Sprawd\u017a dofinansowanie zaj\u0119\u0107 j\u0119zykowych w Gnie\u017anie. Wejd\u017a i przeczytaj jakie s\u0105 wymagania.\" \/>\n<meta name=\"robots\" content=\"index, follow, max-snippet:-1, max-image-preview:large, max-video-preview:-1\" \/>\n<link rel=\"canonical\" href=\"https:\/\/leaderschool.pl\/gniezno\/dofinansowywane-zajecia-z-angielskiego\/\" \/>\n<meta property=\"og:locale\" content=\"pl_PL\" \/>\n<meta property=\"og:type\" content=\"article\" \/>\n<meta property=\"og:title\" content=\"Dofinansowywane zaj\u0119cia j\u0119zykowe Szko\u0142a j\u0119zykowa w Gnie\u017anie - Leader School\" \/>\n<meta property=\"og:description\" content=\"Sprawd\u017a dofinansowanie zaj\u0119\u0107 j\u0119zykowych w Gnie\u017anie. Wejd\u017a i przeczytaj jakie s\u0105 wymagania.\" \/>\n<meta property=\"og:url\" content=\"https:\/\/leaderschool.pl\/gniezno\/dofinansowywane-zajecia-z-angielskiego\/\" \/>\n<meta property=\"og:site_name\" content=\"Szko\u0142a j\u0119zykowa w Gnie\u017anie - Leader School\" \/>\n<meta property=\"article:modified_time\" content=\"2023-11-13T12:47:01+00:00\" \/>\n<meta property=\"og:image\" content=\"https:\/\/leaderschool.sellision.dev\/gniezno\/wp-content\/uploads\/sites\/37\/2022\/07\/LS_Srem_044-1024x683.jpg\" \/>\n<meta name=\"twitter:card\" content=\"summary_large_image\" \/>\n<meta name=\"twitter:label1\" content=\"Szacowany czas czytania\" \/>\n\t<meta name=\"twitter:data1\" content=\"3 minuty\" \/>\n<script type=\"application\/ld+json\" class=\"yoast-schema-graph\">{\"@context\":\"https:\/\/schema.org\",\"@graph\":[{\"@type\":\"WebSite\",\"@id\":\"https:\/\/leaderschool.pl\/gniezno\/#website\",\"url\":\"https:\/\/leaderschool.pl\/gniezno\/\",\"name\":\"Szko\u0142a j\u0119zykowa w Gnie\u017anie - Leader School\",\"description\":\"\",\"potentialAction\":[{\"@type\":\"SearchAction\",\"target\":{\"@type\":\"EntryPoint\",\"urlTemplate\":\"https:\/\/leaderschool.pl\/gniezno\/?s={search_term_string}\"},\"query-input\":\"required name=search_term_string\"}],\"inLanguage\":\"pl-PL\"},{\"@type\":\"ImageObject\",\"inLanguage\":\"pl-PL\",\"@id\":\"https:\/\/leaderschool.pl\/gniezno\/dofinansowywane-zajecia-z-angielskiego\/#primaryimage\",\"url\":\"https:\/\/leaderschool.sellision.dev\/gniezno\/wp-content\/uploads\/sites\/37\/2022\/07\/LS_Srem_044-1024x683.jpg\",\"contentUrl\":\"https:\/\/leaderschool.sellision.dev\/gniezno\/wp-content\/uploads\/sites\/37\/2022\/07\/LS_Srem_044-1024x683.jpg\"},{\"@type\":\"WebPage\",\"@id\":\"https:\/\/leaderschool.pl\/gniezno\/dofinansowywane-zajecia-z-angielskiego\/#webpage\",\"url\":\"https:\/\/leaderschool.pl\/gniezno\/dofinansowywane-zajecia-z-angielskiego\/\",\"name\":\"Dofinansowywane zaj\u0119cia j\u0119zykowe Szko\u0142a j\u0119zykowa w Gnie\u017anie - Leader School\",\"isPartOf\":{\"@id\":\"https:\/\/leaderschool.pl\/gniezno\/#website\"},\"primaryImageOfPage\":{\"@id\":\"https:\/\/leaderschool.pl\/gniezno\/dofinansowywane-zajecia-z-angielskiego\/#primaryimage\"},\"datePublished\":\"2022-07-24T11:35:30+00:00\",\"dateModified\":\"2023-11-13T12:47:01+00:00\",\"description\":\"Sprawd\u017a dofinansowanie zaj\u0119\u0107 j\u0119zykowych w Gnie\u017anie. Wejd\u017a i przeczytaj jakie s\u0105 wymagania.\",\"breadcrumb\":{\"@id\":\"https:\/\/leaderschool.pl\/gniezno\/dofinansowywane-zajecia-z-angielskiego\/#breadcrumb\"},\"inLanguage\":\"pl-PL\",\"potentialAction\":[{\"@type\":\"ReadAction\",\"target\":[\"https:\/\/leaderschool.pl\/gniezno\/dofinansowywane-zajecia-z-angielskiego\/\"]}]},{\"@type\":\"BreadcrumbList\",\"@id\":\"https:\/\/leaderschool.pl\/gniezno\/dofinansowywane-zajecia-z-angielskiego\/#breadcrumb\",\"itemListElement\":[{\"@type\":\"ListItem\",\"position\":1,\"name\":\"Home\",\"item\":\"https:\/\/leaderschool.pl\/gniezno\/\"},{\"@type\":\"ListItem\",\"position\":2,\"name\":\"Dofinansowywane zaj\u0119cia j\u0119zykowe\"}]}]}<\/script>\n<!-- \/ Yoast SEO plugin. -->","yoast_head_json":{"title":"Dofinansowywane zaj\u0119cia j\u0119zykowe Szko\u0142a j\u0119zykowa w Gnie\u017anie - Leader School","description":"Sprawd\u017a dofinansowanie zaj\u0119\u0107 j\u0119zykowych w Gnie\u017anie. Wejd\u017a i przeczytaj jakie s\u0105 wymagania.","robots":{"index":"index","follow":"follow","max-snippet":"max-snippet:-1","max-image-preview":"max-image-preview:large","max-video-preview":"max-video-preview:-1"},"canonical":"https:\/\/leaderschool.pl\/gniezno\/dofinansowywane-zajecia-z-angielskiego\/","og_locale":"pl_PL","og_type":"article","og_title":"Dofinansowywane zaj\u0119cia j\u0119zykowe Szko\u0142a j\u0119zykowa w Gnie\u017anie - Leader School","og_description":"Sprawd\u017a dofinansowanie zaj\u0119\u0107 j\u0119zykowych w Gnie\u017anie. Wejd\u017a i przeczytaj jakie s\u0105 wymagania.","og_url":"https:\/\/leaderschool.pl\/gniezno\/dofinansowywane-zajecia-z-angielskiego\/","og_site_name":"Szko\u0142a j\u0119zykowa w Gnie\u017anie - Leader School","article_modified_time":"2023-11-13T12:47:01+00:00","og_image":[{"url":"https:\/\/leaderschool.sellision.dev\/gniezno\/wp-content\/uploads\/sites\/37\/2022\/07\/LS_Srem_044-1024x683.jpg"}],"twitter_card":"summary_large_image","twitter_misc":{"Szacowany czas czytania":"3 minuty"},"schema":{"@context":"https:\/\/schema.org","@graph":[{"@type":"WebSite","@id":"https:\/\/leaderschool.pl\/gniezno\/#website","url":"https:\/\/leaderschool.pl\/gniezno\/","name":"Szko\u0142a j\u0119zykowa w Gnie\u017anie - Leader School","description":"","potentialAction":[{"@type":"SearchAction","target":{"@type":"EntryPoint","urlTemplate":"https:\/\/leaderschool.pl\/gniezno\/?s={search_term_string}"},"query-input":"required name=search_term_string"}],"inLanguage":"pl-PL"},{"@type":"ImageObject","inLanguage":"pl-PL","@id":"https:\/\/leaderschool.pl\/gniezno\/dofinansowywane-zajecia-z-angielskiego\/#primaryimage","url":"https:\/\/leaderschool.sellision.dev\/gniezno\/wp-content\/uploads\/sites\/37\/2022\/07\/LS_Srem_044-1024x683.jpg","contentUrl":"https:\/\/leaderschool.sellision.dev\/gniezno\/wp-content\/uploads\/sites\/37\/2022\/07\/LS_Srem_044-1024x683.jpg"},{"@type":"WebPage","@id":"https:\/\/leaderschool.pl\/gniezno\/dofinansowywane-zajecia-z-angielskiego\/#webpage","url":"https:\/\/leaderschool.pl\/gniezno\/dofinansowywane-zajecia-z-angielskiego\/","name":"Dofinansowywane zaj\u0119cia j\u0119zykowe Szko\u0142a j\u0119zykowa w Gnie\u017anie - Leader School","isPartOf":{"@id":"https:\/\/leaderschool.pl\/gniezno\/#website"},"primaryImageOfPage":{"@id":"https:\/\/leaderschool.pl\/gniezno\/dofinansowywane-zajecia-z-angielskiego\/#primaryimage"},"datePublished":"2022-07-24T11:35:30+00:00","dateModified":"2023-11-13T12:47:01+00:00","description":"Sprawd\u017a dofinansowanie zaj\u0119\u0107 j\u0119zykowych w Gnie\u017anie. Wejd\u017a i przeczytaj jakie s\u0105 wymagania.","breadcrumb":{"@id":"https:\/\/leaderschool.pl\/gniezno\/dofinansowywane-zajecia-z-angielskiego\/#breadcrumb"},"inLanguage":"pl-PL","potentialAction":[{"@type":"ReadAction","target":["https:\/\/leaderschool.pl\/gniezno\/dofinansowywane-zajecia-z-angielskiego\/"]}]},{"@type":"BreadcrumbList","@id":"https:\/\/leaderschool.pl\/gniezno\/dofinansowywane-zajecia-z-angielskiego\/#breadcrumb","itemListElement":[{"@type":"ListItem","position":1,"name":"Home","item":"https:\/\/leaderschool.pl\/gniezno\/"},{"@type":"ListItem","position":2,"name":"Dofinansowywane zaj\u0119cia j\u0119zykowe"}]}]}},"_links":{"self":[{"href":"https:\/\/leaderschool.pl\/gniezno\/wp-json\/wp\/v2\/pages\/2593"}],"collection":[{"href":"https:\/\/leaderschool.pl\/gniezno\/wp-json\/wp\/v2\/pages"}],"about":[{"href":"https:\/\/leaderschool.pl\/gniezno\/wp-json\/wp\/v2\/types\/page"}],"author":[{"embeddable":true,"href":"https:\/\/leaderschool.pl\/gniezno\/wp-json\/wp\/v2\/users\/3"}],"replies":[{"embeddable":true,"href":"https:\/\/leaderschool.pl\/gniezno\/wp-json\/wp\/v2\/comments?post=2593"}],"version-history":[{"count":4,"href":"https:\/\/leaderschool.pl\/gniezno\/wp-json\/wp\/v2\/pages\/2593\/revisions"}],"predecessor-version":[{"id":2768,"href":"https:\/\/leaderschool.pl\/gniezno\/wp-json\/wp\/v2\/pages\/2593\/revisions\/2768"}],"wp:attachment":[{"href":"https:\/\/leaderschool.pl\/gniezno\/wp-json\/wp\/v2\/media?parent=2593"}],"curies":[{"name":"wp","href":"https:\/\/api.w.org\/{rel}","templated":true}]}}