{"id":2602,"date":"2022-07-23T18:16:10","date_gmt":"2022-07-23T16:16:10","guid":{"rendered":"https:\/\/leaderschool.sellision.dev\/biala-podlaska\/?page_id=2602"},"modified":"2025-08-11T13:02:01","modified_gmt":"2025-08-11T11:02:01","slug":"egzamin-osmoklasisty","status":"publish","type":"page","link":"https:\/\/leaderschool.pl\/biala-podlaska\/egzamin-osmoklasisty\/","title":{"rendered":"Egzamin \u00d3smoklasisty"},"content":{"rendered":"\n<p>Rodzicu! Chcesz by Twoje dziecko kompleksowo przygotowa\u0142o si\u0119 do egzaminu 8-klasisty z j\u0119zyka angielskiego? Marzysz, by po szkole podstawowej Twoja pociecha dosta\u0142a si\u0119 do wymarzonej szko\u0142y \u015bredniej? To mo\u017cliwe! Szko\u0142a Leader School w Bia\u0142ej Podlaskiej oferuje zaj\u0119cia, dzi\u0119ki kt\u00f3rym ka\u017cdy 8-klasista ze spokojem stawi czo\u0142a temu wyzwaniu!<\/p>\n\n\n\n<p>120-godzinny kurs dla 8-klasisty w pe\u0142ni przygotuje Twoje dziecko do egzaminu z j\u0119zyka angielskiego!<br>UWAGA! Wielu naszych kursant\u00f3w zda\u0142o egzamin z wynikiem 100% lub osi\u0105gn\u0119\u0142o wyniki wy\u017csze nawet o 25% w por\u00f3wnaniu do \u015bredniej krajowej!<br>Nie czekaj i zapisz swoj\u0105 pociech\u0119 ju\u017c dzi\u015b! Dlaczego?<\/p>\n\n\n\n<ul><li>\u2022 5% rabatu dla kursant\u00f3w, kt\u00f3rzy zdecyduj\u0105 si\u0119 uczy\u0107 z nami przez ca\u0142y rok<br>\u2022 5% rabatu dla drugiej i kolejnej osoby z rodziny, kt\u00f3ra zdecyduje si\u0119 wzi\u0105\u0107 udzia\u0142 w kursie<br>\u2022 Rabaty \u0142\u0105cz\u0105 si\u0119!<\/li><\/ul>\n\n\n\n<p>Chcesz wiedzie\u0107 wi\u0119cej?<br>Zadzwo\u0144: 517 870 434<br>Dlaczego warto zapisa\u0107 si\u0119 teraz?<\/p>\n\n\n\n<ul><li>\u2022 Liczba miejsc jest ograniczona!<br>\u2022 Prowadzimy zaj\u0119cia o r\u00f3\u017cnym stopniu zaawansowania w grupach licz\u0105cych maksymalnie 12 os\u00f3b!<br>\u2022 Najlepszy moment na rozpocz\u0119cie nauki jest teraz!<br>\u2022 Kurs prowadz\u0105 lektorzy z kilku i kilkunastoletnim do\u015bwiadczeniem w prowadzeniu tego typu zaj\u0119\u0107<br>\u2022 Kursy s\u0105 wspomagane prac\u0105 na nowoczesnych ekranach multimedialnych w oparciu o materia\u0142y zgodne z wytycznymi Centralnej Komisji Edukacyjnej<br>\u2022 Pomagamy dziecku usystematyzowa\u0107 zdobyt\u0105 wiedz\u0119<br>\u2022 W ci\u0105gu ca\u0142ego kursu pracujemy z arkuszami, przeprowadzaj\u0105c dziecko przez wszystkie typy zada\u0144, z kt\u00f3rymi mo\u017ce spotka\u0107 si\u0119 na egzaminie (s\u0142ownictwo, rozumienie tekstu czytanego i s\u0142uchanego, pisanie, struktury gramatyczne)<br>\u2022 Powtarzamy i uzupe\u0142niamy materia\u0142 zawarty w aktualnej podstawie programowej<\/li><\/ul>\n","protected":false},"excerpt":{"rendered":"<p>Rodzicu! Chcesz by Twoje dziecko kompleksowo przygotowa\u0142o si\u0119 do egzaminu 8-klasisty z j\u0119zyka angielskiego? Marzysz, by po szkole podstawowej Twoja pociecha dosta\u0142a si\u0119 do wymarzonej szko\u0142y \u015bredniej? To mo\u017cliwe! Szko\u0142a Leader School w Bia\u0142ej Podlaskiej oferuje zaj\u0119cia, dzi\u0119ki kt\u00f3rym ka\u017cdy 8-klasista ze spokojem stawi czo\u0142a temu wyzwaniu! 120-godzinny kurs dla 8-klasisty w pe\u0142ni przygotuje Twoje [&hellip;]<\/p>\n","protected":false},"author":3,"featured_media":0,"parent":0,"menu_order":0,"comment_status":"closed","ping_status":"closed","template":"","meta":{"ngg_post_thumbnail":0},"acf":[],"yoast_head":"<!-- This site is optimized with the Yoast SEO plugin v18.9 - https:\/\/yoast.com\/wordpress\/plugins\/seo\/ -->\n<title>Egzamin \u00d3smoklasisty w Bia\u0142ej Podlaskiej - Leader School<\/title>\n<meta name=\"description\" content=\"angielski dla m\u0142odzie\u017cy, angielski dla \u00f3smoklasist\u00f3w, egzamin \u00f3smoklasisty, szko\u0142a j\u0119zykowa, kursy przygotowuj\u0105ce do egzaminu \u00f3smoklasisty\" \/>\n<meta name=\"robots\" content=\"index, follow, max-snippet:-1, max-image-preview:large, max-video-preview:-1\" \/>\n<link rel=\"canonical\" href=\"https:\/\/leaderschool.pl\/biala-podlaska\/egzamin-osmoklasisty\/\" \/>\n<meta property=\"og:locale\" content=\"pl_PL\" \/>\n<meta property=\"og:type\" content=\"article\" \/>\n<meta property=\"og:title\" content=\"Egzamin \u00d3smoklasisty w Bia\u0142ej Podlaskiej - Leader School\" \/>\n<meta property=\"og:description\" content=\"angielski dla m\u0142odzie\u017cy, angielski dla \u00f3smoklasist\u00f3w, egzamin \u00f3smoklasisty, szko\u0142a j\u0119zykowa, kursy przygotowuj\u0105ce do egzaminu \u00f3smoklasisty\" \/>\n<meta property=\"og:url\" content=\"https:\/\/leaderschool.pl\/biala-podlaska\/egzamin-osmoklasisty\/\" \/>\n<meta property=\"og:site_name\" content=\"w Bia\u0142ej Podlaskiej - Leader School\" \/>\n<meta property=\"article:modified_time\" content=\"2025-08-11T11:02:01+00:00\" \/>\n<meta name=\"twitter:card\" content=\"summary_large_image\" \/>\n<meta name=\"twitter:label1\" content=\"Szacowany czas czytania\" \/>\n\t<meta name=\"twitter:data1\" content=\"2 minuty\" \/>\n<script type=\"application\/ld+json\" class=\"yoast-schema-graph\">{\"@context\":\"https:\/\/schema.org\",\"@graph\":[{\"@type\":\"WebSite\",\"@id\":\"https:\/\/leaderschool.pl\/biala-podlaska\/#website\",\"url\":\"https:\/\/leaderschool.pl\/biala-podlaska\/\",\"name\":\"w Bia\u0142ej Podlaskiej - Leader School\",\"description\":\"\",\"potentialAction\":[{\"@type\":\"SearchAction\",\"target\":{\"@type\":\"EntryPoint\",\"urlTemplate\":\"https:\/\/leaderschool.pl\/biala-podlaska\/?s={search_term_string}\"},\"query-input\":\"required name=search_term_string\"}],\"inLanguage\":\"pl-PL\"},{\"@type\":\"WebPage\",\"@id\":\"https:\/\/leaderschool.pl\/biala-podlaska\/egzamin-osmoklasisty\/#webpage\",\"url\":\"https:\/\/leaderschool.pl\/biala-podlaska\/egzamin-osmoklasisty\/\",\"name\":\"Egzamin \u00d3smoklasisty w Bia\u0142ej Podlaskiej - Leader School\",\"isPartOf\":{\"@id\":\"https:\/\/leaderschool.pl\/biala-podlaska\/#website\"},\"datePublished\":\"2022-07-23T16:16:10+00:00\",\"dateModified\":\"2025-08-11T11:02:01+00:00\",\"description\":\"angielski dla m\u0142odzie\u017cy, angielski dla \u00f3smoklasist\u00f3w, egzamin \u00f3smoklasisty, szko\u0142a j\u0119zykowa, kursy przygotowuj\u0105ce do egzaminu \u00f3smoklasisty\",\"breadcrumb\":{\"@id\":\"https:\/\/leaderschool.pl\/biala-podlaska\/egzamin-osmoklasisty\/#breadcrumb\"},\"inLanguage\":\"pl-PL\",\"potentialAction\":[{\"@type\":\"ReadAction\",\"target\":[\"https:\/\/leaderschool.pl\/biala-podlaska\/egzamin-osmoklasisty\/\"]}]},{\"@type\":\"BreadcrumbList\",\"@id\":\"https:\/\/leaderschool.pl\/biala-podlaska\/egzamin-osmoklasisty\/#breadcrumb\",\"itemListElement\":[{\"@type\":\"ListItem\",\"position\":1,\"name\":\"Home\",\"item\":\"https:\/\/leaderschool.pl\/biala-podlaska\/\"},{\"@type\":\"ListItem\",\"position\":2,\"name\":\"Egzamin \u00d3smoklasisty\"}]}]}<\/script>\n<!-- \/ Yoast SEO plugin. -->","yoast_head_json":{"title":"Egzamin \u00d3smoklasisty w Bia\u0142ej Podlaskiej - Leader School","description":"angielski dla m\u0142odzie\u017cy, angielski dla \u00f3smoklasist\u00f3w, egzamin \u00f3smoklasisty, szko\u0142a j\u0119zykowa, kursy przygotowuj\u0105ce do egzaminu \u00f3smoklasisty","robots":{"index":"index","follow":"follow","max-snippet":"max-snippet:-1","max-image-preview":"max-image-preview:large","max-video-preview":"max-video-preview:-1"},"canonical":"https:\/\/leaderschool.pl\/biala-podlaska\/egzamin-osmoklasisty\/","og_locale":"pl_PL","og_type":"article","og_title":"Egzamin \u00d3smoklasisty w Bia\u0142ej Podlaskiej - Leader School","og_description":"angielski dla m\u0142odzie\u017cy, angielski dla \u00f3smoklasist\u00f3w, egzamin \u00f3smoklasisty, szko\u0142a j\u0119zykowa, kursy przygotowuj\u0105ce do egzaminu \u00f3smoklasisty","og_url":"https:\/\/leaderschool.pl\/biala-podlaska\/egzamin-osmoklasisty\/","og_site_name":"w Bia\u0142ej Podlaskiej - Leader School","article_modified_time":"2025-08-11T11:02:01+00:00","twitter_card":"summary_large_image","twitter_misc":{"Szacowany czas czytania":"2 minuty"},"schema":{"@context":"https:\/\/schema.org","@graph":[{"@type":"WebSite","@id":"https:\/\/leaderschool.pl\/biala-podlaska\/#website","url":"https:\/\/leaderschool.pl\/biala-podlaska\/","name":"w Bia\u0142ej Podlaskiej - Leader School","description":"","potentialAction":[{"@type":"SearchAction","target":{"@type":"EntryPoint","urlTemplate":"https:\/\/leaderschool.pl\/biala-podlaska\/?s={search_term_string}"},"query-input":"required name=search_term_string"}],"inLanguage":"pl-PL"},{"@type":"WebPage","@id":"https:\/\/leaderschool.pl\/biala-podlaska\/egzamin-osmoklasisty\/#webpage","url":"https:\/\/leaderschool.pl\/biala-podlaska\/egzamin-osmoklasisty\/","name":"Egzamin \u00d3smoklasisty w Bia\u0142ej Podlaskiej - Leader School","isPartOf":{"@id":"https:\/\/leaderschool.pl\/biala-podlaska\/#website"},"datePublished":"2022-07-23T16:16:10+00:00","dateModified":"2025-08-11T11:02:01+00:00","description":"angielski dla m\u0142odzie\u017cy, angielski dla \u00f3smoklasist\u00f3w, egzamin \u00f3smoklasisty, szko\u0142a j\u0119zykowa, kursy przygotowuj\u0105ce do egzaminu \u00f3smoklasisty","breadcrumb":{"@id":"https:\/\/leaderschool.pl\/biala-podlaska\/egzamin-osmoklasisty\/#breadcrumb"},"inLanguage":"pl-PL","potentialAction":[{"@type":"ReadAction","target":["https:\/\/leaderschool.pl\/biala-podlaska\/egzamin-osmoklasisty\/"]}]},{"@type":"BreadcrumbList","@id":"https:\/\/leaderschool.pl\/biala-podlaska\/egzamin-osmoklasisty\/#breadcrumb","itemListElement":[{"@type":"ListItem","position":1,"name":"Home","item":"https:\/\/leaderschool.pl\/biala-podlaska\/"},{"@type":"ListItem","position":2,"name":"Egzamin \u00d3smoklasisty"}]}]}},"_links":{"self":[{"href":"https:\/\/leaderschool.pl\/biala-podlaska\/wp-json\/wp\/v2\/pages\/2602"}],"collection":[{"href":"https:\/\/leaderschool.pl\/biala-podlaska\/wp-json\/wp\/v2\/pages"}],"about":[{"href":"https:\/\/leaderschool.pl\/biala-podlaska\/wp-json\/wp\/v2\/types\/page"}],"author":[{"embeddable":true,"href":"https:\/\/leaderschool.pl\/biala-podlaska\/wp-json\/wp\/v2\/users\/3"}],"replies":[{"embeddable":true,"href":"https:\/\/leaderschool.pl\/biala-podlaska\/wp-json\/wp\/v2\/comments?post=2602"}],"version-history":[{"count":3,"href":"https:\/\/leaderschool.pl\/biala-podlaska\/wp-json\/wp\/v2\/pages\/2602\/revisions"}],"predecessor-version":[{"id":2888,"href":"https:\/\/leaderschool.pl\/biala-podlaska\/wp-json\/wp\/v2\/pages\/2602\/revisions\/2888"}],"wp:attachment":[{"href":"https:\/\/leaderschool.pl\/biala-podlaska\/wp-json\/wp\/v2\/media?parent=2602"}],"curies":[{"name":"wp","href":"https:\/\/api.w.org\/{rel}","templated":true}]}}